Results for 2.96 19991019 testsuite on i686-pc-linux-gnu
Timothy C Prince
tprince@myrealbox.com
Tue Oct 19 13:22:00 GMT 1999
Unable to build g++ on this target
Unable to build libgcc2 on target irix6.5
Native configuration is i686-pc-linux-gnu
=== gcc tests ===
Running target unix
FAIL: gcc.c-torture/compile/920625-1.c, -O1
FAIL: gcc.c-torture/compile/941014-4.c, -O1
FAIL: gcc.c-torture/compile/941014-4.c, -O2
FAIL: gcc.c-torture/compile/941014-4.c, -O3
-fomit-frame-pointer
FAIL: gcc.c-torture/compile/941014-4.c, -O3 -g
FAIL: gcc.c-torture/compile/941014-4.c, -Os
FAIL: gcc.c-torture/execute/920908-2.c compilation, -O1
FAIL: gcc.c-torture/execute/920908-2.c compilation, -O2
FAIL: gcc.c-torture/execute/920908-2.c compilation, -Os
FAIL: gcc.c-torture/execute/930208-1.c compilation, -O1
FAIL: gcc.c-torture/execute/930208-1.c compilation, -O2
FAIL: gcc.c-torture/execute/930208-1.c compilation, -Os
FAIL: gcc.c-torture/execute/930621-1.c compilation, -O1
FAIL: gcc.c-torture/execute/930621-1.c compilation, -O2
FAIL: gcc.c-torture/execute/930621-1.c compilation, -O3
-fomit-frame-pointer
FAIL: gcc.c-torture/execute/930621-1.c compilation, -O3 -g
FAIL: gcc.c-torture/execute/930621-1.c compilation, -Os
FAIL: gcc.c-torture/execute/930630-1.c compilation, -O1
FAIL: gcc.c-torture/execute/930630-1.c compilation, -O2
FAIL: gcc.c-torture/execute/930630-1.c compilation, -O3
-fomit-frame-pointer
FAIL: gcc.c-torture/execute/930630-1.c compilation, -O3 -g
FAIL: gcc.c-torture/execute/930630-1.c compilation, -Os
FAIL: gcc.c-torture/noncompile/940510-1.c
FAIL: gcc.c-torture/noncompile/940510-1.c
FAIL: gcc.c-torture/noncompile/940510-1.c
FAIL: gcc.c-torture/noncompile/940510-1.c
FAIL: gcc.c-torture/noncompile/940510-1.c
FAIL: gcc.c-torture/noncompile/940510-1.c
FAIL: gcc.c-torture/noncompile/940510-1.c
FAIL: gcc.c-torture/noncompile/940510-1.c
FAIL: gcc.c-torture/unsorted/logic.c, -O1
FAIL: gcc.dg/cast-qual-1.c discarding \`const' warning (test
for bogus messages, line 11)
FAIL: gcc.dg/cast-qual-1.c discarding \`const' warning (test
for warnings, line 17)
FAIL: gcc.dg/compare1.c comparison between signed and
unsigned (test for bogus messages, line 25)
FAIL: gcc.dg/special/weak-1.c execution test
=== gcc Summary ===
# of expected passes 8641
# of unexpected failures 35
# of expected failures 39
# of unresolved testcases 16
# of unsupported tests 14
/src/gnu/egcs-19990913/p6/gcc/xgcc version 2.96 19991019
(experimental)
=== g77 tests ===
Running target unix
FAIL: g77.f-torture/compile/19990826-1.f, -O0
FAIL: g77.f-torture/compile/19990826-1.f, -O1
FAIL: g77.f-torture/compile/19990826-1.f, -O2
FAIL: g77.f-torture/compile/19990826-1.f, -O2
-fomit-frame-pointer -finline-functions
FAIL: g77.f-torture/compile/19990826-1.f, -Os
FAIL: g77.f-torture/compile/980419-2.f, -Os
=== g77 Summary ===
# of expected passes 648
# of unexpected failures 6
=== objc tests ===
Running target unix
=== objc Summary ===
# of expected passes 38
/src/gnu/egcs-19990913/p6/gcc/xgcc version 2.96 19991019
(experimental)
Compiler version: 2.96 19991019 (experimental)
Platform: i686-pc-linux-gnu
configure flags:
--with-gcc-version-trigger=/src/gnu/egcs-19990913/gcc/versio
n.c --host=i686-pc-linux-gnu --norecursion
More information about the Gcc-testresults
mailing list