Results for 2.96 19991018 (experimental) testsuite on powerpc-redhat-linux-gnu
Franz Sirl
fsirl@entropy.ppc.kernel.org
Mon Oct 18 09:57:00 GMT 1999
Environment:
glibc-2.1.3
binutils-2.9.5.0.14
dejagnu-19990607
BOOT_CFLAGS=default
CFLAGS=-g -O2
CXXFLAGS=default
WARN_CFLAGS=default
Patches:
DWARF EH support for PPC (Andrew McLeod)
minor -fpic fix (Geoff Keating)
minor vararg related fix for cp/semantics.c (me)
Native configuration is powerpc-redhat-linux-gnu
=== libio tests ===
Running target unix
=== libio Summary ===
# of expected passes 40
=== libstdc++ tests ===
Running target unix
=== libstdc++ Summary ===
# of expected passes 30
=== gcc tests ===
Running target unix
FAIL: gcc.c-torture/compile/990801-1.c, -O2
FAIL: gcc.c-torture/compile/990801-1.c, -O3 -fomit-frame-pointer
FAIL: gcc.c-torture/compile/990801-1.c, -O3 -fomit-frame-pointer -funroll-loops
FAIL: gcc.c-torture/compile/990801-1.c, -O3 -fomit-frame-pointer -funroll-all-loops -finline-functions
FAIL: gcc.c-torture/compile/990801-1.c, -O3 -g
FAIL: gcc.c-torture/compile/990801-1.c, -Os
FAIL: gcc.c-torture/execute/complex-5.c execution, -O3 -fomit-frame-pointer
FAIL: gcc.c-torture/execute/complex-5.c execution, -O3 -g
FAIL: gcc.c-torture/noncompile/940510-1.c
FAIL: gcc.c-torture/noncompile/940510-1.c
FAIL: gcc.c-torture/noncompile/940510-1.c
FAIL: gcc.c-torture/noncompile/940510-1.c
FAIL: gcc.c-torture/noncompile/940510-1.c
FAIL: gcc.c-torture/noncompile/940510-1.c
FAIL: gcc.c-torture/noncompile/940510-1.c
FAIL: gcc.c-torture/noncompile/940510-1.c
FAIL: gcc.dg/cast-qual-1.c discarding `const' warning (test for bogus messages, line 11)
FAIL: gcc.dg/cast-qual-1.c discarding `const' warning (test for warnings, line 17)
FAIL: gcc.dg/compare1.c comparison between signed and unsigned (test for bogus messages, line 25)
=== gcc Summary ===
# of expected passes 8642
# of unexpected failures 19
# of expected failures 32
# of unsupported tests 23
/home/fsirl/obj/gccm/gcc/xgcc version 2.96 19991018 (experimental)
=== g++ tests ===
Running target unix
FAIL: g++.law/memoized1.C (test for excess errors)
FAIL: g++.mike/memoize1.C (test for excess errors)
FAIL: g++.oliva/template7.C (test for excess errors)
FAIL: g++.other/vaarg3.C forward decl (test for errors, line 12)
FAIL: g++.other/vaarg3.C cannot receive (test for warnings, line 16)
FAIL: g++.other/vaarg3.C cannot receive (test for warnings, line 17)
FAIL: g++.other/vaarg3.C cannot receive (test for warnings, line 18)
XPASS: g++.pt/instantiate6.C (test for excess errors)
=== g++ Summary ===
# of expected passes 5586
# of unexpected failures 7
# of unexpected successes 1
# of expected failures 95
# of untested testcases 14
/home/fsirl/obj/gccm/gcc/testsuite/../xgcc version 2.96 19991018 (experimental)
=== g77 tests ===
Running target unix
=== g77 Summary ===
# of expected passes 654
=== objc tests ===
Running target unix
=== objc Summary ===
# of expected passes 38
/home/fsirl/obj/gccm/gcc/xgcc version 2.96 19991018 (experimental)
Compiler version: 2.96 19991018 (experimental)
Platform: powerpc-redhat-linux-gnu
configure flags: --with-gcc-version-trigger=/home/fsirl/cvsx/gccm/gcc/version.c --host=ppc-redhat-linux --prefix=/home/fsirl/gnubin --enable-shared --enable-threads --disable-subdir-texinfo --norecursion
More information about the Gcc-testresults
mailing list