Results for 2.95.2 19990906 (prerelease) testsuite on i686-redhat6-linux-gnu
Manfred Hollstein
mhollstein@cygnus.com
Sun Oct 17 08:53:00 GMT 1999
Compiler version: 2.95.2 19990906 (prerelease)
Platform: i686-redhat6-linux-gnu
Sources: - "gcc-2_95-branch" from CVS last updated on
1999/10/17 12:32:39 +0200
- libg++-2.8.1.3
Patches: [1] `Re: PATCH for a rather bad cpplib related bug'
from <brolley@cygnus.com>
[2] `Re: Another incompatibility of a CPPLIB based cpp?'
from <zack@rabi.columbia.edu>
[3] `PATCH (gcc-2_95-branch): POTFILES.in: Track files recently
added/deleted/moved' from <mhollstein@cygnus.com>
Environment: - autoconf-19991008 via anonymous CVS from sourceware.cygnus.com
- automake-19991008 via anonymous CVS from sourceware.cygnus.com
- binutils-19991008 via anonymous CVS from sourceware.cygnus.com
- dejagnu-19990614
- RedHat Linux 6.0
+ recommended updates as of today
- Kernel 2.2.12 (compiled by
"gcc version egcs-2.91.66 19990314/Linux (egcs-1.1.2 release)")
- glibc-2.1.1-6
- glibc-devel-2.1.1-6
Remarks: All g++.gb/sig*.C failures are caused by this:
cc1plus: warning: -fhandle-signatures is deprecated.
cc1plus: warning: Please see the documentation for details.
configure flags: --with-gcc-version-trigger=/home/gnu/work/GNU/gcc-2.95.2/gcc/version.c --host=i686-redhat6-linux-gnu --srcdir=../gcc-2.95.2 --prefix=/opt/gnu --with-gnu-as --with-gnu-ld --enable-shared --enable-version-specific-runtime-libs --enable-java-gc=boehm --enable-fast-character --enable-threads=posix --with-local-prefix=/opt/gnu --enable-languages=c,gcov,c++,java --enable-nls --verbose --norecursion
BOOT_CC: gcc version 2.96 19991008 (experimental)
BOOT_CFLAGS: -O9 -funroll-all-loops -march=pentiumpro -mcpu=pentiumpro -fomit-frame-pointer
CFLAGS: -O9 -march=pentiumpro -mcpu=pentiumpro -fomit-frame-pointer
CXXFLAGS: -O9 -march=pentiumpro -mcpu=pentiumpro -fomit-frame-pointer -g
Native configuration is i686-redhat6-linux-gnu
=== libio tests ===
Running target unix
=== libio Summary ===
# of expected passes 40
=== libstdc++ tests ===
Running target unix
=== libstdc++ Summary ===
# of expected passes 30
=== libg++ tests ===
Running target unix
=== libg++ Summary ===
# of expected passes 72
=== gcc tests ===
Running target unix
FAIL: gcc.c-torture/execute/loop-2b.c execution, -O2
FAIL: gcc.c-torture/execute/loop-2b.c execution, -O3 -fomit-frame-pointer
FAIL: gcc.c-torture/execute/loop-2b.c execution, -O3 -fomit-frame-pointer -funroll-loops
FAIL: gcc.c-torture/execute/loop-2b.c execution, -O3 -fomit-frame-pointer -funroll-all-loops -finline-functions
FAIL: gcc.c-torture/execute/loop-2b.c execution, -O3 -g
FAIL: gcc.dg/990119-1.c execution test
FAIL: gcc.dg/cast-qual-1.c discarding \`const' warning (test for bogus messages, line 11)
FAIL: gcc.dg/cast-qual-1.c discarding \`const' warning (test for warnings, line 17)
FAIL: gcc.dg/compare1.c (test for excess errors)
=== gcc Summary ===
# of expected passes 8063
# of unexpected failures 9
# of expected failures 38
# of unsupported tests 12
/home/gnu/work/GNU/gcc-2.95.2-i686-redhat6-linux-gnu/gcc/xgcc version 2.95.2 19990906 (prerelease)
=== g++ tests ===
Running target unix
FAIL: g++.gb/sig01.C (test for excess errors)
FAIL: g++.gb/sig02.C (test for excess errors)
FAIL: g++.gb/sig03.C (test for excess errors)
FAIL: g++.gb/sig04.C (test for excess errors)
FAIL: g++.gb/sig05.C (test for excess errors)
FAIL: g++.gb/sig06.C (test for excess errors)
FAIL: g++.gb/sig07.C (test for excess errors)
FAIL: g++.gb/sig08.C (test for excess errors)
FAIL: g++.gb/sig09.C (test for excess errors)
FAIL: g++.gb/sig10.C (test for excess errors)
FAIL: g++.gb/sig11.C (test for excess errors)
FAIL: g++.gb/sig12.C (test for excess errors)
FAIL: g++.gb/sig13.C (test for excess errors)
FAIL: g++.gb/sig14.C (test for excess errors)
FAIL: g++.gb/sig15.C (test for excess errors)
FAIL: g++.gb/sig16.C (test for excess errors)
FAIL: g++.gb/sig17.C (test for excess errors)
FAIL: g++.gb/sig18.C (test for excess errors)
FAIL: g++.gb/sig19.C (test for excess errors)
FAIL: g++.gb/sig20.C (test for excess errors)
FAIL: g++.gb/sig21.C (test for excess errors)
FAIL: g++.gb/sig22.C (test for excess errors)
FAIL: g++.gb/sig23.C (test for excess errors)
FAIL: g++.gb/sig24.C (test for excess errors)
FAIL: g++.gb/sig25.C (test for excess errors)
FAIL: g++.gb/sig26.C (test for excess errors)
FAIL: g++.gb/sig27.C (test for excess errors)
FAIL: g++.gb/sig28.C (test for excess errors)
FAIL: g++.gb/sig29.C (test for excess errors)
FAIL: g++.gb/sig30.C (test for excess errors)
FAIL: g++.gb/sig31.C (test for excess errors)
FAIL: g++.robertl/eb131.C candidate (test for errors, line 13)
=== g++ Summary ===
# of expected passes 5125
# of unexpected failures 32
# of expected failures 79
# of untested testcases 7
/home/gnu/work/GNU/gcc-2.95.2-i686-redhat6-linux-gnu/gcc/testsuite/../xgcc version 2.95.2 19990906 (prerelease)
=== g77 tests ===
Running target unix
=== g77 Summary ===
# of expected passes 602
Counting all warnings,
there are 26 warnings in stage3 of this bootstrap.
Number of warnings per file:
9 ../../gcc-2.95.2/gcc/toplev.c
4 cc1plus
4 ../../../../gcc-2.95.2/libg++/src/Fix16.cc
4 ../../../../gcc-2.95.2/libg++/src/AllocRing.cc
2 cxxmain.c
2 ../../../gcc-2.95.2/libiberty/testsuite/../cplus-dem.c
1 ../../gcc-2.95.2/gcc/reload1.c
Number of warning types:
9 initialization from incompatible pointer type
4 integer overflow in expression
4 assignment discards qualifiers from pointer target type
4 `???' is not a pointer-to-object type
2 Please see the documentation for details.
2 -fthis-is-variable is deprecated.
1 passing arg ??? of `???' from incompatible pointer type
More information about the Gcc-testresults
mailing list