Results for gcc testsuite on sparc-sun-solaris2.5
Alexandre Oliva
oliva@lsd.ic.unicamp.br
Thu Nov 25 16:28:00 GMT 1999
Native configuration is sparc-sun-solaris2.5
=== libg++ tests ===
Running target unix
=== libg++ Summary ===
# of expected passes 72
=== libio tests ===
Running target unix
FAIL: tFile.cc execution
FAIL: tFile.cc execution -b0
FAIL: tFile.cc execution -b3
FAIL: tfformat.c execution
=== libio Summary ===
# of expected passes 33
# of unexpected failures 4
# of expected failures 4
=== libstdc++ tests ===
Running target unix
=== libstdc++ Summary ===
# of expected passes 30
Compiler version: gcc
Platform: sparc-sun-solaris2.5
BOOT_CFLAGS: -g -O9 -W -Wall
Counting all warnings,
there are 175 warnings in stage3 of this bootstrap.
Number of warnings per file:
12 /home/phd/oliva/src/egcs/gcc/java/lex.c
12 /home/phd/oliva/src/egcs/gcc/c-typeck.c
8 /home/phd/oliva/src/egcs/gcc/f/sts.c
7 /home/phd/oliva/src/egcs/gcc/cccp.c
6 /home/phd/oliva/src/egcs/gcc/ch/tasking.c
5 /home/phd/oliva/src/egcs/gcc/final.c
5 /home/phd/oliva/src/egcs/gcc/c-decl.c
4 cexp.y
4 /home/phd/oliva/src/egcs/gcc/unroll.c
4 /home/phd/oliva/src/egcs/gcc/toplev.c
4 /home/phd/oliva/src/egcs/gcc/regmove.c
4 /home/phd/oliva/src/egcs/gcc/gcc.c
4 /home/phd/oliva/src/egcs/gcc/f/com.c
4 /home/phd/oliva/src/egcs/gcc/expr.c
4 /home/phd/oliva/src/egcs/gcc/cp/class.c
4 /home/phd/oliva/src/egcs/gcc/ch/actions.c
4 /home/phd/oliva/src/egcs/gcc/calls.c
3 /home/phd/oliva/src/egcs/gcc/varasm.c
3 /home/phd/oliva/src/egcs/gcc/reload.c
3 /home/phd/oliva/src/egcs/gcc/java/gjavah.c
3 /home/phd/oliva/src/egcs/gcc/genrecog.c
3 /home/phd/oliva/src/egcs/gcc/genopinit.c
3 /home/phd/oliva/src/egcs/gcc/function.c
3 /home/phd/oliva/src/egcs/gcc/emit-rtl.c
3 /home/phd/oliva/src/egcs/gcc/cp/lex.c
3 /home/phd/oliva/src/egcs/gcc/cp/decl.c
3 /home/phd/oliva/src/egcs/gcc/ch/expr.c
3 /home/phd/oliva/src/egcs/gcc/alias.c
2 insn-recog.c
2 /home/phd/oliva/src/egcs/gcc/regclass.c
2 /home/phd/oliva/src/egcs/gcc/print-rtl.c
2 /home/phd/oliva/src/egcs/gcc/optabs.c
2 /home/phd/oliva/src/egcs/gcc/loop.c
2 /home/phd/oliva/src/egcs/gcc/local-alloc.c
2 /home/phd/oliva/src/egcs/gcc/genemit.c
2 /home/phd/oliva/src/egcs/gcc/fold-const.c
2 /home/phd/oliva/src/egcs/gcc/cpphash.c
2 /home/phd/oliva/src/egcs/gcc/collect2.c
2 /home/phd/oliva/src/egcs/gcc/ch/parse.c
2 ./parse.y
1 insn-emit.c
1 /home/phd/oliva/src/egcs/gcc/tree.c
1 /home/phd/oliva/src/egcs/gcc/stupid.c
1 /home/phd/oliva/src/egcs/gcc/scan-decls.c
1 /home/phd/oliva/src/egcs/gcc/jump.c
1 /home/phd/oliva/src/egcs/gcc/hash.c
1 /home/phd/oliva/src/egcs/gcc/global.c
1 /home/phd/oliva/src/egcs/gcc/ggc-page.c
1 /home/phd/oliva/src/egcs/gcc/genattrtab.c
1 /home/phd/oliva/src/egcs/gcc/f/g77spec.c
1 /home/phd/oliva/src/egcs/gcc/explow.c
1 /home/phd/oliva/src/egcs/gcc/dbxout.c
1 /home/phd/oliva/src/egcs/gcc/cse.c
1 /home/phd/oliva/src/egcs/gcc/cp/typeck.c
1 /home/phd/oliva/src/egcs/gcc/cp/tree.c
1 /home/phd/oliva/src/egcs/gcc/cp/init.c
1 /home/phd/oliva/src/egcs/gcc/cp/expr.c
1 /home/phd/oliva/src/egcs/gcc/cp/error.c
1 /home/phd/oliva/src/egcs/gcc/config/sparc/sparc.c
1 /home/phd/oliva/src/egcs/gcc/ch/typeck.c
1 /home/phd/oliva/src/egcs/gcc/ch/grant.c
1 /home/phd/oliva/src/egcs/gcc/c-common.c
1 /home/phd/oliva/src/egcs/gcc/builtins.c
Number of warning types:
80 format not a string literal, argument types not checked
33 `???' might be used uninitialized in this function
25 comparison between signed and unsigned
12 variable `???' might be clobbered by `longjmp' or `vfork'
11 unused parameter `???'
4 passing arg ??? of `???' from incompatible pointer type
3 white space at end of line in string
3 unused variable `???'
2 assignment from incompatible pointer type
1 passing arg ??? of `???' discards qualifiers from pointer target type
1 implicit declaration of function `???'
More information about the Gcc-testresults
mailing list