Results for 2.96 19991116 (experimental) testsuite on i686-pc-linux-gnu
Theodore Papadopoulo
Theodore.Papadopoulo@sophia.inria.fr
Mon Nov 22 00:47:00 GMT 1999
Native configuration is i686-pc-linux-gnu
=== libio tests ===
Running target unix
=== libio Summary ===
# of expected passes 40
=== libstdc++ tests ===
Running target unix
=== libstdc++ Summary ===
# of expected passes 30
=== gcc tests ===
Running target unix
FAIL: gcc.c-torture/execute/920726-1.c execution, -O3 -fomit-frame-pointer
FAIL: gcc.c-torture/execute/920726-1.c execution, -O3 -fomit-frame-pointer -funroll-loops
FAIL: gcc.c-torture/execute/920726-1.c execution, -O3 -fomit-frame-pointer -funroll-all-loops -finline-functions
FAIL: gcc.c-torture/execute/980709-1.c compilation, -O1
FAIL: gcc.c-torture/execute/980709-1.c compilation, -O2
FAIL: gcc.c-torture/execute/980709-1.c compilation, -O3 -fomit-frame-pointer
FAIL: gcc.c-torture/execute/980709-1.c compilation, -O3 -g
FAIL: gcc.c-torture/execute/980709-1.c compilation, -Os
FAIL: gcc.c-torture/execute/991112-1.c execution, -O3 -fomit-frame-pointer
FAIL: gcc.c-torture/execute/991112-1.c execution, -O3 -g
FAIL: gcc.c-torture/execute/ieee/980619-1.c execution, -O1
FAIL: gcc.c-torture/execute/ieee/980619-1.c execution, -O2
FAIL: gcc.c-torture/execute/ieee/980619-1.c execution, -O3 -fomit-frame-pointer
FAIL: gcc.c-torture/execute/ieee/980619-1.c execution, -O3 -fomit-frame-pointer -funroll-loops
FAIL: gcc.c-torture/execute/ieee/980619-1.c execution, -O3 -fomit-frame-pointer -funroll-all-loops -finline-functions
FAIL: gcc.c-torture/execute/ieee/980619-1.c execution, -O3 -g
FAIL: gcc.c-torture/execute/ieee/980619-1.c execution, -Os
FAIL: gcc.dg/cast-qual-1.c discarding `const' warning (test for bogus messages, line 11)
FAIL: gcc.dg/cast-qual-1.c discarding `const' warning (test for warnings, line 17)
FAIL: gcc.dg/compare1.c comparison between signed and unsigned (test for bogus messages, line 25)
=== gcc Summary ===
# of expected passes 8734
# of unexpected failures 20
# of expected failures 32
# of unresolved testcases 5
# of unsupported tests 13
/auto/atlantis/u/atlantis/1/egcs/egcs-linux/gcc/xgcc version 2.96 19991116 (experimental)
=== g++ tests ===
Running target unix
FAIL: g++.oliva/template7.C (test for excess errors)
XPASS: g++.pt/instantiate6.C (test for excess errors)
=== g++ Summary ===
# of expected passes 5613
# of unexpected failures 1
# of unexpected successes 1
# of expected failures 96
# of untested testcases 7
/auto/atlantis/u/atlantis/1/egcs/egcs-linux/gcc/testsuite/../xgcc version 2.96 19991116 (experimental)
=== g77 tests ===
Running target unix
FAIL: g77.f-torture/compile/19990826-1.f, -O0
FAIL: g77.f-torture/compile/19990826-1.f, -O1
FAIL: g77.f-torture/compile/19990826-1.f, -O2
FAIL: g77.f-torture/compile/19990826-1.f, -O2 -fomit-frame-pointer -finline-functions
FAIL: g77.f-torture/compile/19990826-1.f, -Os
FAIL: g77.f-torture/execute/19990325-1.f execution, -O2 -fomit-frame-pointer -finline-functions
=== g77 Summary ===
# of expected passes 648
# of unexpected failures 6
=== objc tests ===
Running target unix
FAIL: objc/execute/bf-1.m compilation, -O
FAIL: objc/execute/bf-10.m compilation, -O
FAIL: objc/execute/bf-11.m compilation, -O
FAIL: objc/execute/bf-12.m compilation, -O
FAIL: objc/execute/bf-13.m compilation, -O
FAIL: objc/execute/bf-14.m compilation, -O
FAIL: objc/execute/bf-15.m compilation, -O
FAIL: objc/execute/bf-16.m compilation, -O
FAIL: objc/execute/bf-17.m compilation, -O
FAIL: objc/execute/bf-18.m compilation, -O
FAIL: objc/execute/bf-19.m compilation, -O
FAIL: objc/execute/bf-2.m compilation, -O
FAIL: objc/execute/bf-3.m compilation, -O
FAIL: objc/execute/bf-4.m compilation, -O
FAIL: objc/execute/bf-5.m compilation, -O
FAIL: objc/execute/bf-6.m compilation, -O
FAIL: objc/execute/bf-7.m compilation, -O
FAIL: objc/execute/bf-8.m compilation, -O
FAIL: objc/execute/bf-9.m compilation, -O
=== objc Summary ===
# of unexpected failures 19
# of untested testcases 19
/auto/atlantis/u/atlantis/1/egcs/egcs-linux/gcc/xgcc version 2.96 19991116 (experimental)
Compiler version: 2.96 19991116 (experimental)
Platform: i686-pc-linux-gnu
configure flags: --with-gcc-version-trigger=/u/atlantis/1/egcs/egcs/gcc/version.c --host=i686-pc-linux-gnu --srcdir=../egcs --prefix=/net/home/robotvis/gnu/egcs --enable-threads=posix --with-gnu-as --with-gnu-ld --with-as=/net/home/robotvis/gnu/binutils/bin/as --with-ld=/net/home/robotvis/gnu/binutils/bin/ld --norecursion
Counting all warnings,
there are 171 warnings in stage3 of this bootstrap.
Number of warnings per file:
12 ../../egcs/gcc/c-typeck.c
12 ../../../egcs/gcc/java/lex.c
8 ../../../egcs/gcc/f/sts.c
7 ../../egcs/gcc/final.c
7 ../../egcs/gcc/cccp.c
6 ../../egcs/gcc/loop.c
6 ../../../egcs/gcc/ch/tasking.c
5 ../../egcs/gcc/c-decl.c
4 cexp.y
4 ../../egcs/gcc/unroll.c
4 ../../egcs/gcc/toplev.c
4 ../../egcs/gcc/regmove.c
4 ../../egcs/gcc/gcc.c
4 ../../egcs/gcc/config/i386/i386.c
4 ../../../egcs/gcc/f/com.c
4 ../../../egcs/gcc/cp/class.c
4 ../../../egcs/gcc/ch/actions.c
3 ../../egcs/gcc/varasm.c
3 ../../egcs/gcc/reload.c
3 ../../egcs/gcc/regclass.c
3 ../../egcs/gcc/reg-stack.c
3 ../../egcs/gcc/genrecog.c
3 ../../egcs/gcc/genopinit.c
3 ../../../egcs/gcc/java/gjavah.c
3 ../../../egcs/gcc/cp/lex.c
3 ../../../egcs/gcc/cp/decl.c
2 ./parse.y
2 ../../egcs/gcc/print-rtl.c
2 ../../egcs/gcc/local-alloc.c
2 ../../egcs/gcc/genemit.c
2 ../../egcs/gcc/function.c
2 ../../egcs/gcc/fold-const.c
2 ../../egcs/gcc/expr.c
2 ../../egcs/gcc/emit-rtl.c
2 ../../egcs/gcc/dwarf2out.c
2 ../../egcs/gcc/collect2.c
2 ../../../egcs/gcc/ch/parse.c
2 ../../../egcs/gcc/ch/expr.c
1 insn-recog.c
1 insn-output.c
1 ../../egcs/gcc/tree.c
1 ../../egcs/gcc/stupid.c
1 ../../egcs/gcc/optabs.c
1 ../../egcs/gcc/hash.c
1 ../../egcs/gcc/global.c
1 ../../egcs/gcc/genattrtab.c
1 ../../egcs/gcc/gcov-io.h
1 ../../egcs/gcc/f/g77spec.c
1 ../../egcs/gcc/dwarfout.c
1 ../../egcs/gcc/dbxout.c
1 ../../egcs/gcc/crtstuff.c
1 ../../egcs/gcc/c-common.c
1 ../../egcs/gcc/builtins.c
1 ../../../egcs/gcc/cp/typeck.c
1 ../../../egcs/gcc/cp/tree.c
1 ../../../egcs/gcc/cp/init.c
1 ../../../egcs/gcc/cp/error.c
1 ../../../egcs/gcc/ch/typeck.c
1 ../../../egcs/gcc/ch/grant.c
Number of warning types:
80 format not a string literal, argument types not checked
34 `???' might be used uninitialized in this function
14 comparison between signed and unsigned
12 variable `???' might be clobbered by `longjmp' or `vfork'
12 unused parameter `???'
7 unused variable `???'
3 white space at end of line in string
3 implicit declaration of function `???'
2 passing arg ??? of pointer to function discards qualifiers from pointer target type
2 assignment from incompatible pointer type
1 passing arg ??? of `???' discards qualifiers from pointer target type
1 `???' defined but not used
More information about the Gcc-testresults
mailing list