Results for 2.96 19991104 (experimental) testsuite on mips-sgi-irix6.2
Kaveh R. Ghazi
ghazi@caip.rutgers.edu
Fri Nov 5 14:55:00 GMT 1999
Native configuration is mips-sgi-irix6.2
=== objc tests ===
Running target unix
=== objc Summary ===
# of expected passes 38
/caip/u99/ghazi/gcc-testing/build/gcc/xgcc version 2.96 19991104 (experimental)
=== gcc tests ===
Running target unix
FAIL: gcc.c-torture/compile/920829-1.c, -O2
FAIL: gcc.c-torture/compile/920829-1.c, -O3 -fomit-frame-pointer
FAIL: gcc.c-torture/compile/920829-1.c, -O3 -g
FAIL: gcc.c-torture/compile/920829-1.c, -Os
FAIL: gcc.c-torture/compile/921111-1.c, -O2
FAIL: gcc.c-torture/compile/921111-1.c, -O3 -fomit-frame-pointer
FAIL: gcc.c-torture/compile/921111-1.c, -O3 -g
FAIL: gcc.c-torture/compile/921111-1.c, -Os
FAIL: gcc.c-torture/compile/920617-1.c, -O2
FAIL: gcc.c-torture/compile/920617-1.c, -O3 -fomit-frame-pointer
FAIL: gcc.c-torture/compile/920617-1.c, -O3 -g
FAIL: gcc.c-torture/compile/920617-1.c, -Os
FAIL: gcc.c-torture/compile/951004-1.c, -O2
FAIL: gcc.c-torture/compile/951004-1.c, -O3 -fomit-frame-pointer
FAIL: gcc.c-torture/compile/951004-1.c, -O3 -g
FAIL: gcc.c-torture/compile/951004-1.c, -Os
FAIL: gcc.c-torture/execute/920603-1.c compilation, -O2
FAIL: gcc.c-torture/execute/920603-1.c compilation, -O3 -fomit-frame-pointer
FAIL: gcc.c-torture/execute/920603-1.c compilation, -O3 -g
FAIL: gcc.c-torture/execute/920603-1.c compilation, -Os
FAIL: gcc.c-torture/execute/920721-3.c compilation, -O2
FAIL: gcc.c-torture/execute/920721-3.c compilation, -O3 -fomit-frame-pointer
FAIL: gcc.c-torture/execute/920721-3.c compilation, -O3 -g
FAIL: gcc.c-torture/execute/920721-3.c compilation, -Os
FAIL: gcc.c-torture/execute/921113-1.c compilation, -O2
FAIL: gcc.c-torture/execute/921113-1.c compilation, -O3 -fomit-frame-pointer
FAIL: gcc.c-torture/execute/921113-1.c compilation, -O3 -g
FAIL: gcc.c-torture/execute/921113-1.c compilation, -Os
FAIL: gcc.c-torture/execute/921124-1.c compilation, -O2
FAIL: gcc.c-torture/execute/921124-1.c compilation, -O3 -fomit-frame-pointer
FAIL: gcc.c-torture/execute/921124-1.c compilation, -O3 -g
FAIL: gcc.c-torture/execute/921124-1.c compilation, -Os
FAIL: gcc.c-torture/execute/930408-1.c compilation, -O3 -fomit-frame-pointer
FAIL: gcc.c-torture/execute/930408-1.c compilation, -O3 -g
FAIL: gcc.c-torture/execute/930513-2.c compilation, -O2
FAIL: gcc.c-torture/execute/930513-2.c compilation, -O3 -fomit-frame-pointer
FAIL: gcc.c-torture/execute/930513-2.c compilation, -O3 -fomit-frame-pointer -funroll-loops
FAIL: gcc.c-torture/execute/930513-2.c compilation, -O3 -fomit-frame-pointer -funroll-all-loops -finline-functions
FAIL: gcc.c-torture/execute/930513-2.c compilation, -O3 -g
FAIL: gcc.c-torture/execute/930513-2.c compilation, -Os
FAIL: gcc.c-torture/execute/930628-1.c compilation, -O2
FAIL: gcc.c-torture/execute/930628-1.c compilation, -O3 -fomit-frame-pointer
FAIL: gcc.c-torture/execute/930628-1.c compilation, -O3 -fomit-frame-pointer -funroll-loops
FAIL: gcc.c-torture/execute/930628-1.c compilation, -O3 -fomit-frame-pointer -funroll-all-loops -finline-functions
FAIL: gcc.c-torture/execute/930628-1.c compilation, -O3 -g
FAIL: gcc.c-torture/execute/930628-1.c compilation, -Os
FAIL: gcc.c-torture/execute/930630-1.c compilation, -O2
FAIL: gcc.c-torture/execute/930630-1.c compilation, -O3 -fomit-frame-pointer
FAIL: gcc.c-torture/execute/930630-1.c compilation, -O3 -g
FAIL: gcc.c-torture/execute/930630-1.c compilation, -Os
FAIL: gcc.c-torture/execute/930702-1.c compilation, -O2
FAIL: gcc.c-torture/execute/930702-1.c compilation, -O3 -fomit-frame-pointer
FAIL: gcc.c-torture/execute/930702-1.c compilation, -O3 -g
FAIL: gcc.c-torture/execute/930702-1.c compilation, -Os
FAIL: gcc.c-torture/execute/930916-1.c compilation, -O2
FAIL: gcc.c-torture/execute/930916-1.c compilation, -O3 -fomit-frame-pointer
FAIL: gcc.c-torture/execute/930916-1.c compilation, -O3 -g
FAIL: gcc.c-torture/execute/930916-1.c compilation, -Os
FAIL: gcc.c-torture/execute/931004-1.c compilation, -O2
FAIL: gcc.c-torture/execute/931004-1.c compilation, -O3 -fomit-frame-pointer
FAIL: gcc.c-torture/execute/931004-1.c compilation, -O3 -g
FAIL: gcc.c-torture/execute/931004-1.c compilation, -Os
FAIL: gcc.c-torture/execute/931004-3.c compilation, -O2
FAIL: gcc.c-torture/execute/931004-3.c compilation, -O3 -fomit-frame-pointer
FAIL: gcc.c-torture/execute/931004-3.c compilation, -O3 -g
FAIL: gcc.c-torture/execute/931004-3.c compilation, -Os
FAIL: gcc.c-torture/execute/931004-5.c compilation, -O2
FAIL: gcc.c-torture/execute/931004-5.c compilation, -O3 -fomit-frame-pointer
FAIL: gcc.c-torture/execute/931004-5.c compilation, -O3 -g
FAIL: gcc.c-torture/execute/931004-5.c compilation, -Os
FAIL: gcc.c-torture/execute/931004-7.c compilation, -O2
FAIL: gcc.c-torture/execute/931004-7.c compilation, -O3 -fomit-frame-pointer
FAIL: gcc.c-torture/execute/931004-7.c compilation, -O3 -g
FAIL: gcc.c-torture/execute/931004-7.c compilation, -Os
FAIL: gcc.c-torture/execute/931004-9.c compilation, -O2
FAIL: gcc.c-torture/execute/931004-9.c compilation, -O3 -fomit-frame-pointer
FAIL: gcc.c-torture/execute/931004-9.c compilation, -O3 -g
FAIL: gcc.c-torture/execute/931004-9.c compilation, -Os
FAIL: gcc.c-torture/execute/931018-1.c compilation, -O2
FAIL: gcc.c-torture/execute/931018-1.c compilation, -O3 -fomit-frame-pointer
FAIL: gcc.c-torture/execute/931018-1.c compilation, -O3 -g
FAIL: gcc.c-torture/execute/931018-1.c compilation, -Os
FAIL: gcc.c-torture/execute/940122-1.c compilation, -O2
FAIL: gcc.c-torture/execute/940122-1.c compilation, -O3 -fomit-frame-pointer
FAIL: gcc.c-torture/execute/940122-1.c compilation, -O3 -g
FAIL: gcc.c-torture/execute/940122-1.c compilation, -Os
FAIL: gcc.c-torture/execute/941021-1.c compilation, -O2
FAIL: gcc.c-torture/execute/941021-1.c compilation, -O3 -fomit-frame-pointer
FAIL: gcc.c-torture/execute/941021-1.c compilation, -O3 -g
FAIL: gcc.c-torture/execute/941021-1.c compilation, -Os
FAIL: gcc.c-torture/execute/941202-1.c compilation, -O2
FAIL: gcc.c-torture/execute/941202-1.c compilation, -O3 -fomit-frame-pointer
FAIL: gcc.c-torture/execute/941202-1.c compilation, -O3 -g
FAIL: gcc.c-torture/execute/941202-1.c compilation, -Os
FAIL: gcc.c-torture/execute/950605-1.c compilation, -O2
FAIL: gcc.c-torture/execute/950605-1.c compilation, -O3 -fomit-frame-pointer
FAIL: gcc.c-torture/execute/950605-1.c compilation, -O3 -g
FAIL: gcc.c-torture/execute/950605-1.c compilation, -Os
FAIL: gcc.c-torture/execute/960218-1.c compilation, -O3 -fomit-frame-pointer
FAIL: gcc.c-torture/execute/960218-1.c compilation, -O3 -fomit-frame-pointer -funroll-loops
FAIL: gcc.c-torture/execute/960218-1.c compilation, -O3 -fomit-frame-pointer -funroll-all-loops -finline-functions
FAIL: gcc.c-torture/execute/960218-1.c compilation, -O3 -g
FAIL: gcc.c-torture/execute/960219-1.c compilation, -O2
FAIL: gcc.c-torture/execute/960219-1.c compilation, -O3 -fomit-frame-pointer
FAIL: gcc.c-torture/execute/960219-1.c compilation, -O3 -g
FAIL: gcc.c-torture/execute/960219-1.c compilation, -Os
FAIL: gcc.c-torture/execute/bf-pack-1.c compilation, -O2
FAIL: gcc.c-torture/execute/bf-pack-1.c compilation, -O3 -fomit-frame-pointer
FAIL: gcc.c-torture/execute/bf-pack-1.c compilation, -O3 -g
FAIL: gcc.c-torture/execute/bf-pack-1.c compilation, -Os
FAIL: gcc.c-torture/execute/conversion.c compilation, -O3 -fomit-frame-pointer
FAIL: gcc.c-torture/execute/conversion.c compilation, -O3 -g
FAIL: gcc.c-torture/execute/mod-1.c compilation, -O2
FAIL: gcc.c-torture/execute/mod-1.c compilation, -O3 -fomit-frame-pointer
FAIL: gcc.c-torture/execute/mod-1.c compilation, -O3 -g
FAIL: gcc.c-torture/execute/mod-1.c compilation, -Os
FAIL: gcc.c-torture/execute/nestfunc-1.c compilation, -O3 -fomit-frame-pointer
FAIL: gcc.c-torture/execute/nestfunc-1.c compilation, -O3 -g
FAIL: gcc.c-torture/execute/packed-1.c compilation, -O2
FAIL: gcc.c-torture/execute/packed-1.c compilation, -O3 -fomit-frame-pointer
FAIL: gcc.c-torture/execute/packed-1.c compilation, -O3 -g
FAIL: gcc.c-torture/execute/packed-1.c compilation, -Os
FAIL: gcc.c-torture/execute/scope-1.c compilation, -O2
FAIL: gcc.c-torture/execute/scope-1.c compilation, -O3 -fomit-frame-pointer
FAIL: gcc.c-torture/execute/scope-1.c compilation, -O3 -g
FAIL: gcc.c-torture/execute/scope-1.c compilation, -Os
FAIL: gcc.c-torture/execute/scope-2.c compilation, -O2
FAIL: gcc.c-torture/execute/scope-2.c compilation, -O3 -fomit-frame-pointer
FAIL: gcc.c-torture/execute/scope-2.c compilation, -O3 -g
FAIL: gcc.c-torture/execute/scope-2.c compilation, -Os
FAIL: gcc.c-torture/execute/strct-varg-1.c compilation, -O2
FAIL: gcc.c-torture/execute/strct-varg-1.c compilation, -O3 -fomit-frame-pointer
FAIL: gcc.c-torture/execute/strct-varg-1.c compilation, -O3 -g
FAIL: gcc.c-torture/execute/strct-varg-1.c compilation, -Os
FAIL: gcc.c-torture/execute/va-arg-1.c compilation, -O2
FAIL: gcc.c-torture/execute/va-arg-1.c compilation, -O3 -fomit-frame-pointer
FAIL: gcc.c-torture/execute/va-arg-1.c compilation, -O3 -g
FAIL: gcc.c-torture/execute/va-arg-1.c compilation, -Os
FAIL: gcc.c-torture/execute/va-arg-5.c compilation, -O2
FAIL: gcc.c-torture/execute/va-arg-5.c compilation, -O3 -fomit-frame-pointer
FAIL: gcc.c-torture/execute/va-arg-5.c compilation, -O3 -g
FAIL: gcc.c-torture/execute/va-arg-5.c compilation, -Os
FAIL: gcc.c-torture/execute/va-arg-6.c compilation, -O2
FAIL: gcc.c-torture/execute/va-arg-6.c compilation, -O3 -fomit-frame-pointer
FAIL: gcc.c-torture/execute/va-arg-6.c compilation, -O3 -g
FAIL: gcc.c-torture/execute/va-arg-6.c compilation, -Os
XPASS: gcc.c-torture/execute/memcheck/blkarg.c execution, -O0
XPASS: gcc.c-torture/execute/memcheck/blkarg.c execution, -O1
XPASS: gcc.c-torture/execute/memcheck/blkarg.c execution, -O2
XPASS: gcc.c-torture/execute/memcheck/blkarg.c execution, -Os
FAIL: gcc.c-torture/noncompile/920824-1.c
FAIL: gcc.c-torture/unsorted/BUG13.c, -O2
FAIL: gcc.c-torture/unsorted/BUG13.c, -Os
FAIL: gcc.c-torture/unsorted/conv_tst.c, -O2
FAIL: gcc.c-torture/unsorted/conv_tst.c, -O3 -fomit-frame-pointer
FAIL: gcc.c-torture/unsorted/conv_tst.c, -O3 -g
FAIL: gcc.c-torture/unsorted/conv_tst.c, -Os
FAIL: gcc.dg/cast-qual-1.c discarding `const' warning (test for bogus messages, line 11)
FAIL: gcc.dg/cast-qual-1.c discarding `const' warning (test for warnings, line 17)
FAIL: gcc.dg/compare1.c comparison between signed and unsigned (test for bogus messages, line 25)
FAIL: gcc.dg/struct-ret-2.c (test for excess errors)
FAIL: gcc.dg/special/alias-1.c (test for excess errors)
FAIL: wkali-2b.o
=== gcc Summary ===
# of expected passes 8423
# of unexpected failures 159
# of unexpected successes 4
# of expected failures 28
# of unresolved testcases 130
# of unsupported tests 28
/caip/u99/ghazi/gcc-testing/build/gcc/xgcc version 2.96 19991104 (experimental)
=== g77 tests ===
Running target unix
=== g77 Summary ===
# of expected passes 654
=== g++ tests ===
Running target unix
FAIL: g++.dg/special/conpr-1.C execution test
FAIL: g++.dg/special/conpr-2.C execution test
FAIL: g++.dg/special/conpr-3.C execution test
FAIL: g++.dg/special/conpr-3.C execution test
FAIL: g++.ext/initp1.C Execution test
FAIL: g++.oliva/template7.C (test for excess errors)
XPASS: g++.pt/instantiate6.C (test for excess errors)
=== g++ Summary ===
# of expected passes 5590
# of unexpected failures 6
# of unexpected successes 1
# of expected failures 98
# of untested testcases 14
/caip/u99/ghazi/gcc-testing/build/gcc/testsuite/../xgcc version 2.96 19991104 (experimental)
=== libstdc++ tests ===
Running target unix
=== libstdc++ Summary ===
# of expected passes 30
=== libio tests ===
Running target unix
=== libio Summary ===
# of expected passes 40
Compiler version: 2.96 19991104 (experimental)
Platform: mips-sgi-irix6.2
configure flags: --with-gcc-version-trigger=/caip/u99/ghazi/gcc-testing/egcs-CVS19991104/gcc/version.c --host=mips-sgi-irix6.2 --verbose --norecursion
More information about the Gcc-testresults
mailing list