Results for 2.96 19991104 (experimental) testsuite on sparc-sun-solaris2.6
Theodore Papadopoulo
Theodore.Papadopoulo@sophia.inria.fr
Thu Nov 4 13:19:00 GMT 1999
Native configuration is sparc-sun-solaris2.6
=== libio tests ===
Running target unix
FAIL: tFile.cc execution
FAIL: tFile.cc execution -b0
FAIL: tFile.cc execution -b3
FAIL: tfformat.c execution
=== libio Summary ===
# of expected passes 33
# of unexpected failures 4
# of expected failures 4
=== libstdc++ tests ===
Running target unix
=== libstdc++ Summary ===
# of expected passes 30
=== gcc tests ===
Running target unix
FAIL: gcc.c-torture/compile/930506-2.c, -O0
FAIL: gcc.c-torture/compile/930506-2.c, -O1
FAIL: gcc.c-torture/compile/930506-2.c, -O2
FAIL: gcc.c-torture/compile/930506-2.c, -O3 -fomit-frame-pointer
FAIL: gcc.c-torture/compile/930506-2.c, -O3 -g
FAIL: gcc.c-torture/compile/930506-2.c, -Os
FAIL: gcc.c-torture/execute/921215-1.c compilation, -O0
FAIL: gcc.c-torture/execute/921215-1.c compilation, -O1
FAIL: gcc.c-torture/execute/921215-1.c compilation, -O2
FAIL: gcc.c-torture/execute/921215-1.c compilation, -O3 -fomit-frame-pointer
FAIL: gcc.c-torture/execute/921215-1.c compilation, -O3 -g
FAIL: gcc.c-torture/execute/921215-1.c compilation, -Os
FAIL: gcc.c-torture/execute/931002-1.c compilation, -O0
FAIL: gcc.c-torture/execute/931002-1.c compilation, -O1
FAIL: gcc.c-torture/execute/931002-1.c compilation, -O2
FAIL: gcc.c-torture/execute/931002-1.c compilation, -O3 -fomit-frame-pointer
FAIL: gcc.c-torture/execute/931002-1.c compilation, -O3 -g
FAIL: gcc.c-torture/execute/931002-1.c compilation, -Os
FAIL: gcc.c-torture/execute/980205.c execution, -O0
FAIL: gcc.c-torture/execute/nestfunc-1.c compilation, -O0
FAIL: gcc.c-torture/execute/nestfunc-1.c compilation, -O1
FAIL: gcc.c-torture/execute/nestfunc-1.c compilation, -O2
FAIL: gcc.c-torture/execute/nestfunc-1.c compilation, -O3 -fomit-frame-pointer
FAIL: gcc.c-torture/execute/nestfunc-1.c compilation, -O3 -g
FAIL: gcc.c-torture/execute/nestfunc-1.c compilation, -Os
FAIL: gcc.dg/cast-qual-1.c discarding `const' warning (test for bogus messages, line 11)
FAIL: gcc.dg/cast-qual-1.c discarding `const' warning (test for warnings, line 17)
FAIL: gcc.dg/compare1.c comparison between signed and unsigned (test for bogus messages, line 25)
FAIL: gcc.dg/ultrasp1.c (test for excess errors)
=== gcc Summary ===
# of expected passes 8668
# of unexpected failures 29
# of expected failures 32
# of unresolved testcases 18
# of unsupported tests 28
/1/egcs/egcs-solaris/gcc/xgcc version 2.96 19991104 (experimental)
=== g++ tests ===
Running target unix
FAIL: g++.oliva/template7.C (test for excess errors)
FAIL: g++.other/vaarg3.C promote (test for errors, line 26)
XPASS: g++.pt/instantiate6.C (test for excess errors)
=== g++ Summary ===
# of expected passes 5599
# of unexpected failures 2
# of unexpected successes 1
# of expected failures 94
# of untested testcases 13
/1/egcs/egcs-solaris/gcc/testsuite/../xgcc version 2.96 19991104 (experimental)
=== g77 tests ===
Running target unix
FAIL: g77.f-torture/compile/19990826-1.f, -O0
FAIL: g77.f-torture/compile/19990826-1.f, -O1
FAIL: g77.f-torture/compile/19990826-1.f, -O2
FAIL: g77.f-torture/compile/19990826-1.f, -O2 -fomit-frame-pointer -finline-functions
FAIL: g77.f-torture/compile/19990826-1.f, -Os
=== g77 Summary ===
# of expected passes 649
# of unexpected failures 5
=== objc tests ===
Running target unix
FAIL: objc/execute/bf-1.m compilation, -O
FAIL: objc/execute/bf-10.m compilation, -O
FAIL: objc/execute/bf-11.m compilation, -O
FAIL: objc/execute/bf-12.m compilation, -O
FAIL: objc/execute/bf-13.m compilation, -O
FAIL: objc/execute/bf-14.m compilation, -O
FAIL: objc/execute/bf-15.m compilation, -O
FAIL: objc/execute/bf-16.m compilation, -O
FAIL: objc/execute/bf-17.m compilation, -O
FAIL: objc/execute/bf-18.m compilation, -O
FAIL: objc/execute/bf-19.m compilation, -O
FAIL: objc/execute/bf-2.m compilation, -O
FAIL: objc/execute/bf-3.m compilation, -O
FAIL: objc/execute/bf-4.m compilation, -O
FAIL: objc/execute/bf-5.m compilation, -O
FAIL: objc/execute/bf-6.m compilation, -O
FAIL: objc/execute/bf-7.m compilation, -O
FAIL: objc/execute/bf-8.m compilation, -O
FAIL: objc/execute/bf-9.m compilation, -O
=== objc Summary ===
# of unexpected failures 19
# of untested testcases 19
/1/egcs/egcs-solaris/gcc/xgcc version 2.96 19991104 (experimental)
Compiler version: 2.96 19991104 (experimental)
Platform: sparc-sun-solaris2.6
configure flags: --with-gcc-version-trigger=/1/egcs/egcs/gcc/version.c --host=sparc-sun-solaris2.6 --srcdir=../egcs --prefix=/u/corse/2/robotvis/gnu/egcs --enable-threads=posix --enable-shared --with-gnu-as --with-gnu-ld --with-as=/u/corse/2/robotvis/gnu/binutils/bin/as --with-ld=/u/corse/2/robotvis/gnu/binutils/bin/ld --norecursion
Counting all warnings,
there are 184 warnings in stage3 of this bootstrap.
Number of warnings per file:
12 ../../egcs/gcc/c-typeck.c
12 ../../../egcs/gcc/java/lex.c
8 ../../../egcs/gcc/f/sts.c
7 ../../egcs/gcc/cccp.c
6 ../../../egcs/gcc/ch/tasking.c
5 ../../egcs/gcc/final.c
5 ../../egcs/gcc/c-decl.c
4 cexp.y
4 ../../egcs/gcc/unroll.c
4 ../../egcs/gcc/toplev.c
4 ../../egcs/gcc/rtl.c
4 ../../egcs/gcc/regmove.c
4 ../../egcs/gcc/gcc.c
4 ../../egcs/gcc/expr.c
4 ../../egcs/gcc/calls.c
4 ../../../egcs/gcc/f/com.c
4 ../../../egcs/gcc/cp/class.c
4 ../../../egcs/gcc/ch/actions.c
3 ../../egcs/gcc/varasm.c
3 ../../egcs/gcc/reload.c
3 ../../egcs/gcc/genrecog.c
3 ../../egcs/gcc/genopinit.c
3 ../../egcs/gcc/function.c
3 ../../egcs/gcc/emit-rtl.c
3 ../../egcs/gcc/alias.c
3 ../../../egcs/gcc/java/gjavah.c
3 ../../../egcs/gcc/cp/lex.c
3 ../../../egcs/gcc/cp/decl.c
3 ../../../egcs/gcc/ch/expr.c
2 insn-recog.c
2 ./parse.y
2 ../../egcs/gcc/regclass.c
2 ../../egcs/gcc/print-rtl.c
2 ../../egcs/gcc/optabs.c
2 ../../egcs/gcc/loop.c
2 ../../egcs/gcc/local-alloc.c
2 ../../egcs/gcc/genoutput.c
2 ../../egcs/gcc/genemit.c
2 ../../egcs/gcc/fold-const.c
2 ../../egcs/gcc/dwarf2out.c
2 ../../egcs/gcc/cpphash.c
2 ../../egcs/gcc/collect2.c
2 ../../../egcs/gcc/ch/parse.c
1 insn-emit.c
1 ../../egcs/gcc/tree.c
1 ../../egcs/gcc/stupid.c
1 ../../egcs/gcc/scan-decls.c
1 ../../egcs/gcc/jump.c
1 ../../egcs/gcc/hash.c
1 ../../egcs/gcc/haifa-sched.c
1 ../../egcs/gcc/genattrtab.c
1 ../../egcs/gcc/gcov-io.h
1 ../../egcs/gcc/f/g77spec.c
1 ../../egcs/gcc/explow.c
1 ../../egcs/gcc/dbxout.c
1 ../../egcs/gcc/cse.c
1 ../../egcs/gcc/c-common.c
1 ../../egcs/gcc/builtins.c
1 ../../../egcs/gcc/cp/typeck2.c
1 ../../../egcs/gcc/cp/typeck.c
1 ../../../egcs/gcc/cp/tree.c
1 ../../../egcs/gcc/cp/init.c
1 ../../../egcs/gcc/cp/expr.c
1 ../../../egcs/gcc/cp/error.c
1 ../../../egcs/gcc/ch/typeck.c
1 ../../../egcs/gcc/ch/inout.c
1 ../../../egcs/gcc/ch/grant.c
Number of warning types:
80 format not a string literal, argument types not checked
33 `???' might be used uninitialized in this function
25 comparison between signed and unsigned
12 variable `???' might be clobbered by `longjmp' or `vfork'
10 unused parameter `???'
4 passing arg ??? of `???' from incompatible pointer type
3 white space at end of line in string
3 unused variable `???'
2 passing arg ??? of pointer to function discards qualifiers from pointer target type
2 implicit declaration of function `???'
2 assignment from incompatible pointer type
1 type mismatch with previous implicit declaration
1 previous implicit declaration of `???'
1 passing arg ??? of `???' discards qualifiers from pointer target type
1 missing initializer
1 case value out of range
1 `???' was previously implicitly declared to return `int'
1 `???' defined but not used
1 (near initialization for `???')
More information about the Gcc-testresults
mailing list