Results for 2.96 19991102 (experimental) testsuite on i586-pc-sysv4.2uw
Brown, Rodney
rodneybrown@pmsc.com
Wed Nov 3 11:48:00 GMT 1999
Title: Results for 2.96 19991102 (experimental) testsuite on i586-pc-sysv4.2uw
Native configuration is i586-pc-sysv4.2uw
ÃÂ ÃÂ ÃÂ ÃÂ ÃÂ ÃÂ ÃÂ ÃÂ ÃÂ ÃÂ ÃÂ ÃÂ ÃÂ ÃÂ === libio tests ===
Running target unix
ÃÂ ÃÂ ÃÂ ÃÂ ÃÂ ÃÂ ÃÂ ÃÂ ÃÂ ÃÂ ÃÂ ÃÂ ÃÂ ÃÂ === libio Summary ===
# of expected passesÃÂ ÃÂ ÃÂ ÃÂ ÃÂ ÃÂ ÃÂ ÃÂ ÃÂ ÃÂ 40
ÃÂ ÃÂ ÃÂ ÃÂ ÃÂ ÃÂ ÃÂ ÃÂ ÃÂ ÃÂ ÃÂ ÃÂ ÃÂ ÃÂ === libstdc++ tests ===
Running target unix
ÃÂ ÃÂ ÃÂ ÃÂ ÃÂ ÃÂ ÃÂ ÃÂ ÃÂ ÃÂ ÃÂ ÃÂ ÃÂ ÃÂ === libstdc++ Summary ===
# of expected passesÃÂ ÃÂ ÃÂ ÃÂ ÃÂ ÃÂ ÃÂ ÃÂ ÃÂ ÃÂ 30
ÃÂ ÃÂ ÃÂ ÃÂ ÃÂ ÃÂ ÃÂ ÃÂ ÃÂ ÃÂ ÃÂ ÃÂ ÃÂ ÃÂ === gcc tests ===
Running target unix
FAIL: gcc.c-torture/execute/ieee/980619-1.c execution,ÃÂ -O1
FAIL: gcc.c-torture/execute/ieee/980619-1.c execution,ÃÂ -O2
FAIL: gcc.c-torture/execute/ieee/980619-1.c execution,ÃÂ -O3 -fomit-frame-pointer
FAIL: gcc.c-torture/execute/ieee/980619-1.c execution,ÃÂ -O3 -fomit-frame-pointer -funroll-loops
FAIL: gcc.c-torture/execute/ieee/980619-1.c execution,ÃÂ -O3 -fomit-frame-pointer -funroll-all-loops -finline-functions
FAIL: gcc.c-torture/execute/ieee/980619-1.c execution,ÃÂ -O3 -g
FAIL: gcc.c-torture/execute/ieee/980619-1.c execution,ÃÂ -Os
FAIL: gcc.dg/cast-qual-1.c discarding \`const' warning (test for bogus messages, line 11)
FAIL: gcc.dg/cast-qual-1.c discarding \`const' warning (test for warnings, line 17)
FAIL: gcc.dg/compare1.c comparison between signed and unsigned (test for bogus messages, line 25)
ÃÂ ÃÂ ÃÂ ÃÂ ÃÂ ÃÂ ÃÂ ÃÂ ÃÂ ÃÂ ÃÂ ÃÂ ÃÂ ÃÂ === gcc Summary ===
# of expected passesÃÂ ÃÂ ÃÂ ÃÂ ÃÂ ÃÂ ÃÂ ÃÂ ÃÂ ÃÂ 8716
# of unexpected failuresÃÂ ÃÂ ÃÂ ÃÂ ÃÂ ÃÂ ÃÂ 10
# of expected failuresÃÂ ÃÂ ÃÂ ÃÂ ÃÂ ÃÂ ÃÂ ÃÂ 26
# of unresolved testcasesÃÂ ÃÂ ÃÂ ÃÂ ÃÂ ÃÂ 3
# of unsupported testsÃÂ ÃÂ ÃÂ ÃÂ ÃÂ ÃÂ ÃÂ ÃÂ 13
/devel/src/egcs-19991102.obj/gcc/xgcc version 2.96 19991102 (experimental)
ÃÂ ÃÂ ÃÂ ÃÂ ÃÂ ÃÂ ÃÂ ÃÂ ÃÂ ÃÂ ÃÂ ÃÂ ÃÂ ÃÂ === g++ tests ===
Running target unix
FAIL: g++.dg/special/conpr-1.C execution test
FAIL: g++.dg/special/conpr-2.C execution test
FAIL: g++.dg/special/conpr-3.C execution test
FAIL: g++.dg/special/conpr-3.C execution test
FAIL: g++.brendan/code-gen5.C (test for excess errors)
FAIL: g++.bugs/900407_02.C (test for excess errors)
FAIL: g++.ext/initp1.CÃÂ Execution test
FAIL: g++.law/profile1.C (test for excess errors)
FAIL: g++.mike/net16.C caused compiler crash
FAIL: g++.oliva/template7.C (test for excess errors)
FAIL: g++.pt/crash44.C (test for excess errors)
XPASS: g++.pt/decl2.C ICE - (test for errors, line 8)
XPASS: g++.pt/instantiate6.C (test for excess errors)
FAIL: g++.pt/static10.C ANSI C++ forbids in-class initialization of non-const static member \`x' (test for errors, line 15)
ÃÂ ÃÂ ÃÂ ÃÂ ÃÂ ÃÂ ÃÂ ÃÂ ÃÂ ÃÂ ÃÂ ÃÂ ÃÂ ÃÂ === g++ Summary ===
# of expected passesÃÂ ÃÂ ÃÂ ÃÂ ÃÂ ÃÂ ÃÂ ÃÂ ÃÂ ÃÂ 5597
# of unexpected failuresÃÂ ÃÂ ÃÂ ÃÂ ÃÂ ÃÂ ÃÂ 12
# of unexpected successesÃÂ ÃÂ ÃÂ ÃÂ ÃÂ ÃÂ 2
# of expected failuresÃÂ ÃÂ ÃÂ ÃÂ ÃÂ ÃÂ ÃÂ ÃÂ 93
# of untested testcases ÃÂ ÃÂ ÃÂ ÃÂ ÃÂ ÃÂ ÃÂ 10
/devel/src/egcs-19991102.obj/gcc/testsuite/../xgcc version 2.96 19991102 (experimental)
ÃÂ ÃÂ ÃÂ ÃÂ ÃÂ ÃÂ ÃÂ ÃÂ ÃÂ ÃÂ ÃÂ ÃÂ ÃÂ ÃÂ === g77 tests ===
Running target unix
FAIL: g77.f-torture/compile/19990826-1.f,ÃÂ -O0ÃÂ
FAIL: g77.f-torture/compile/19990826-1.f,ÃÂ -O1ÃÂ
FAIL: g77.f-torture/compile/19990826-1.f,ÃÂ -O2ÃÂ
FAIL: g77.f-torture/compile/19990826-1.f,ÃÂ -O2 -fomit-frame-pointer -finline-functionsÃÂ
FAIL: g77.f-torture/compile/19990826-1.f,ÃÂ -OsÃÂ
ÃÂ ÃÂ ÃÂ ÃÂ ÃÂ ÃÂ ÃÂ ÃÂ ÃÂ ÃÂ ÃÂ ÃÂ ÃÂ ÃÂ === g77 Summary ===
# of expected passesÃÂ ÃÂ ÃÂ ÃÂ ÃÂ ÃÂ ÃÂ ÃÂ ÃÂ ÃÂ 649
# of unexpected failuresÃÂ ÃÂ ÃÂ ÃÂ ÃÂ ÃÂ ÃÂ 5
ÃÂ ÃÂ ÃÂ ÃÂ ÃÂ ÃÂ ÃÂ ÃÂ ÃÂ ÃÂ ÃÂ ÃÂ ÃÂ ÃÂ === objc tests ===
Running target unix
ÃÂ ÃÂ ÃÂ ÃÂ ÃÂ ÃÂ ÃÂ ÃÂ ÃÂ ÃÂ ÃÂ ÃÂ ÃÂ ÃÂ === objc Summary ===
# of expected passesÃÂ ÃÂ ÃÂ ÃÂ ÃÂ ÃÂ ÃÂ ÃÂ ÃÂ ÃÂ 38
/devel/src/egcs-19991102.obj/gcc/xgcc version 2.96 19991102 (experimental)
Compiler version: 2.96 19991102 (experimental)
Platform: i586-pc-sysv4.2uw
configure flags: --with-gcc-version-trigger=/devel/src/egcs-19991102/gcc/version.c --host=i586-pc-unixware7 --target=i586-pc-unixware7 --with-gnu-as --norecursion
Counting all warnings,
there are 244 warnings in stage3 of this bootstrap.
Number of warnings per file:
20 ../../egcs-19991102/gcc/dwarfout.c
12 ../../egcs-19991102/gcc/c-typeck.c
12 ../../../egcs-19991102/gcc/java/lex.c
10 ../../egcs-19991102/gcc/varasm.c
8 ../../egcs-19991102/gcc/final.c
8 ../../egcs-19991102/gcc/cccp.c
8 ../../../egcs-19991102/gcc/f/sts.c
7 ../../egcs-19991102/gcc/loop.c
7 ../../egcs-19991102/gcc/dwarf2out.c
6 ../../egcs-19991102/gcc/lcm.c
6 ../../../egcs-19991102/gcc/ch/tasking.c
5 ../../egcs-19991102/gcc/toplev.c
5 ../../egcs-19991102/gcc/rtl.c
5 ../../egcs-19991102/gcc/gcc.c
5 ../../egcs-19991102/gcc/config/i386/i386.c
5 ../../egcs-19991102/gcc/c-decl.c
4 cexp.y
4 ../../egcs-19991102/gcc/unroll.c
4 ../../egcs-19991102/gcc/regmove.c
4 ../../egcs-19991102/gcc/genrecog.c
4 ../../egcs-19991102/gcc/genopinit.c
4 ../../egcs-19991102/gcc/collect2.c
4 ../../../egcs-19991102/gcc/f/com.c
4 ../../../egcs-19991102/gcc/cp/class.c
4 ../../../egcs-19991102/gcc/ch/actions.c
3 ./parse.y
3 ../../egcs-19991102/gcc/reload.c
3 ../../egcs-19991102/gcc/regclass.c
3 ../../egcs-19991102/gcc/reg-stack.c
3 ../../egcs-19991102/gcc/print-rtl.c
3 ../../egcs-19991102/gcc/genoutput.c
3 ../../egcs-19991102/gcc/genemit.c
3 ../../../egcs-19991102/gcc/java/gjavah.c
3 ../../../egcs-19991102/gcc/cp/lex.c
3 ../../../egcs-19991102/gcc/cp/decl.c
2 ../../egcs-19991102/gcc/scan-decls.c
2 ../../egcs-19991102/gcc/local-alloc.c
2 ../../egcs-19991102/gcc/genattrtab.c
2 ../../egcs-19991102/gcc/function.c
2 ../../egcs-19991102/gcc/fold-const.c
2 ../../egcs-19991102/gcc/expr.c
2 ../../egcs-19991102/gcc/dbxout.c
2 ../../egcs-19991102/gcc/cpphash.c
2 ../../../egcs-19991102/gcc/ch/parse.c
2 ../../../egcs-19991102/gcc/ch/expr.c
1 insn-recog.c
1 insn-output.c
1 ../../egcs-19991102/gcc/tree.c
1 ../../egcs-19991102/gcc/stupid.c
1 ../../egcs-19991102/gcc/simplify-rtx.c
1 ../../egcs-19991102/gcc/optabs.c
1 ../../egcs-19991102/gcc/hash.c
1 ../../egcs-19991102/gcc/genpeep.c
1 ../../egcs-19991102/gcc/genattr.c
1 ../../egcs-19991102/gcc/gcov-io.h
1 ../../egcs-19991102/gcc/flow.c
1 ../../egcs-19991102/gcc/fix-header.c
1 ../../egcs-19991102/gcc/f/g77spec.c
1 ../../egcs-19991102/gcc/except.c
1 ../../egcs-19991102/gcc/emit-rtl.c
1 ../../egcs-19991102/gcc/cpplib.c
1 ../../egcs-19991102/gcc/cppinit.c
1 ../../egcs-19991102/gcc/c-common.c
1 ../../egcs-19991102/gcc/builtins.c
1 ../../../egcs-19991102/gcc/java/jvgenmain.c
1 ../../../egcs-19991102/gcc/java/jcf-io.c
1 ../../../egcs-19991102/gcc/cp/typeck2.c
1 ../../../egcs-19991102/gcc/cp/typeck.c
1 ../../../egcs-19991102/gcc/cp/tree.c
1 ../../../egcs-19991102/gcc/cp/init.c
1 ../../../egcs-19991102/gcc/cp/error.c
1 ../../../egcs-19991102/gcc/ch/typeck.c
1 ../../../egcs-19991102/gcc/ch/inout.c
1 ../../../egcs-19991102/gcc/ch/grant.c
Number of warning types:
80 format not a string literal, argument types not checked
37 comparison between signed and unsigned
37 \`???' might be used uninitialized in this function
33 implicit declaration of function \`???'
14 unused parameter \`???'
12 variable \`???' might be clobbered by \`longjmp' or \`vfork'
10 unused variable \`???'
6 ??? format, ??? arg (arg ???)
3 white space at end of line in string
2 passing arg ??? of pointer to function discards qualifiers from pointer target type
2 passing arg ??? of \`???' discards qualifiers from pointer target type
1 type mismatch with previous implicit declaration
1 previous implicit declaration of \`???'
1 missing initializer
1 case value out of range
1 assignment from incompatible pointer type
1 \`???' was previously implicitly declared to return \`int'
1 \`???' defined but not used
1 (near initialization for \`???')
More information about the Gcc-testresults
mailing list