Results for gcc-2.96 19990529 (experimental) testsuite on i586-redhat-linux-gnu
Manfred Hollstein
manfred-h@t-online.de
Sat May 29 13:00:00 GMT 1999
Compiler version: gcc-2.96 19990529 (experimental)
Platform: i586-redhat-linux-gnu
Sources: - egcs from CVS last updated at 1999/05/29 18:10:12 +0200
- libg++-2.8.1.3
Patches: None.
Environment: - autoconf-2.13
- automake-1.4
- gas/binutils snapshot as of 1999/04/26
- dejagnu-19981026
+ look_for_dir_with_trigger patch
- gperf-2.7
+ gperf-2.7-19981006.pat
- RedHat Linux 5.2
+ recommended updates as of today
- Kernel 2.2.9 (compiled by
"gcc version egcs-2.91.66 19990314 (egcs-1.1.2 release)")
- glibc-2.0.7-29
- glibc-devel-2.0.7-29
Remarks: None.
configure flags: --with-gcc-version-trigger=/home/gnu/work/GNU/egcs-19990529/gcc/version.c --host=i586-redhat-linux-gnu --srcdir=../egcs-19990529 --prefix=/tools/gnu --with-gnu-as --with-gnu-ld --enable-shared --enable-version-specific-runtime-libs --with-local-prefix=/tools/gnu --enable-nls --verbose --norecursion
BOOT_CC: gcc version egcs-2.91.66 19990314 (egcs-1.1.2 release)
BOOT_CFLAGS: -O9 -funroll-all-loops -mcpu=pentium -fomit-frame-pointer -W -Wall
CFLAGS: -O9 -mcpu=pentium -fomit-frame-pointer
CXXFLAGS: -O9 -mcpu=pentium -fomit-frame-pointer
Native configuration is i586-redhat-linux-gnu
=== libio tests ===
Running target unix
=== libio Summary ===
# of expected passes 40
=== libstdc++ tests ===
Running target unix
=== libstdc++ Summary ===
# of expected passes 30
=== libg++ tests ===
Running target unix
=== libg++ Summary ===
# of expected passes 72
=== gcc tests ===
Running target unix
FAIL: gcc.c-torture/execute/980709-1.c compilation, -O1
FAIL: gcc.c-torture/execute/980709-1.c compilation, -O2
FAIL: gcc.c-torture/execute/980709-1.c compilation, -O3 -fomit-frame-pointer
FAIL: gcc.c-torture/execute/980709-1.c compilation, -O3 -g
FAIL: gcc.c-torture/execute/980709-1.c compilation, -Os
FAIL: gcc.dg/990119-1.c execution test
FAIL: gcc.dg/cast-qual-1.c discarding \`const' warning (test for bogus messages, line 11)
FAIL: gcc.dg/cast-qual-1.c discarding \`const' warning (test for warnings, line 17)
FAIL: gcc.dg/compare1.c (test for excess errors)
FAIL: gcc.dg/noreturn-1.c detect falling off end of noreturn (test for warnings, line 9)
FAIL: gcc.dg/noreturn-1.c this function should not get any warnings (test for bogus messages, line 22)
FAIL: gcc.dg/return-type-1.c warning for falling off end of non-void function (test for warnings, line 9)
=== gcc Summary ===
# of expected passes 8130
# of unexpected failures 12
# of expected failures 38
# of unresolved testcases 5
# of unsupported tests 12
/opt/home/gnu/work/GNU/egcs-19990529-i586-redhat-linux-gnu/gcc/xgcc version gcc-2.96 19990529 (experimental)
=== g++ tests ===
Running target unix
FAIL: g++.brendan/eh1.C Execution test
FAIL: g++.eh/cleanup1.C Execution test
FAIL: g++.eh/flow1.C Execution test
FAIL: g++.eh/new1.C Execution test
FAIL: g++.eh/new2.C Execution test
FAIL: g++.eh/pdel1.C Execution test
FAIL: g++.eh/pdel2.C Execution test
FAIL: g++.eh/ptr1.C Execution test
FAIL: g++.eh/rethrow1.C Execution test
FAIL: g++.eh/rethrow2.C Execution test
FAIL: g++.eh/rethrow3.C Execution test
FAIL: g++.eh/rethrow4.C Execution test
FAIL: g++.eh/rethrow5.C Execution test
FAIL: g++.eh/spec1.C Execution test
FAIL: g++.eh/spec2.C Execution test
FAIL: g++.eh/spec3.C Execution test
FAIL: g++.eh/spec4.C Execution test
FAIL: g++.eh/tmpl1.C Execution test
FAIL: g++.eh/unwind1.C Execution test
FAIL: g++.martin/new1.C Execution test
FAIL: g++.mike/dyncast1.C Execution test
FAIL: g++.mike/dyncast2.C Execution test
FAIL: g++.mike/eh10.C Execution test
FAIL: g++.mike/eh12.C Execution test
FAIL: g++.mike/eh14.C Execution test
FAIL: g++.mike/eh16.C Execution test
FAIL: g++.mike/eh17.C Execution test
FAIL: g++.mike/eh18.C Execution test
FAIL: g++.mike/eh2.C Execution test
FAIL: g++.mike/eh21.C Execution test
FAIL: g++.mike/eh23.C Execution test
FAIL: g++.mike/eh24.C Execution test
FAIL: g++.mike/eh25.C Execution test
FAIL: g++.mike/eh26.C Execution test
FAIL: g++.mike/eh27.C Execution test
FAIL: g++.mike/eh28.C Execution test
FAIL: g++.mike/eh29.C Execution test
FAIL: g++.mike/eh3.C Execution test
FAIL: g++.mike/eh31.C Execution test
FAIL: g++.mike/eh33.C Execution test
FAIL: g++.mike/eh34.C Execution test
FAIL: g++.mike/eh35.C Execution test
FAIL: g++.mike/eh36.C Execution test
FAIL: g++.mike/eh37.C Execution test
FAIL: g++.mike/eh38.C Execution test
FAIL: g++.mike/eh39.C Execution test
FAIL: g++.mike/eh40.C Execution test
FAIL: g++.mike/eh41.C Execution test
FAIL: g++.mike/eh42.C Execution test
FAIL: g++.mike/eh44.C Execution test
FAIL: g++.mike/eh47.C Execution test
FAIL: g++.mike/eh48.C Execution test
FAIL: g++.mike/eh49.C Execution test
FAIL: g++.mike/eh5.C Execution test
FAIL: g++.mike/eh50.C Execution test
FAIL: g++.mike/eh51.C Execution test
FAIL: g++.mike/eh55.C Execution test
FAIL: g++.mike/eh6.C Execution test
FAIL: g++.mike/eh8.C Execution test
FAIL: g++.mike/p7912.C Execution test
FAIL: g++.mike/p9706.C Execution test
FAIL: g++.other/array1.C Execution test
FAIL: g++.other/init7.C Execution test
FAIL: g++.other/singleton.C Execution test
FAIL: g++.robertl/eb31.C Execution test
FAIL: g++.robertl/eb50.C Execution test
FAIL: g++.robertl/eb66.C Execution test
FAIL: g++.robertl/eb88.C Execution test
FAIL: g++.robertl/eh990323-1.C (test for excess errors)
FAIL: g++.robertl/eh990323-2.C Execution test
FAIL: g++.robertl/eh990323-3.C Execution test
FAIL: g++.robertl/eh990323-4.C Execution test
FAIL: g++.robertl/eh990323-5.C Execution test
FAIL: g++.robertl/ice990323-1.C caused compiler crash
FAIL: g++.robertl/ice990323-2.C caused compiler crash
FAIL: g++.robertl/ice990323-3.C (test for excess errors)
FAIL: g++.robertl/ice990323-4.C (test for excess errors)
FAIL: g++.robertl/ice990323-5.C (test for excess errors)
=== g++ Summary ===
# of expected passes 5158
# of unexpected failures 78
# of expected failures 84
# of untested testcases 7
/opt/home/gnu/work/GNU/egcs-19990529-i586-redhat-linux-gnu/gcc/testsuite/../xgcc version gcc-2.96 19990529 (experimental)
=== g77 tests ===
Running target unix
=== g77 Summary ===
# of expected passes 609
=== objc tests ===
Running target unix
FAIL: objc/execute/bf-1.m execution, -O
FAIL: objc/execute/bf-10.m execution, -O
FAIL: objc/execute/bf-11.m execution, -O
FAIL: objc/execute/bf-12.m execution, -O
FAIL: objc/execute/bf-13.m execution, -O
FAIL: objc/execute/bf-14.m execution, -O
FAIL: objc/execute/bf-15.m execution, -O
FAIL: objc/execute/bf-16.m execution, -O
FAIL: objc/execute/bf-17.m execution, -O
FAIL: objc/execute/bf-18.m execution, -O
FAIL: objc/execute/bf-19.m execution, -O
FAIL: objc/execute/bf-2.m execution, -O
FAIL: objc/execute/bf-3.m execution, -O
FAIL: objc/execute/bf-4.m execution, -O
FAIL: objc/execute/bf-5.m execution, -O
FAIL: objc/execute/bf-6.m execution, -O
FAIL: objc/execute/bf-7.m execution, -O
FAIL: objc/execute/bf-8.m execution, -O
FAIL: objc/execute/bf-9.m execution, -O
=== objc Summary ===
# of expected passes 19
# of unexpected failures 19
/opt/home/gnu/work/GNU/egcs-19990529-i586-redhat-linux-gnu/gcc/xgcc version gcc-2.96 19990529 (experimental)
Counting all warnings,
there are 198 warnings in stage3 of this bootstrap.
Number of warnings per file:
12 ../../../egcs-19990529/gcc/java/lex.c
10 ../../egcs-19990529/gcc/toplev.c
10 ../../egcs-19990529/gcc/integrate.c
9 ../../egcs-19990529/gcc/reload1.c
9 ../../egcs-19990529/gcc/cse.c
8 ../../egcs-19990529/gcc/final.c
7 ../../egcs-19990529/gcc/reload.c
7 ../../egcs-19990529/gcc/combine.c
6 cxxmain.c
6 ./parse.y
6 ../../egcs-19990529/gcc/varasm.c
6 ../../egcs-19990529/gcc/unroll.c
6 ../../egcs-19990529/gcc/reg-stack.c
6 ../../egcs-19990529/gcc/objc/objc-act.c
6 ../../egcs-19990529/gcc/loop.c
6 ../../egcs-19990529/gcc/dwarf2out.c
4 cexp.y
4 cc1plus
4 ../../egcs-19990529/gcc/tlink.c
4 ../../egcs-19990529/gcc/regclass.c
4 ../../../../egcs-19990529/libg++/src/Fix16.cc
4 ../../../../egcs-19990529/libg++/src/AllocRing.cc
3 insn-emit.c
3 ../../egcs-19990529/gcc/sched.c
3 ../../egcs-19990529/gcc/regmove.c
3 ../../egcs-19990529/gcc/genopinit.c
3 ../../egcs-19990529/gcc/cccp.c
2 insn-recog.c
2 insn-output.c
2 ../../egcs-19990529/gcc/protoize.c
2 ../../egcs-19990529/gcc/local-alloc.c
2 ../../egcs-19990529/gcc/fold-const.c
2 ../../egcs-19990529/gcc/expr.c
2 ../../egcs-19990529/gcc/dbxout.c
2 ../../egcs-19990529/gcc/collect2.c
2 ../../../egcs-19990529/libiberty/testsuite/../cplus-dem.c
2 ../../../egcs-19990529/gcc/java/verify.c
1 splay-tree.c
1 ../../egcs-19990529/gcc/tree.c
1 ../../egcs-19990529/gcc/stupid.c
1 ../../egcs-19990529/gcc/stmt.c
1 ../../egcs-19990529/gcc/rtl.c
1 ../../egcs-19990529/gcc/recog.c
1 ../../egcs-19990529/gcc/print-rtl.c
1 ../../egcs-19990529/gcc/hash.c
1 ../../egcs-19990529/gcc/genattrtab.c
1 ../../egcs-19990529/gcc/f/g77spec.c
1 ../../egcs-19990529/gcc/crtstuff.c
1 ../../egcs-19990529/gcc/cppspec.c
1 ../../egcs-19990529/gcc/config/i386/i386.c
1 ../../../egcs-19990529/gcc/java/jcf-write.c
1 ../../../egcs-19990529/gcc/java/expr.c
1 ../../../egcs-19990529/gcc/java/class.c
1 ../../../egcs-19990529/gcc/f/com.c
1 ../../../egcs-19990529/gcc/cp/decl.c
1 ../../../egcs-19990529/gcc/cp/class.c
Number of warning types:
63 `???' might be used uninitialized in this function
40 unused parameter `???'
33 comparison between signed and unsigned
14 variable `???' might be clobbered by `longjmp' or `vfork'
14 implicit declaration of function `???'
9 initialization from incompatible pointer type
4 integer overflow in expression
4 `???' is not a pointer-to-object type
3 unused variable `???'
2 zero-length format string
2 control reaches end of non-void function
2 assignment discards qualifiers from pointer target type
2 assignment discards `const' from pointer target type
2 Please see the documentation for details.
2 -fthis-is-variable is deprecated.
1 passing arg ??? of `???' from incompatible pointer type
1 `???' defined but not used
More information about the Gcc-testresults
mailing list