Results for egcs-2.93.22 19990517 (gcc2 ss-980929 experimental) testsuite on i386-pc-sysv4.2uw2.1.1
Rodney Brown
rdb@localhost
Mon May 24 15:22:00 GMT 1999
Native configuration is i386-pc-sysv4.2uw2.1.1
=== libio tests ===
Running target unix
=== libio Summary ===
# of expected passes 40
=== libstdc++ tests ===
Running target unix
FAIL: tcomplex.cc compilation
FAIL: tcomplex.cc -O compilation
FAIL: tlist.cc compilation
FAIL: tlist.cc -O compilation
FAIL: tmap.cc compilation
FAIL: tmap.cc -O compilation
FAIL: tstring.cc compilation
FAIL: tvector.cc compilation
FAIL: tvector.cc -O compilation
=== libstdc++ Summary ===
# of expected passes 3
# of unexpected failures 9
# of expected failures 18
=== gcc tests ===
Running target unix
FAIL: gcc.c-torture/compile/981001-2.c, -O0
FAIL: gcc.c-torture/compile/981001-2.c, -O1
FAIL: gcc.c-torture/compile/981001-2.c, -O2
FAIL: gcc.c-torture/compile/981001-2.c, -O3 -fomit-frame-pointer
FAIL: gcc.c-torture/compile/981001-2.c, -O3 -g
FAIL: gcc.c-torture/compile/981001-2.c, -Os
FAIL: gcc.c-torture/execute/bf-pack-1.c compilation, -O3 -g
FAIL: gcc.c-torture/special/eeprof-1.c compilation, -O0
FAIL: gcc.c-torture/special/eeprof-1.c compilation, -O1
FAIL: gcc.c-torture/special/eeprof-1.c compilation, -O2
FAIL: gcc.c-torture/special/eeprof-1.c compilation, -O3 -fomit-frame-pointer
FAIL: gcc.c-torture/special/eeprof-1.c compilation, -O3 -g
FAIL: gcc.c-torture/special/eeprof-1.c compilation, -Os
FAIL: gcc.dg/990119-1.c execution test
FAIL: gcc.dg/cast-qual-1.c discarding `const' warning (test for bogus messages, line 11)
FAIL: gcc.dg/cast-qual-1.c discarding `const' warning (test for warnings, line 17)
FAIL: gcc.dg/compare1.c (test for excess errors)
FAIL: gcc.dg/noreturn-1.c detect falling off end of noreturn (test for warnings, line 9)
FAIL: gcc.dg/noreturn-1.c this function should not get any warnings (test for bogus messages, line 22)
FAIL: gcc.dg/return-type-1.c warning for falling off end of non-void function (test for warnings, line 9)
FAIL: gcc.dg/special/weak-1.c (test for excess errors)
FAIL: weak-2a.o
FAIL: gcc.dg/special/wkali-1.c (test for excess errors)
FAIL: wkali-2a.o
=== gcc Summary ===
# of expected passes 8104
# of unexpected failures 24
# of expected failures 38
# of unresolved testcases 7
# of unsupported tests 13
/var/src/egcs-19990517.obj/gcc/xgcc version egcs-2.93.22 19990517 (gcc2 ss-980929 experimental)
=== g++ tests ===
Running target unix
FAIL: g++.dg/special/conpr-1.C execution test
FAIL: g++.dg/special/conpr-2.C execution test
FAIL: g++.dg/special/conpr-3.C execution test
FAIL: g++.dg/special/conpr-3.C execution test
FAIL: g++.law/profile1.C (test for excess errors)
FAIL: g++.mike/dyncast7.C (test for excess errors)
FAIL: g++.other/crash3.C (test for excess errors)
XPASS: g++.pt/decl2.C ICE - (test for errors, line 8)
FAIL: g++.pt/friend37.C undeclared (test for errors, line 7)
XPASS: g++.pt/instantiate6.C (test for excess errors)
FAIL: g++.pt/typename8.C (test for excess errors)
FAIL: g++.robertl/eb41.C (test for excess errors)
=== g++ Summary ===
# of expected passes 5159
# of unexpected failures 10
# of unexpected successes 2
# of expected failures 80
# of untested testcases 8
/var/src/egcs-19990517.obj/gcc/testsuite/../xgcc version egcs-2.93.22 19990517 (gcc2 ss-980929 experimental)
=== g77 tests ===
Running target unix
=== g77 Summary ===
# of expected passes 604
=== objc tests ===
Running target unix
=== objc Summary ===
# of expected passes 38
/var/src/egcs-19990517.obj/gcc/xgcc version egcs-2.93.22 19990517 (gcc2 ss-980929 experimental)
Compiler version: egcs-2.93.22 19990517 (gcc2 ss-980929 experimental)
Platform: i386-pc-sysv4.2uw2.1.1
configure flags: --with-gcc-version-trigger=/tmp_mnt/net/gum/user/rand/rdb/src/egcs-19990517/gcc/version.c --host=i386-pc-sysv4.2uw2.1.1 --norecursion
Counting all warnings,
there are 249 warnings in stage3 of this bootstrap.
Number of warnings per file:
18 /net/gum/user/rand/rdb/src/egcs-19990517/gcc/dwarfout.c
13 /net/gum/user/rand/rdb/src/egcs-19990517/gcc/varasm.c
12 /net/gum/user/rand/rdb/src/egcs-19990517/gcc/java/lex.c
11 /net/gum/user/rand/rdb/src/egcs-19990517/gcc/toplev.c
11 ./parse.y
10 /net/gum/user/rand/rdb/src/egcs-19990517/gcc/integrate.c
10 /net/gum/user/rand/rdb/src/egcs-19990517/gcc/dwarf2out.c
9 /net/gum/user/rand/rdb/src/egcs-19990517/gcc/reload1.c
9 /net/gum/user/rand/rdb/src/egcs-19990517/gcc/cse.c
8 /net/gum/user/rand/rdb/src/egcs-19990517/gcc/final.c
7 /net/gum/user/rand/rdb/src/egcs-19990517/gcc/reload.c
7 /net/gum/user/rand/rdb/src/egcs-19990517/gcc/combine.c
6 cxxmain.c
6 /net/gum/user/rand/rdb/src/egcs-19990517/gcc/unroll.c
6 /net/gum/user/rand/rdb/src/egcs-19990517/gcc/reg-stack.c
6 /net/gum/user/rand/rdb/src/egcs-19990517/gcc/objc/objc-act.c
6 /net/gum/user/rand/rdb/src/egcs-19990517/gcc/loop.c
6 /net/gum/user/rand/rdb/src/egcs-19990517/gcc/cccp.c
5 /net/gum/user/rand/rdb/src/egcs-19990517/gcc/java/jvspec.c
4 cexp.y
4 /net/gum/user/rand/rdb/src/egcs-19990517/gcc/tlink.c
4 /net/gum/user/rand/rdb/src/egcs-19990517/gcc/regclass.c
4 /net/gum/user/rand/rdb/src/egcs-19990517/gcc/java/expr.c
4 /net/gum/user/rand/rdb/src/egcs-19990517/gcc/genopinit.c
3 insn-emit.c
3 /net/gum/user/rand/rdb/src/egcs-19990517/gcc/sched.c
3 /net/gum/user/rand/rdb/src/egcs-19990517/gcc/regmove.c
3 /net/gum/user/rand/rdb/src/egcs-19990517/gcc/java/verify.c
3 /net/gum/user/rand/rdb/src/egcs-19990517/gcc/gcov.c
2 insn-recog.c
2 insn-output.c
2 /net/gum/user/rand/rdb/src/egcs-19990517/gcc/local-alloc.c
2 /net/gum/user/rand/rdb/src/egcs-19990517/gcc/java/xref.c
2 /net/gum/user/rand/rdb/src/egcs-19990517/gcc/java/class.c
2 /net/gum/user/rand/rdb/src/egcs-19990517/gcc/fold-const.c
2 /net/gum/user/rand/rdb/src/egcs-19990517/gcc/fix-header.c
2 /net/gum/user/rand/rdb/src/egcs-19990517/gcc/expr.c
2 /net/gum/user/rand/rdb/src/egcs-19990517/gcc/dbxout.c
2 /net/gum/user/rand/rdb/src/egcs-19990517/gcc/collect2.c
1 splay-tree.c
1 /net/gum/user/rand/rdb/src/egcs-19990517/gcc/tree.c
1 /net/gum/user/rand/rdb/src/egcs-19990517/gcc/stupid.c
1 /net/gum/user/rand/rdb/src/egcs-19990517/gcc/stmt.c
1 /net/gum/user/rand/rdb/src/egcs-19990517/gcc/scan-decls.c
1 /net/gum/user/rand/rdb/src/egcs-19990517/gcc/rtl.c
1 /net/gum/user/rand/rdb/src/egcs-19990517/gcc/recog.c
1 /net/gum/user/rand/rdb/src/egcs-19990517/gcc/profile.c
1 /net/gum/user/rand/rdb/src/egcs-19990517/gcc/print-rtl.c
1 /net/gum/user/rand/rdb/src/egcs-19990517/gcc/java/decl.c
1 /net/gum/user/rand/rdb/src/egcs-19990517/gcc/hash.c
1 /net/gum/user/rand/rdb/src/egcs-19990517/gcc/genrecog.c
1 /net/gum/user/rand/rdb/src/egcs-19990517/gcc/genpeep.c
1 /net/gum/user/rand/rdb/src/egcs-19990517/gcc/genoutput.c
1 /net/gum/user/rand/rdb/src/egcs-19990517/gcc/genflags.c
1 /net/gum/user/rand/rdb/src/egcs-19990517/gcc/genextract.c
1 /net/gum/user/rand/rdb/src/egcs-19990517/gcc/genemit.c
1 /net/gum/user/rand/rdb/src/egcs-19990517/gcc/genconfig.c
1 /net/gum/user/rand/rdb/src/egcs-19990517/gcc/gencodes.c
1 /net/gum/user/rand/rdb/src/egcs-19990517/gcc/genattrtab.c
1 /net/gum/user/rand/rdb/src/egcs-19990517/gcc/genattr.c
1 /net/gum/user/rand/rdb/src/egcs-19990517/gcc/gcov-io.h
1 /net/gum/user/rand/rdb/src/egcs-19990517/gcc/f/g77spec.c
1 /net/gum/user/rand/rdb/src/egcs-19990517/gcc/f/com.c
1 /net/gum/user/rand/rdb/src/egcs-19990517/gcc/cppspec.c
1 /net/gum/user/rand/rdb/src/egcs-19990517/gcc/cppinit.c
1 /net/gum/user/rand/rdb/src/egcs-19990517/gcc/cp/decl.c
1 /net/gum/user/rand/rdb/src/egcs-19990517/gcc/config/i386/i386.c
Number of warning types:
70 `???' might be used uninitialized in this function
56 comparison between signed and unsigned
45 unused parameter `???'
20 left-hand operand of comma expression has no effect
13 implicit declaration of function `???'
12 variable `???' might be clobbered by `longjmp' or `vfork'
9 unused variable `???'
9 initialization from incompatible pointer type
6 ??? format, ??? arg (arg ???)
2 zero-length format string
2 assignment discards qualifiers from pointer target type
2 `???' defined but not used
1 passing arg ??? of `???' from incompatible pointer type
1 missing initializer
1 (near initialization for `???')
More information about the Gcc-testresults
mailing list