Results for gcc-2.95 19990522 (prerelease) testsuite on powerpc-redhat-linux-gnu
Franz Sirl
fsirl@kernel.crashing.org
Sat May 22 11:08:00 GMT 1999
Environment:
glibc-2.1.1pre2
gas-990418
BOOT_CFLAGS=default
CFLAGS=-g -O2 -funroll-loops
CXXFLAGS=default
WARN_CFLAGS=default
Patches:
correct and enable ASM_OUTPUT_MI_THUNK (me)
DWARF EH support for PPC (Andrew McLeod)
varargs fixes (Richard Henderson and me)
abort in rs6000_got_register if no_new_pseudos is set (Geoff Keating)
stmt.c fix for --enable-checking revealed errors (Mark Mitchell)
Native configuration is powerpc-redhat-linux-gnu
=== libio tests ===
Running target unix
=== libio Summary ===
# of expected passes 40
=== libstdc++ tests ===
Running target unix
=== libstdc++ Summary ===
# of expected passes 30
=== gcc tests ===
Running target unix
FAIL: gcc.c-torture/compile/990519-1.c, -O1
FAIL: gcc.c-torture/compile/990519-1.c, -O2
FAIL: gcc.c-torture/compile/990519-1.c, -O3 -fomit-frame-pointer
FAIL: gcc.c-torture/compile/990519-1.c, -O3 -g
FAIL: gcc.c-torture/compile/990519-1.c, -Os
FAIL: gcc.c-torture/execute/complex-5.c execution, -O3 -fomit-frame-pointer
FAIL: gcc.c-torture/execute/complex-5.c execution, -O3 -g
FAIL: gcc.dg/980523-1.c (test for excess errors)
FAIL: gcc.dg/990119-1.c execution test
FAIL: gcc.dg/cast-qual-1.c discarding `const' warning (test for bogus messages, line 11)
FAIL: gcc.dg/cast-qual-1.c discarding `const' warning (test for warnings, line 17)
FAIL: gcc.dg/compare1.c (test for excess errors)
FAIL: gcc.dg/noreturn-1.c detect falling off end of noreturn (test for warnings, line 9)
FAIL: gcc.dg/noreturn-1.c this function should not get any warnings (test for bogus messages, line 22)
FAIL: gcc.dg/return-type-1.c warning for falling off end of non-void function (test for warnings, line 9)
=== gcc Summary ===
# of expected passes 8114
# of unexpected failures 15
# of expected failures 31
# of unsupported tests 21
/home/fsirl/obj/cvsm/gcc/xgcc version gcc-2.95 19990522 (prerelease)
=== g++ tests ===
Running target unix
=== g++ Summary ===
# of expected passes 5176
# of expected failures 80
# of untested testcases 11
/home/fsirl/obj/cvsm/gcc/testsuite/../xgcc version gcc-2.95 19990522 (prerelease)
=== g77 tests ===
Running target unix
=== g77 Summary ===
# of expected passes 604
=== objc tests ===
Running target unix
=== objc Summary ===
# of expected passes 38
/home/fsirl/obj/cvsm/gcc/xgcc version gcc-2.95 19990522 (prerelease)
Compiler version: gcc-2.95 19990522 (prerelease)
Platform: powerpc-redhat-linux-gnu
configure flags: --with-gcc-version-trigger=/home/fsirl/egcsm/gcc/version.c --host=ppc-redhat-linux --prefix=/home/fsirl/gnubin2 --enable-shared --disable-subdir-texinfo --enable-checking --norecursion
More information about the Gcc-testresults
mailing list