Results for egcs-2.93.22 19990517 on mips-sgi-irix6.5
Tim C Prince
Prince_Tim_C@solarturbines.com
Tue May 18 13:59:00 GMT 1999
Native configuration is mips-sgi-irix6.5
=== objc tests ===
Running target unix
=== objc Summary ===
# of expected passes 38
/wrk1/aerotherm/dawes/src/gnu/egcs-19990418/i6/gcc/xgcc version egcs-2.93.22 19990517 (gcc2 ss-980929 experimental)
=== gcc tests ===
Running target unix
FAIL: gcc.c-torture/execute/990513-1.c execution, -O2
FAIL: gcc.c-torture/execute/990513-1.c execution, -O3 -fomit-frame-pointer
FAIL: gcc.c-torture/execute/990513-1.c execution, -O3 -fomit-frame-pointer -funroll-loops
FAIL: gcc.c-torture/execute/990513-1.c execution, -O3 -fomit-frame-pointer -funroll-all-loops -finline-functions
FAIL: gcc.c-torture/execute/990513-1.c execution, -O3 -g
FAIL: gcc.c-torture/execute/990513-1.c execution, -Os
FAIL: gcc.c-torture/execute/complex-5.c execution, -O0
FAIL: gcc.c-torture/execute/complex-5.c execution, -O1
FAIL: gcc.c-torture/execute/complex-5.c execution, -O2
FAIL: gcc.c-torture/execute/complex-5.c execution, -O3 -fomit-frame-pointer
FAIL: gcc.c-torture/execute/complex-5.c execution, -O3 -g
FAIL: gcc.c-torture/execute/complex-5.c execution, -Os
FAIL: gcc.c-torture/execute/memcpy-bi.c execution, -O2
XPASS: gcc.c-torture/execute/memcheck/blkarg.c execution, -O0
XPASS: gcc.c-torture/execute/memcheck/blkarg.c execution, -O1
XPASS: gcc.c-torture/execute/memcheck/blkarg.c execution, -O2
XPASS: gcc.c-torture/execute/memcheck/blkarg.c execution, -Os
FAIL: gcc.dg/990119-1.c execution test
FAIL: gcc.dg/cast-qual-1.c discarding \`const' warning (test for bogus messages, line 11)
FAIL: gcc.dg/cast-qual-1.c discarding \`const' warning (test for warnings, line 17)
FAIL: gcc.dg/compare1.c (test for excess errors)
FAIL: gcc.dg/noreturn-1.c detect falling off end of noreturn (test for warnings, line 9)
FAIL: gcc.dg/noreturn-1.c this function should not get any warnings (test for bogus messages, line 22)
FAIL: gcc.dg/return-type-1.c warning for falling off end of non-void function (test for warnings, line 9)
FAIL: gcc.dg/special/alias-1.c (test for excess errors)
FAIL: wkali-2b.o
=== gcc Summary ===
# of expected passes 8093
# of unexpected failures 22
# of unexpected successes 4
# of expected failures 27
# of unsupported tests 25
/wrk1/aerotherm/dawes/src/gnu/egcs-19990418/i6/gcc/xgcc version egcs-2.93.22 19990517 (gcc2 ss-980929 experimental)
=== g77 tests ===
Running target unix
=== g77 Summary ===
# of expected passes 604
=== g++ tests ===
Running target unix
FAIL: g++.dg/special/conpr-1.C execution test
FAIL: g++.dg/special/conpr-2.C execution test
FAIL: g++.dg/special/conpr-3.C execution test
FAIL: g++.dg/special/conpr-3.C execution test
XPASS: g++.pt/instantiate6.C (test for excess errors)
=== g++ Summary ===
# of expected passes 5154
# of unexpected failures 4
# of unexpected successes 1
# of expected failures 84
# of untested testcases 11
/wrk1/aerotherm/dawes/src/gnu/egcs-19990418/i6/gcc/testsuite/../xgcc version egcs-2.93.22 19990517 (gcc2 ss-980929 experimental)
=== libstdc++ tests ===
Running target unix
=== libstdc++ Summary ===
# of expected passes 30
=== libio tests ===
Running target unix
=== libio Summary ===
# of expected passes 40
Compiler version: egcs-2.93.22 19990517 (gcc2 ss-980929 experimental)
Platform: mips-sgi-irix6.5
configure flags: --with-gcc-version-trigger=/wrk1/aerotherm/dawes/src/gnu/egcs-19990418/gcc/version.c --host=mips-sgi-irix6.5 --prefix=/wrk1/aerotherm/dawes/src/gnu/803 --norecursion
EOF
Mail -s "Results for egcs-2.93.22 19990517 (gcc2 ss-980929 experimental) testsuite on mips-sgi-irix6.5" egcs-testresults@egcs.cygnus.com &&
More information about the Gcc-testresults
mailing list