Results for egcs-2.93.21 19990502 (gcc2 ss-980929 experimental) testsuite on sparc-sun-sunos4.1.3
Alexandre Oliva
oliva@dcc.unicamp.br
Sat May 15 11:44:00 GMT 1999
Native configuration is sparc-sun-sunos4.1.3
=== g++ tests ===
Running target unix
FAIL: g++.brendan/asm-extn1.C caused compiler crash
FAIL: g++.eh/cleanup1.C Execution test
FAIL: g++.eh/flow1.C Execution test
FAIL: g++.eh/new1.C Execution test
FAIL: g++.eh/new2.C Execution test
FAIL: g++.eh/pdel1.C Execution test
FAIL: g++.eh/pdel2.C Execution test
FAIL: g++.eh/ptr1.C Execution test
FAIL: g++.eh/rethrow1.C Execution test
FAIL: g++.eh/rethrow2.C Execution test
FAIL: g++.eh/rethrow4.C Execution test
FAIL: g++.eh/rethrow5.C Execution test
FAIL: g++.eh/spec1.C Execution test
FAIL: g++.eh/spec2.C Execution test
FAIL: g++.eh/spec3.C Execution test
FAIL: g++.eh/spec4.C Execution test
FAIL: g++.eh/unwind1.C Execution test
FAIL: g++.law/profile1.C Execution test
FAIL: g++.mike/dyncast1.C Execution test
FAIL: g++.mike/dyncast2.C Execution test
FAIL: g++.mike/eh10.C Execution test
FAIL: g++.mike/eh12.C Execution test
FAIL: g++.mike/eh14.C Execution test
FAIL: g++.mike/eh16.C Execution test
FAIL: g++.mike/eh17.C Execution test
FAIL: g++.mike/eh18.C Execution test
FAIL: g++.mike/eh2.C Execution test
FAIL: g++.mike/eh21.C Execution test
FAIL: g++.mike/eh23.C Execution test
FAIL: g++.mike/eh24.C Execution test
FAIL: g++.mike/eh25.C Execution test
FAIL: g++.mike/eh26.C Execution test
FAIL: g++.mike/eh27.C Execution test
FAIL: g++.mike/eh28.C Execution test
FAIL: g++.mike/eh29.C Execution test
FAIL: g++.mike/eh3.C Execution test
FAIL: g++.mike/eh31.C Execution test
FAIL: g++.mike/eh33.C Execution test
FAIL: g++.mike/eh34.C Execution test
FAIL: g++.mike/eh35.C Execution test
FAIL: g++.mike/eh36.C Execution test
FAIL: g++.mike/eh37.C Execution test
FAIL: g++.mike/eh38.C Execution test
FAIL: g++.mike/eh39.C Execution test
FAIL: g++.mike/eh40.C Execution test
FAIL: g++.mike/eh41.C Execution test
FAIL: g++.mike/eh42.C Execution test
FAIL: g++.mike/eh44.C Execution test
FAIL: g++.mike/eh47.C Execution test
FAIL: g++.mike/eh48.C Execution test
FAIL: g++.mike/eh49.C Execution test
FAIL: g++.mike/eh5.C Execution test
FAIL: g++.mike/eh50.C Execution test
FAIL: g++.mike/eh51.C Execution test
FAIL: g++.mike/eh55.C Execution test
FAIL: g++.mike/eh6.C Execution test
FAIL: g++.mike/eh8.C Execution test
FAIL: g++.mike/p7912.C Execution test
FAIL: g++.mike/p9706.C Execution test
FAIL: g++.other/array1.C Execution test
FAIL: g++.other/init7.C Execution test
FAIL: g++.other/singleton.C Execution test
XPASS: g++.pt/instantiate6.C (test for excess errors)
FAIL: g++.pt/static3.C (test for excess errors)
FAIL: g++.pt/static6.C (test for excess errors)
FAIL: g++.robertl/eb31.C Execution test
FAIL: g++.robertl/eb50.C Execution test
FAIL: g++.robertl/eb66.C Execution test
FAIL: g++.robertl/eb88.C Execution test
=== g++ Summary ===
# of expected passes 5078
# of unexpected failures 68
# of unexpected successes 1
# of expected failures 81
# of untested testcases 10
/l/dsk01/temp/egcs/gcc/testsuite/../xgcc version egcs-2.93.21 19990502 (gcc2 ss-980929 experimental)
=== g77 tests ===
Running target unix
FAIL: g77.f-torture/execute/u77-test.f execution, -O0
FAIL: g77.f-torture/execute/u77-test.f execution, -O1
FAIL: g77.f-torture/execute/u77-test.f execution, -O2
FAIL: g77.f-torture/execute/u77-test.f execution, -O2 -fomit-frame-pointer -finline-functions
FAIL: g77.f-torture/execute/u77-test.f execution, -O2 -fomit-frame-pointer -finline-functions -funroll-loops
FAIL: g77.f-torture/execute/u77-test.f execution, -O2 -fomit-frame-pointer -finline-functions -funroll-all-loops
FAIL: g77.f-torture/execute/u77-test.f execution, -Os
=== g77 Summary ===
# of expected passes 590
# of unexpected failures 7
=== gcc tests ===
Running target unix
FAIL: gcc.c-torture/execute/loop-2f.c execution, -O0
FAIL: gcc.c-torture/execute/loop-2f.c execution, -O1
FAIL: gcc.c-torture/execute/loop-2f.c execution, -O2
FAIL: gcc.c-torture/execute/loop-2f.c execution, -O3 -fomit-frame-pointer
FAIL: gcc.c-torture/execute/loop-2f.c execution, -O3 -fomit-frame-pointer -funroll-loops
FAIL: gcc.c-torture/execute/loop-2f.c execution, -O3 -fomit-frame-pointer -funroll-all-loops -finline-functions
FAIL: gcc.c-torture/execute/loop-2f.c execution, -O3 -g
FAIL: gcc.c-torture/execute/loop-2f.c execution, -Os
FAIL: gcc.c-torture/execute/loop-2g.c execution, -O0
FAIL: gcc.c-torture/execute/loop-2g.c execution, -O1
FAIL: gcc.c-torture/execute/loop-2g.c execution, -O2
FAIL: gcc.c-torture/execute/loop-2g.c execution, -O3 -fomit-frame-pointer
FAIL: gcc.c-torture/execute/loop-2g.c execution, -O3 -fomit-frame-pointer -funroll-loops
FAIL: gcc.c-torture/execute/loop-2g.c execution, -O3 -fomit-frame-pointer -funroll-all-loops -finline-functions
FAIL: gcc.c-torture/execute/loop-2g.c execution, -O3 -g
FAIL: gcc.c-torture/execute/loop-2g.c execution, -Os
FAIL: gcc.c-torture/execute/memcpy-bi.c compilation, -O3 -fomit-frame-pointer
FAIL: gcc.c-torture/execute/memcpy-bi.c compilation, -O3 -fomit-frame-pointer -funroll-loops
FAIL: gcc.c-torture/execute/memcpy-bi.c compilation, -O3 -fomit-frame-pointer -funroll-all-loops -finline-functions
FAIL: gcc.c-torture/execute/memcpy-bi.c compilation, -O3 -g
FAIL: gcc.c-torture/unsorted/rel.c, -O3 -fomit-frame-pointer
FAIL: gcc.c-torture/unsorted/rel.c, -O3 -g
FAIL: gcc.dg/990119-1.c execution test
FAIL: gcc.dg/special/weak-1.c (test for excess errors)
FAIL: gcc.dg/special/weak-2.c (test for excess errors)
FAIL: gcc.dg/special/alias-1.c (test for excess errors)
FAIL: gcc.dg/special/wkali-1.c (test for excess errors)
FAIL: wkali-2a.o
=== gcc Summary ===
# of expected passes 8039
# of unexpected failures 28
# of expected failures 31
# of unresolved testcases 4
# of unsupported tests 25
/l/dsk01/temp/egcs/gcc/xgcc version egcs-2.93.21 19990502 (gcc2 ss-980929 experimental)
=== libg++ tests ===
Running target unix
FAIL: tRational.cc execution
FAIL: tRandom.cc execution
=== libg++ Summary ===
# of expected passes 68
# of unexpected failures 2
# of expected failures 2
=== libio tests ===
Running target unix
=== libio Summary ===
# of expected passes 40
=== libstdc++ tests ===
Running target unix
FAIL: tcomplex.cc execution
FAIL: tcomplex.cc -O execution
=== libstdc++ Summary ===
# of expected passes 26
# of unexpected failures 2
# of expected failures 2
=== objc tests ===
Running target unix
=== objc Summary ===
# of expected passes 38
/l/dsk01/temp/egcs/gcc/xgcc version egcs-2.93.21 19990502 (gcc2 ss-980929 experimental)
Compiler version: egcs-2.93.21 19990502 (gcc2 ss-980929 experimental)
Platform: sparc-sun-sunos4.1.3
BOOT_CFLAGS: -g -O9 -W -Wall
Counting all warnings,
there are 589 warnings in stage3 of this bootstrap.
Number of warnings per file:
19 /home/phd/oliva/src/egcs/gcc/java/lex.c
14 /home/phd/oliva/src/egcs/gcc/cccp.c
12 /home/phd/oliva/src/egcs/gcc/collect2.c
11 cxxmain.c
11 /home/phd/oliva/src/egcs/gcc/objc/objc-act.c
11 /home/phd/oliva/src/egcs/gcc/genopinit.c
11 /home/phd/oliva/src/egcs/gcc/final.c
11 /home/phd/oliva/src/egcs/gcc/cse.c
11 ./parse.y
10 /home/phd/oliva/src/egcs/gcc/toplev.c
10 /home/phd/oliva/src/egcs/gcc/tlink.c
10 /home/phd/oliva/src/egcs/gcc/integrate.c
10 /home/phd/oliva/src/egcs/gcc/genattrtab.c
9 /home/phd/oliva/src/egcs/gcc/varasm.c
9 /home/phd/oliva/src/egcs/gcc/reload1.c
9 /home/phd/oliva/src/egcs/gcc/loop.c
8 /home/phd/oliva/src/egcs/gcc/unroll.c
8 /home/phd/oliva/src/egcs/gcc/genrecog.c
8 /home/phd/oliva/src/egcs/gcc/gcov-io.h
8 /home/phd/oliva/src/egcs/gcc/fix-header.c
8 /home/phd/oliva/src/egcs/gcc/f/fini.c
8 /home/phd/oliva/src/egcs/gcc/calls.c
7 /home/phd/oliva/src/egcs/gcc/reload.c
7 /home/phd/oliva/src/egcs/gcc/java/jcf-reader.c
7 /home/phd/oliva/src/egcs/gcc/java/gjavah.c
7 /home/phd/oliva/src/egcs/gcc/genpeep.c
7 /home/phd/oliva/src/egcs/gcc/genoutput.c
7 /home/phd/oliva/src/egcs/gcc/genemit.c
7 /home/phd/oliva/src/egcs/gcc/gcc.c
7 /home/phd/oliva/src/egcs/gcc/cp/decl.c
7 /home/phd/oliva/src/egcs/gcc/combine.c
7 /home/phd/oliva/src/egcs/gcc/bitmap.c
6 /home/phd/oliva/src/egcs/gcc/java/jcf-io.c
6 /home/phd/oliva/src/egcs/gcc/java/expr.c
6 /home/phd/oliva/src/egcs/gcc/genflags.c
6 /home/phd/oliva/src/egcs/gcc/genextract.c
6 /home/phd/oliva/src/egcs/gcc/genconfig.c
6 /home/phd/oliva/src/egcs/gcc/gencodes.c
6 /home/phd/oliva/src/egcs/gcc/genattr.c
6 /home/phd/oliva/src/egcs/gcc/gcov.c
6 /home/phd/oliva/src/egcs/gcc/flow.c
6 /home/phd/oliva/src/egcs/gcc/f/com.c
6 /home/phd/oliva/src/egcs/gcc/dbxout.c
6 /home/phd/oliva/src/egcs/gcc/cp/ptree.c
5 /home/phd/oliva/src/egcs/gcc/rtl.c
5 /home/phd/oliva/src/egcs/gcc/regmove.c
5 /home/phd/oliva/src/egcs/gcc/print-tree.c
5 /home/phd/oliva/src/egcs/gcc/print-rtl.c
5 /home/phd/oliva/src/egcs/gcc/cppinit.c
4 cexp.y
4 /usr/lib/bison.simple
4 /home/phd/oliva/src/egcs/gcc/protoize.c
4 /home/phd/oliva/src/egcs/gcc/java/lex.h
4 /home/phd/oliva/src/egcs/gcc/java/jv-scan.c
4 /home/phd/oliva/src/egcs/gcc/java/jcf-parse.c
4 /home/phd/oliva/src/egcs/gcc/java/jcf-dump.c
4 /home/phd/oliva/src/egcs/gcc/java/jcf-depend.c
4 /home/phd/oliva/src/egcs/gcc/java/../hwint.h
4 /home/phd/oliva/src/egcs/gcc/gengenrtl.c
4 /home/phd/oliva/src/egcs/gcc/f/bad.c
4 /home/phd/oliva/src/egcs/gcc/expr.c
4 /home/phd/oliva/src/egcs/gcc/dwarf2out.c
4 /home/phd/oliva/src/egcs/gcc/ch/lex.c
4 /home/phd/oliva/src/egcs/gcc/ch/actions.c
4 /home/phd/oliva/src/egcs/gcc/c-lex.c
3 /home/phd/oliva/src/egcs/gcc/tree.c
3 /home/phd/oliva/src/egcs/gcc/profile.c
3 /home/phd/oliva/src/egcs/gcc/local-alloc.c
3 /home/phd/oliva/src/egcs/gcc/java/verify.c
3 /home/phd/oliva/src/egcs/gcc/java/jvgenmain.c
3 /home/phd/oliva/src/egcs/gcc/java/jcf-write.c
3 /home/phd/oliva/src/egcs/gcc/graph.c
3 /home/phd/oliva/src/egcs/gcc/f/target.c
3 /home/phd/oliva/src/egcs/gcc/f/stw.c
3 /home/phd/oliva/src/egcs/gcc/f/storag.c
3 /home/phd/oliva/src/egcs/gcc/f/intrin.c
3 /home/phd/oliva/src/egcs/gcc/f/g77spec.c
3 /home/phd/oliva/src/egcs/gcc/cpplib.c
3 /home/phd/oliva/src/egcs/gcc/cpphash.c
3 /home/phd/oliva/src/egcs/gcc/cppfiles.c
3 /home/phd/oliva/src/egcs/gcc/cpperror.c
3 /home/phd/oliva/src/egcs/gcc/cp/repo.c
3 /home/phd/oliva/src/egcs/gcc/cp/lex.c
3 /home/phd/oliva/src/egcs/gcc/config/sparc/sparc.c
3 /home/phd/oliva/src/egcs/gcc/ch/grant.c
3 /home/phd/oliva/src/egcs/gcc/ch/decl.c
2 insn-attrtab.c
2 /home/phd/oliva/src/egcs/gcc/scan.c
2 /home/phd/oliva/src/egcs/gcc/java/xref.c
2 /home/phd/oliva/src/egcs/gcc/java/lang.c
2 /home/phd/oliva/src/egcs/gcc/java/javaop.def
2 /home/phd/oliva/src/egcs/gcc/java/class.c
2 /home/phd/oliva/src/egcs/gcc/gencheck.c
2 /home/phd/oliva/src/egcs/gcc/gen-protos.c
2 /home/phd/oliva/src/egcs/gcc/gcse.c
2 /home/phd/oliva/src/egcs/gcc/fold-const.c
2 /home/phd/oliva/src/egcs/gcc/f/src.c
2 /home/phd/oliva/src/egcs/gcc/f/lex.c
2 /home/phd/oliva/src/egcs/gcc/cp/xref.c
2 /home/phd/oliva/src/egcs/gcc/cp/typeck2.c
2 /home/phd/oliva/src/egcs/gcc/cp/tree.c
2 /home/phd/oliva/src/egcs/gcc/ch/lang.c
2 /home/phd/oliva/src/egcs/gcc/c-common.c
2 /home/phd/oliva/src/egcs/gcc/alias.c
1 splay-tree.c
1 obstack.c
1 insn-emit.c
1 /usr/local/gnu/share/bison.simple
1 /home/phd/oliva/src/egcs/gcc/stupid.c
1 /home/phd/oliva/src/egcs/gcc/stmt.c
1 /home/phd/oliva/src/egcs/gcc/scan-decls.c
1 /home/phd/oliva/src/egcs/gcc/sbitmap.c
1 /home/phd/oliva/src/egcs/gcc/reorg.c
1 /home/phd/oliva/src/egcs/gcc/regclass.c
1 /home/phd/oliva/src/egcs/gcc/real.c
1 /home/phd/oliva/src/egcs/gcc/optabs.c
1 /home/phd/oliva/src/egcs/gcc/jump.c
1 /home/phd/oliva/src/egcs/gcc/java/decl.c
1 /home/phd/oliva/src/egcs/gcc/hash.c
1 /home/phd/oliva/src/egcs/gcc/haifa-sched.c
1 /home/phd/oliva/src/egcs/gcc/global.c
1 /home/phd/oliva/src/egcs/gcc/function.c
1 /home/phd/oliva/src/egcs/gcc/f/where.c
1 /home/phd/oliva/src/egcs/gcc/f/stb.c
1 /home/phd/oliva/src/egcs/gcc/f/parse.c
1 /home/phd/oliva/src/egcs/gcc/explow.c
1 /home/phd/oliva/src/egcs/gcc/except.c
1 /home/phd/oliva/src/egcs/gcc/emit-rtl.c
1 /home/phd/oliva/src/egcs/gcc/cp/sig.c
1 /home/phd/oliva/src/egcs/gcc/cp/search.c
1 /home/phd/oliva/src/egcs/gcc/cp/pt.c
1 /home/phd/oliva/src/egcs/gcc/cp/method.c
1 /home/phd/oliva/src/egcs/gcc/cp/input.c
1 /home/phd/oliva/src/egcs/gcc/cp/expr.c
1 /home/phd/oliva/src/egcs/gcc/ch/expr.c
1 /home/phd/oliva/src/egcs/gcc/c-lang.c
1 /home/phd/oliva/src/egcs/gcc/c-aux-info.c
Number of warning types:
368 implicit declaration of function `???'
80 `???' might be used uninitialized in this function
50 comparison between signed and unsigned
42 unused parameter `???'
18 ??? format, ??? arg (arg ???)
12 variable `???' might be clobbered by `longjmp' or `vfork'
4 this is the location of the previous definition
4 `???' redefined
3 unused variable `???'
3 empty body in an else-statement
2 control reaches end of non-void function
1 missing initializer
1 assignment from incompatible pointer type
1 (near initialization for `???')
More information about the Gcc-testresults
mailing list