Results for egcs-2.93.21 19990512 (gcc2 ss-980929 experimental) testsuite on i486-pc-linux-gnu
Andreas Jaeger
aj@arthur.rhein-neckar.de
Wed May 12 23:09:00 GMT 1999
Configuration:
- glibc 2.1.1pre2
- running i486 Linux 2.2.8
- binutils 2.9.0.23
make command:
make bootstrap-lean
Native configuration is i486-pc-linux-gnu
=== libio tests ===
Running target unix
=== libio Summary ===
# of expected passes 40
=== libstdc++ tests ===
Running target unix
=== libstdc++ Summary ===
# of expected passes 30
=== gcc tests ===
Running target unix
FAIL: gcc.dg/990119-1.c execution test
FAIL: gcc.dg/cast-qual-1.c discarding `const' warning (test for bogus messages, line 11)
FAIL: gcc.dg/cast-qual-1.c discarding `const' warning (test for warnings, line 17)
FAIL: gcc.dg/compare1.c (test for excess errors)
FAIL: gcc.dg/return-type-1.c warning for falling off end of non-void function (test for warnings, line 9)
FAIL: gcc.dg/special/weak-1.c execution test
=== gcc Summary ===
# of expected passes 8100
# of unexpected failures 6
# of expected failures 38
# of unsupported tests 13
/mnt/cc/build-mainstream/gcc/xgcc version egcs-2.93.21 19990512 (gcc2 ss-980929 experimental)
=== g++ tests ===
Running target unix
FAIL: g++.dg/special/conpr-1.C execution test
FAIL: g++.dg/special/conpr-2.C execution test
FAIL: g++.dg/special/conpr-3.C execution test
FAIL: g++.dg/special/conpr-3.C execution test
=== g++ Summary ===
# of expected passes 5162
# of unexpected failures 4
# of expected failures 82
# of untested testcases 7
/mnt/cc/build-mainstream/gcc/testsuite/../xgcc version egcs-2.93.21 19990512 (gcc2 ss-980929 experimental)
=== g77 tests ===
Running target unix
=== g77 Summary ===
# of expected passes 604
=== objc tests ===
Running target unix
FAIL: objc/execute/bf-1.m compilation, -O
FAIL: objc/execute/bf-10.m compilation, -O
FAIL: objc/execute/bf-11.m compilation, -O
FAIL: objc/execute/bf-12.m compilation, -O
FAIL: objc/execute/bf-13.m compilation, -O
FAIL: objc/execute/bf-14.m compilation, -O
FAIL: objc/execute/bf-15.m compilation, -O
FAIL: objc/execute/bf-16.m compilation, -O
FAIL: objc/execute/bf-17.m compilation, -O
FAIL: objc/execute/bf-18.m compilation, -O
FAIL: objc/execute/bf-19.m compilation, -O
FAIL: objc/execute/bf-2.m compilation, -O
FAIL: objc/execute/bf-3.m compilation, -O
FAIL: objc/execute/bf-4.m compilation, -O
FAIL: objc/execute/bf-5.m compilation, -O
FAIL: objc/execute/bf-6.m compilation, -O
FAIL: objc/execute/bf-7.m compilation, -O
FAIL: objc/execute/bf-8.m compilation, -O
FAIL: objc/execute/bf-9.m compilation, -O
=== objc Summary ===
# of unexpected failures 19
# of untested testcases 19
/mnt/cc/build-mainstream/gcc/xgcc version egcs-2.93.21 19990512 (gcc2 ss-980929 experimental)
Compiler version: egcs-2.93.21 19990512 (gcc2 ss-980929 experimental)
Platform: i486-pc-linux-gnu
configure flags: --with-gcc-version-trigger=/mnt/cc/egcs-cvs/gcc/version.c --host=i486-pc-linux-gnu --prefix=/opt/egcs-1.2 --enable-shared --enable-threads --with-gnu-as --with-gnu-ld --enable-cpp --norecursion
More information about the Gcc-testresults
mailing list