Results for egcs-2.93.21 19990511 (gcc2 ss-980929 experimental) testsuite on i586-redhat-linux-gnu
Manfred Hollstein
manfred-h@t-online.de
Tue May 11 11:16:00 GMT 1999
Compiler version: egcs-2.93.21 19990511 (gcc2 ss-980929 experimental)
Platform: i586-redhat-linux-gnu
Sources: - egcs from CVS last updated at 1999/05/11 18:12:42 +0200
- libg++-2.8.1.3
Patches: None.
Environment: - autoconf-2.13
- automake-1.4
- gas/binutils snapshot as of 1999/04/26
- dejagnu-19981026
+ look_for_dir_with_trigger patch
- gperf-2.7
+ gperf-2.7-19981006.pat
- RedHat Linux 5.2
+ recommended updates as of today
- Kernel 2.2.7 (compiled by
"gcc version egcs-2.91.66 19990314 (egcs-1.1.2 release)")
- glibc-2.0.7-29
- glibc-devel-2.0.7-29
Remarks: None.
configure flags: --with-gcc-version-trigger=/home/gnu/work/GNU/egcs-19990511/gcc/version.c --host=i586-redhat-linux-gnu --srcdir=../egcs-19990511 --prefix=/tools/gnu --with-gnu-as --with-gnu-ld --enable-shared --enable-version-specific-runtime-libs --with-local-prefix=/tools/gnu --enable-nls --verbose --norecursion
BOOT_CC: gcc version egcs-2.91.66 19990314 (egcs-1.1.2 release)
BOOT_CFLAGS: -O2 -g -W -Wall
CFLAGS: -O2 -g
CXXFLAGS: -O2 -g
Native configuration is i586-redhat-linux-gnu
=== libio tests ===
Running target unix
=== libio Summary ===
# of expected passes 40
=== libstdc++ tests ===
Running target unix
=== libstdc++ Summary ===
# of expected passes 30
=== libg++ tests ===
Running target unix
=== libg++ Summary ===
# of expected passes 72
=== gcc tests ===
Running target unix
FAIL: gcc.c-torture/execute/980709-1.c compilation, -O1
FAIL: gcc.c-torture/execute/980709-1.c compilation, -O2
FAIL: gcc.c-torture/execute/980709-1.c compilation, -O3 -fomit-frame-pointer
FAIL: gcc.c-torture/execute/980709-1.c compilation, -O3 -g
FAIL: gcc.c-torture/execute/980709-1.c compilation, -Os
FAIL: gcc.dg/990119-1.c execution test
FAIL: gcc.dg/cast-qual-1.c discarding \`const' warning (test for bogus messages, line 11)
FAIL: gcc.dg/cast-qual-1.c discarding \`const' warning (test for warnings, line 17)
FAIL: gcc.dg/compare1.c (test for excess errors)
FAIL: gcc.dg/return-type-1.c warning for falling off end of non-void function (test for warnings, line 9)
=== gcc Summary ===
# of expected passes 8093
# of unexpected failures 10
# of expected failures 38
# of unresolved testcases 5
# of unsupported tests 12
/opt/home/gnu/work/GNU/egcs-19990511-i586-redhat-linux-gnu/gcc/xgcc version egcs-2.93.21 19990511 (gcc2 ss-980929 experimental)
=== g++ tests ===
Running target unix
=== g++ Summary ===
# of expected passes 5166
# of expected failures 82
# of untested testcases 7
/opt/home/gnu/work/GNU/egcs-19990511-i586-redhat-linux-gnu/gcc/testsuite/../xgcc version egcs-2.93.21 19990511 (gcc2 ss-980929 experimental)
=== g77 tests ===
Running target unix
FAIL: g77.f-torture/compile/19990502-0.f, -O2
=== g77 Summary ===
# of expected passes 603
# of unexpected failures 1
=== objc tests ===
Running target unix
=== objc Summary ===
# of expected passes 38
/opt/home/gnu/work/GNU/egcs-19990511-i586-redhat-linux-gnu/gcc/xgcc version egcs-2.93.21 19990511 (gcc2 ss-980929 experimental)
Counting all warnings,
there are 222 warnings in stage3 of this bootstrap.
Number of warnings per file:
12 ../../../egcs-19990511/gcc/java/lex.c
10 ./parse.y
10 ../../egcs-19990511/gcc/toplev.c
10 ../../egcs-19990511/gcc/integrate.c
9 ../../egcs-19990511/gcc/reload1.c
9 ../../egcs-19990511/gcc/cse.c
8 ../../egcs-19990511/gcc/final.c
7 ../../egcs-19990511/gcc/reload.c
7 ../../egcs-19990511/gcc/combine.c
6 ../../egcs-19990511/gcc/varasm.c
6 ../../egcs-19990511/gcc/unroll.c
6 ../../egcs-19990511/gcc/objc/objc-act.c
6 ../../egcs-19990511/gcc/loop.c
6 ../../egcs-19990511/gcc/dwarf2out.c
6 ../../../egcs-19990511/gcc/java/jcf-reader.c
5 ../../../egcs-19990511/gcc/java/expr.c
4 cxxmain.c
4 cexp.y
4 cc1plus
4 ../../egcs-19990511/gcc/tlink.c
4 ../../egcs-19990511/gcc/regclass.c
4 ../../egcs-19990511/gcc/reg-stack.c
4 ../../../egcs-19990511/gcc/java/lex.h
4 ../../../egcs-19990511/gcc/java/../hwint.h
4 ../../../../egcs-19990511/libg++/src/Fix16.cc
4 ../../../../egcs-19990511/libg++/src/AllocRing.cc
3 insn-emit.c
3 ../../egcs-19990511/gcc/sched.c
3 ../../egcs-19990511/gcc/regmove.c
3 ../../egcs-19990511/gcc/genopinit.c
3 ../../egcs-19990511/gcc/cccp.c
3 ../../../egcs-19990511/gcc/java/verify.c
2 insn-recog.c
2 insn-output.c
2 ../../egcs-19990511/gcc/protoize.c
2 ../../egcs-19990511/gcc/local-alloc.c
2 ../../egcs-19990511/gcc/fold-const.c
2 ../../egcs-19990511/gcc/expr.c
2 ../../egcs-19990511/gcc/dbxout.c
2 ../../egcs-19990511/gcc/config/i386/i386.c
2 ../../egcs-19990511/gcc/collect2.c
2 ../../../egcs-19990511/gcc/java/xref.c
2 ../../../egcs-19990511/gcc/java/gjavah.c
2 ../../../egcs-19990511/gcc/java/class.c
1 splay-tree.c
1 ../../egcs-19990511/gcc/tree.c
1 ../../egcs-19990511/gcc/stupid.c
1 ../../egcs-19990511/gcc/stmt.c
1 ../../egcs-19990511/gcc/rtl.c
1 ../../egcs-19990511/gcc/recog.c
1 ../../egcs-19990511/gcc/print-rtl.c
1 ../../egcs-19990511/gcc/hash.c
1 ../../egcs-19990511/gcc/gcov-io.h
1 ../../egcs-19990511/gcc/f/g77spec.c
1 ../../egcs-19990511/gcc/crtstuff.c
1 ../../egcs-19990511/gcc/cppspec.c
1 ../../../egcs-19990511/gcc/java/jcf-io.c
1 ../../../egcs-19990511/gcc/java/javaop.def
1 ../../../egcs-19990511/gcc/java/decl.c
1 ../../../egcs-19990511/gcc/f/com.c
1 ../../../egcs-19990511/gcc/cp/decl.c
Number of warning types:
66 `???' might be used uninitialized in this function
45 unused parameter `???'
41 comparison between signed and unsigned
14 variable `???' might be clobbered by `longjmp' or `vfork'
14 implicit declaration of function `???'
9 initialization from incompatible pointer type
5 unused variable `???'
4 this is the location of the previous definition
4 integer overflow in expression
4 `???' redefined
4 `???' is not a pointer-to-object type
2 zero-length format string
2 `???' defined but not used
2 Please see the documentation for details.
2 -fthis-is-variable is deprecated.
1 passing arg ??? of `???' from incompatible pointer type
1 missing initializer
1 comparison between pointer and integer
1 (near initialization for `???')
More information about the Gcc-testresults
mailing list