Results for egcs-2.93.21 19990503 (gcc2 ss-980929 experimental) testsuite on sparc-sun-solaris2.5.1
Mike Stump
mrs@wrs.com
Mon May 3 15:47:00 GMT 1999
Native configuration is sparc-sun-solaris2.5.1
=== gcc tests ===
Running target unix
FAIL: gcc.c-torture/compile/981001-2.c, -O0
FAIL: gcc.c-torture/compile/981001-2.c, -O1
FAIL: gcc.c-torture/compile/981001-2.c, -O2
FAIL: gcc.c-torture/compile/981001-2.c, -O3 -fomit-frame-pointer
FAIL: gcc.c-torture/compile/981001-2.c, -O3 -g
FAIL: gcc.c-torture/compile/981001-2.c, -Os
FAIL: gcc.dg/990119-1.c execution test
FAIL: gcc.dg/cast-qual-1.c discarding `const' warning (test for bogus messages, line 11)
FAIL: gcc.dg/cast-qual-1.c discarding `const' warning (test for warnings, line 17)
FAIL: gcc.dg/return-type-1.c warning for falling off end of non-void function (test for warnings, line 9)
FAIL: gcc.dg/special/wkali-1.c (test for excess errors)
FAIL: wkali-2a.o
=== gcc Summary ===
# of expected passes 8056
# of unexpected failures 12
# of expected failures 25
# of unsupported tests 24
/kankakee2/mrs/net/egcs-sol/gcc/xgcc version egcs-2.93.21 19990503 (gcc2 ss-980929 experimental)
=== g++ tests ===
Running target unix
FAIL: g++.dg/special/conpr-1.C execution test
FAIL: g++.dg/special/conpr-2.C execution test
FAIL: g++.dg/special/conpr-3.C execution test
FAIL: g++.dg/special/conpr-3.C execution test
FAIL: g++.brendan/asm-extn1.C caused compiler crash
XPASS: g++.pt/instantiate6.C (test for excess errors)
=== g++ Summary ===
# of expected passes 5143
# of unexpected failures 5
# of unexpected successes 1
# of expected failures 80
# of untested testcases 10
/kankakee2/mrs/net/egcs-sol/gcc/testsuite/../xgcc version egcs-2.93.21 19990503 (gcc2 ss-980929 experimental)
=== g77 tests ===
Running target unix
FAIL: g77.f-torture/execute/u77-test.f execution, -O0
FAIL: g77.f-torture/execute/u77-test.f execution, -O1
FAIL: g77.f-torture/execute/u77-test.f execution, -O2
FAIL: g77.f-torture/execute/u77-test.f execution, -O2 -fomit-frame-pointer -finline-functions
FAIL: g77.f-torture/execute/u77-test.f execution, -O2 -fomit-frame-pointer -finline-functions -funroll-loops
FAIL: g77.f-torture/execute/u77-test.f execution, -O2 -fomit-frame-pointer -finline-functions -funroll-all-loops
FAIL: g77.f-torture/execute/u77-test.f execution, -Os
=== g77 Summary ===
# of expected passes 597
# of unexpected failures 7
=== objc tests ===
Running target unix
FAIL: objc/execute/bf-1.m compilation, -O
FAIL: objc/execute/bf-10.m compilation, -O
FAIL: objc/execute/bf-11.m compilation, -O
FAIL: objc/execute/bf-12.m compilation, -O
FAIL: objc/execute/bf-13.m compilation, -O
FAIL: objc/execute/bf-14.m compilation, -O
FAIL: objc/execute/bf-15.m compilation, -O
FAIL: objc/execute/bf-16.m compilation, -O
FAIL: objc/execute/bf-17.m compilation, -O
FAIL: objc/execute/bf-18.m compilation, -O
FAIL: objc/execute/bf-19.m compilation, -O
FAIL: objc/execute/bf-2.m compilation, -O
FAIL: objc/execute/bf-3.m compilation, -O
FAIL: objc/execute/bf-4.m compilation, -O
FAIL: objc/execute/bf-5.m compilation, -O
FAIL: objc/execute/bf-6.m compilation, -O
FAIL: objc/execute/bf-7.m compilation, -O
FAIL: objc/execute/bf-8.m compilation, -O
FAIL: objc/execute/bf-9.m compilation, -O
=== objc Summary ===
# of unexpected failures 19
# of untested testcases 19
/kankakee2/mrs/net/egcs-sol/gcc/xgcc version egcs-2.93.21 19990503 (gcc2 ss-980929 experimental)
=== libio tests ===
Running target unix
=== libio Summary ===
# of expected passes 40
=== libstdc++ tests ===
Running target unix
=== libstdc++ Summary ===
# of expected passes 30
Compiler version: egcs-2.93.21 19990503 (gcc2 ss-980929 experimental)
Platform: sparc-sun-solaris2.5.1
configure flags: --with-gcc-version-trigger=/kankakee2/mrs/net/egcs/gcc/version.c --host=sparc-sun-solaris2.5.1 --prefix=/folk/mrs/packages/egcs-990406 --with-gnu-as --with-gnu-ld --norecursion
More information about the Gcc-testresults
mailing list