Results for egcs-2.93.20 19990501 (gcc2 ss-980929 experimental) testsuite on mips-sgi-irix6.2
Kaveh R. Ghazi
ghazi@caip.rutgers.edu
Sun May 2 04:52:00 GMT 1999
Native configuration is mips-sgi-irix6.2
=== objc tests ===
Running target unix
=== objc Summary ===
# of expected passes 38
/caip/u47/ghazi/gcc-testing/build/gcc/xgcc version egcs-2.93.20 19990501 (gcc2 ss-980929 experimental)
=== gcc tests ===
Running target unix
FAIL: gcc.c-torture/execute/complex-5.c execution, -O0
FAIL: gcc.c-torture/execute/complex-5.c execution, -O1
FAIL: gcc.c-torture/execute/complex-5.c execution, -O2
FAIL: gcc.c-torture/execute/complex-5.c execution, -O3 -fomit-frame-pointer
FAIL: gcc.c-torture/execute/complex-5.c execution, -O3 -g
FAIL: gcc.c-torture/execute/complex-5.c execution, -Os
FAIL: gcc.c-torture/execute/memcpy-bi.c execution, -O2
XPASS: gcc.c-torture/execute/memcheck/blkarg.c execution, -O0
XPASS: gcc.c-torture/execute/memcheck/blkarg.c execution, -O1
XPASS: gcc.c-torture/execute/memcheck/blkarg.c execution, -O2
XPASS: gcc.c-torture/execute/memcheck/blkarg.c execution, -Os
FAIL: gcc.dg/990119-1.c execution test
FAIL: gcc.dg/special/alias-1.c (test for excess errors)
FAIL: wkali-2b.o
=== gcc Summary ===
# of expected passes 8061
# of unexpected failures 10
# of unexpected successes 4
# of expected failures 27
# of unsupported tests 25
/caip/u47/ghazi/gcc-testing/build/gcc/xgcc version egcs-2.93.20 19990501 (gcc2 ss-980929 experimental)
=== g77 tests ===
Running target unix
=== g77 Summary ===
# of expected passes 590
=== g++ tests ===
Running target unix
FAIL: g++.dg/special/conpr-1.C execution test
FAIL: g++.dg/special/conpr-2.C execution test
FAIL: g++.dg/special/conpr-3.C execution test
FAIL: g++.dg/special/conpr-3.C execution test
XPASS: g++.pt/instantiate6.C (test for excess errors)
=== g++ Summary ===
# of expected passes 5138
# of unexpected failures 4
# of unexpected successes 1
# of expected failures 84
# of untested testcases 11
/caip/u47/ghazi/gcc-testing/build/gcc/testsuite/../xgcc version egcs-2.93.20 19990501 (gcc2 ss-980929 experimental)
=== libstdc++ tests ===
Running target unix
=== libstdc++ Summary ===
# of expected passes 30
=== libio tests ===
Running target unix
=== libio Summary ===
# of expected passes 40
Compiler version: egcs-2.93.20 19990501 (gcc2 ss-980929 experimental)
Platform: mips-sgi-irix6.2
configure flags: --with-gcc-version-trigger=/caip/u47/ghazi/gcc-testing/egcs-CVS19990501/gcc/version.c --host=mips-sgi-irix6.2 --verbose --norecursion
More information about the Gcc-testresults
mailing list