Results for egcs-2.93.14 19990331 (gcc2 ss-980929 experimental) testsuite on sparc-sun-solaris2.5.1
Mike Stump
mrs@wrs.com
Wed Mar 31 15:18:00 GMT 1999
Native configuration is sparc-sun-solaris2.5.1
=== gcc tests ===
Running target unix
FAIL: gcc.c-torture/compile/981001-2.c, -O0
FAIL: gcc.c-torture/compile/981001-2.c, -O1
FAIL: gcc.c-torture/compile/981001-2.c, -O2
FAIL: gcc.c-torture/compile/981001-2.c, -O3 -fomit-frame-pointer
FAIL: gcc.c-torture/compile/981001-2.c, -O3 -g
FAIL: gcc.c-torture/compile/981001-2.c, -Os
FAIL: gcc.c-torture/execute/990130-1.c compilation, -O0
FAIL: gcc.c-torture/execute/990130-1.c compilation, -O1
FAIL: gcc.c-torture/execute/990130-1.c compilation, -O2
FAIL: gcc.c-torture/execute/990130-1.c compilation, -O3 -fomit-frame-pointer
FAIL: gcc.c-torture/execute/990130-1.c compilation, -O3 -g
FAIL: gcc.c-torture/execute/990130-1.c compilation, -Os
FAIL: gcc.dg/990119-1.c execution test
FAIL: gcc.dg/cpp-if1.c invalid number (test for errors, line 12)
FAIL: gcc.dg/cpp-if1.c invalid number (test for errors, line 15)
FAIL: gcc.dg/cpp-if1.c invalid number (test for errors, line 18)
FAIL: gcc.dg/cpp-if1.c floating point in #if (test for errors, line 21)
FAIL: gcc.dg/cpp-if1.c too many suffixes (test for errors, line 24)
FAIL: gcc.dg/cpp-if1.c too many suffixes (test for errors, line 27)
FAIL: gcc.dg/cpp-if1.c (test for excess errors)
FAIL: gcc.dg/cpp-if3.c (test for excess errors)
FAIL: gcc.dg/special/wkali-1.c (test for excess errors)
FAIL: wkali-2a.o
=== gcc Summary ===
# of expected passes 8007
# of unexpected failures 23
# of expected failures 23
# of unresolved testcases 6
# of unsupported tests 23
/kankakee2/mrs/net/egcs-sol/gcc/xgcc version egcs-2.93.14 19990331 (gcc2 ss-980929 experimental)
=== g++ tests ===
Running target unix
FAIL: g++.dg/special/conpr-1.C execution test
FAIL: g++.dg/special/conpr-2.C execution test
FAIL: g++.dg/special/conpr-3.C execution test
FAIL: g++.dg/special/conpr-3.C execution test
FAIL: g++.brendan/asm-extn1.C caused compiler crash
FAIL: g++.martin/typedef1.C (test for excess errors)
XPASS: g++.pt/instantiate6.C (test for excess errors)
=== g++ Summary ===
# of expected passes 5060
# of unexpected failures 6
# of unexpected successes 1
# of expected failures 80
# of untested testcases 7
/kankakee2/mrs/net/egcs-sol/gcc/testsuite/../xgcc version egcs-2.93.14 19990331 (gcc2 ss-980929 experimental)
=== g77 tests ===
Running target unix
FAIL: g77.f-torture/execute/19990325-0.f execution, -O0
FAIL: g77.f-torture/execute/19990325-0.f execution, -O1
FAIL: g77.f-torture/execute/19990325-0.f execution, -O2
FAIL: g77.f-torture/execute/19990325-0.f execution, -O2 -fomit-frame-pointer -finline-functions
FAIL: g77.f-torture/execute/19990325-0.f execution, -Os
FAIL: g77.f-torture/execute/19990325-1.f execution, -O0
FAIL: g77.f-torture/execute/19990325-1.f execution, -O1
FAIL: g77.f-torture/execute/19990325-1.f execution, -O2
FAIL: g77.f-torture/execute/19990325-1.f execution, -O2 -fomit-frame-pointer -finline-functions
FAIL: g77.f-torture/execute/19990325-1.f execution, -Os
=== g77 Summary ===
# of expected passes 561
# of unexpected failures 10
=== objc tests ===
Running target unix
FAIL: objc/execute/bf-1.m compilation, -O
FAIL: objc/execute/bf-10.m compilation, -O
FAIL: objc/execute/bf-11.m compilation, -O
FAIL: objc/execute/bf-12.m compilation, -O
FAIL: objc/execute/bf-13.m compilation, -O
FAIL: objc/execute/bf-14.m compilation, -O
FAIL: objc/execute/bf-15.m compilation, -O
FAIL: objc/execute/bf-16.m compilation, -O
FAIL: objc/execute/bf-17.m compilation, -O
FAIL: objc/execute/bf-18.m compilation, -O
FAIL: objc/execute/bf-19.m compilation, -O
FAIL: objc/execute/bf-2.m compilation, -O
FAIL: objc/execute/bf-3.m compilation, -O
FAIL: objc/execute/bf-4.m compilation, -O
FAIL: objc/execute/bf-5.m compilation, -O
FAIL: objc/execute/bf-6.m compilation, -O
FAIL: objc/execute/bf-7.m compilation, -O
FAIL: objc/execute/bf-8.m compilation, -O
FAIL: objc/execute/bf-9.m compilation, -O
=== objc Summary ===
# of unexpected failures 19
# of untested testcases 19
/kankakee2/mrs/net/egcs-sol/gcc/xgcc version egcs-2.93.14 19990331 (gcc2 ss-980929 experimental)
=== libio tests ===
Running target unix
=== libio Summary ===
# of expected passes 40
=== libstdc++ tests ===
Running target unix
=== libstdc++ Summary ===
# of expected passes 30
Compiler version: egcs-2.93.14 19990331 (gcc2 ss-980929 experimental)
Platform: sparc-sun-solaris2.5.1
configure flags: --with-gcc-version-trigger=/kankakee2/mrs/net/egcs/gcc/version.c --host=sparc-sun-solaris2.5.1 --prefix=/folk/mrs/packages/egcs-981106 --with-gnu-as --with-gnu-ld --enable-threads --norecursion
More information about the Gcc-testresults
mailing list