Results for egcs-2.93.14 19990328 (gcc2 ss-980929 experiment
rodneybrown@pmsc.com
rodneybrown@pmsc.com
Sun Mar 28 22:30:00 GMT 1999
Results for egcs-2.93.14 19990328 (gcc2 ss-980929 experimental) testsuite on
i386-pc-sysv4.2uw2.1.1
Native configuration is i386-pc-sysv4.2uw2.1.1
=== libio tests ===
Running target unix
=== libio Summary ===
# of expected passes 40
=== libstdc++ tests ===
Running target unix
FAIL: tcomplex.cc compilation
FAIL: tcomplex.cc -O compilation
FAIL: tlist.cc compilation
FAIL: tlist.cc -O compilation
FAIL: tmap.cc compilation
FAIL: tmap.cc -O compilation
FAIL: tstring.cc compilation
FAIL: tvector.cc compilation
FAIL: tvector.cc -O compilation
=== libstdc++ Summary ===
# of expected passes 3
# of unexpected failures 9
# of expected failures 18
=== gcc tests ===
Running target unix
FAIL: gcc.c-torture/compile/981001-2.c, -O0
FAIL: gcc.c-torture/compile/981001-2.c, -O1
FAIL: gcc.c-torture/compile/981001-2.c, -O2
FAIL: gcc.c-torture/compile/981001-2.c, -O3 -fomit-frame-pointer
FAIL: gcc.c-torture/compile/981001-2.c, -O3 -g
FAIL: gcc.c-torture/compile/981001-2.c, -Os
FAIL: gcc.c-torture/execute/990130-1.c compilation, -O0
FAIL: gcc.c-torture/execute/990130-1.c compilation, -O1
FAIL: gcc.c-torture/execute/990130-1.c compilation, -O2
FAIL: gcc.c-torture/execute/990130-1.c compilation, -O3 -fomit-frame-pointer
FAIL: gcc.c-torture/execute/990130-1.c compilation, -O3 -g
FAIL: gcc.c-torture/execute/990130-1.c compilation, -Os
FAIL: gcc.c-torture/execute/bf-pack-1.c compilation, -O3 -g
FAIL: gcc.c-torture/execute/loop-2b.c execution, -O2
FAIL: gcc.c-torture/execute/loop-2b.c execution, -O3 -fomit-frame-pointer
FAIL: gcc.c-torture/execute/loop-2b.c execution, -O3 -fomit-frame-pointer
-funroll-loops
FAIL: gcc.c-torture/execute/loop-2b.c execution, -O3 -fomit-frame-pointer
-funroll-all-loops -finline-functions
FAIL: gcc.c-torture/execute/loop-2b.c execution, -O3 -g
FAIL: gcc.c-torture/special/eeprof-1.c compilation, -O0
FAIL: gcc.c-torture/special/eeprof-1.c compilation, -O1
FAIL: gcc.c-torture/special/eeprof-1.c compilation, -O2
FAIL: gcc.c-torture/special/eeprof-1.c compilation, -O3 -fomit-frame-pointer
FAIL: gcc.c-torture/special/eeprof-1.c compilation, -O3 -g
FAIL: gcc.c-torture/special/eeprof-1.c compilation, -Os
FAIL: gcc.dg/990119-1.c execution test
FAIL: gcc.dg/cpp-if1.c invalid number (test for errors, line 12)
FAIL: gcc.dg/cpp-if1.c invalid number (test for errors, line 15)
FAIL: gcc.dg/cpp-if1.c invalid number (test for errors, line 18)
FAIL: gcc.dg/cpp-if1.c floating point in #if (test for errors, line 21)
FAIL: gcc.dg/cpp-if1.c too many suffixes (test for errors, line 24)
FAIL: gcc.dg/cpp-if1.c too many suffixes (test for errors, line 27)
FAIL: gcc.dg/cpp-if1.c (test for excess errors)
FAIL: gcc.dg/cpp-if3.c (test for excess errors)
FAIL: gcc.dg/special/weak-1.c (test for excess errors)
FAIL: weak-2a.o
FAIL: gcc.dg/special/wkali-1.c (test for excess errors)
FAIL: wkali-2a.o
FAIL: gcc.misc-tests/m-un-2.c warning regression (test for warnings, line 18)
FAIL: gcc.misc-tests/m-un-2.c warning regression (test for warnings, line 23)
FAIL: gcc.misc-tests/m-un-2.c (test for excess errors)
=== gcc Summary ===
# of expected passes 7998
# of unexpected failures 40
# of expected failures 36
# of unresolved testcases 13
# of unsupported tests 13
/var/src/egcs-19990328.obj/gcc/xgcc version egcs-2.93.14 19990328 (gcc2
ss-980929 experimental)
=== g++ tests ===
Running target unix
FAIL: g++.dg/special/conpr-1.C execution test
FAIL: g++.dg/special/conpr-2.C execution test
FAIL: g++.dg/special/conpr-3.C execution test
FAIL: g++.dg/special/conpr-3.C execution test
FAIL: g++.law/profile1.C (test for excess errors)
FAIL: g++.mike/dyncast7.C (test for excess errors)
FAIL: g++.other/crash3.C (test for excess errors)
FAIL: g++.pt/decl2.C currently an ICE (test for errors, line 9)
FAIL: g++.pt/decl2.C (test for excess errors)
FAIL: g++.pt/friend37.C undeclared (test for errors, line 7)
XPASS: g++.pt/instantiate6.C (test for excess errors)
FAIL: g++.pt/typename8.C (test for excess errors)
FAIL: g++.robertl/eb41.C (test for excess errors)
=== g++ Summary ===
# of expected passes 5049
# of unexpected failures 12
# of unexpected successes 1
# of expected failures 81
# of untested testcases 8
/var/src/egcs-19990328.obj/gcc/testsuite/../xgcc version egcs-2.93.14 19990328
(gcc2 ss-980929 experimental)
=== g77 tests ===
Running target unix
FAIL: g77.f-torture/execute/19990325-1.f execution, -O0
FAIL: g77.f-torture/execute/19990325-1.f execution, -O1
FAIL: g77.f-torture/execute/19990325-1.f execution, -O2
FAIL: g77.f-torture/execute/19990325-1.f execution, -O2 -fomit-frame-pointer
-finline-functions
FAIL: g77.f-torture/execute/19990325-1.f execution, -Os
FAIL: g77.f-torture/execute/970625-2.f compilation, -O1
=== g77 Summary ===
# of expected passes 564
# of unexpected failures 6
# of untested testcases 1
=== objc tests ===
Running target unix
=== objc Summary ===
# of expected passes 38
/var/src/egcs-19990328.obj/gcc/xgcc version egcs-2.93.14 19990328 (gcc2
ss-980929 experimental)
Compiler version: egcs-2.93.14 19990328 (gcc2 ss-980929 experimental)
Platform: i386-pc-sysv4.2uw2.1.1
configure flags:
--with-gcc-version-trigger=/tmp_mnt/net/reckless/devel/tmp/egcs-19990328/gcc/ver
sion.c --host=i386-pc-sysv4.2uw2.1.1 --with-gnu-as --with-gnu-ld --norecursion
Counting all warnings,
there are 313 warnings in stage3 of this bootstrap.
Number of warnings per file:
42 /net/reckless/devel/tmp/egcs-19990328/gcc/toplev.c
18 /net/reckless/devel/tmp/egcs-19990328/gcc/dwarfout.c
15 /net/reckless/devel/tmp/egcs-19990328/gcc/objc/objc-act.c
14 /net/reckless/devel/tmp/egcs-19990328/gcc/java/lex.c
13 /net/reckless/devel/tmp/egcs-19990328/gcc/varasm.c
11 /net/reckless/devel/tmp/egcs-19990328/gcc/integrate.c
10 /net/reckless/devel/tmp/egcs-19990328/gcc/dwarf2out.c
10 ./parse.y
9 /net/reckless/devel/tmp/egcs-19990328/gcc/reload1.c
9 /net/reckless/devel/tmp/egcs-19990328/gcc/cse.c
8 /net/reckless/devel/tmp/egcs-19990328/gcc/loop.c
8 /net/reckless/devel/tmp/egcs-19990328/gcc/final.c
7 /net/reckless/devel/tmp/egcs-19990328/gcc/reload.c
7 /net/reckless/devel/tmp/egcs-19990328/gcc/combine.c
6 /net/reckless/devel/tmp/egcs-19990328/gcc/unroll.c
6 /net/reckless/devel/tmp/egcs-19990328/gcc/java/jcf-reader.c
6 /net/reckless/devel/tmp/egcs-19990328/gcc/java/class.c
6 /net/reckless/devel/tmp/egcs-19990328/gcc/fold-const.c
6 /net/reckless/devel/tmp/egcs-19990328/gcc/cccp.c
5 /net/reckless/devel/tmp/egcs-19990328/gcc/java/gjavah.c
5 /net/reckless/devel/tmp/egcs-19990328/gcc/java/expr.c
4 cexp.y
4 /net/reckless/devel/tmp/egcs-19990328/gcc/tlink.c
4 /net/reckless/devel/tmp/egcs-19990328/gcc/regclass.c
4 /net/reckless/devel/tmp/egcs-19990328/gcc/reg-stack.c
4 /net/reckless/devel/tmp/egcs-19990328/gcc/optabs.c
4 /net/reckless/devel/tmp/egcs-19990328/gcc/java/verify.c
4 /net/reckless/devel/tmp/egcs-19990328/gcc/genopinit.c
3 insn-emit.c
3 /net/reckless/devel/tmp/egcs-19990328/gcc/stmt.c
3 /net/reckless/devel/tmp/egcs-19990328/gcc/sched.c
3 /net/reckless/devel/tmp/egcs-19990328/gcc/regmove.c
3 /net/reckless/devel/tmp/egcs-19990328/gcc/gcov.c
2 insn-recog.c
2 insn-output.c
2 /net/reckless/devel/tmp/egcs-19990328/gcc/local-alloc.c
2 /net/reckless/devel/tmp/egcs-19990328/gcc/function.c
2 /net/reckless/devel/tmp/egcs-19990328/gcc/fix-header.c
2 /net/reckless/devel/tmp/egcs-19990328/gcc/expr.c
2 /net/reckless/devel/tmp/egcs-19990328/gcc/dbxout.c
2 /net/reckless/devel/tmp/egcs-19990328/gcc/cppexp.c
2 /net/reckless/devel/tmp/egcs-19990328/gcc/collect2.c
1 splay-tree.c
1 cxxmain.c
1 /net/reckless/devel/tmp/egcs-19990328/gcc/stupid.c
1 /net/reckless/devel/tmp/egcs-19990328/gcc/scan-decls.c
1 /net/reckless/devel/tmp/egcs-19990328/gcc/rtl.c
1 /net/reckless/devel/tmp/egcs-19990328/gcc/recog.c
1 /net/reckless/devel/tmp/egcs-19990328/gcc/profile.c
1 /net/reckless/devel/tmp/egcs-19990328/gcc/print-rtl.c
1 /net/reckless/devel/tmp/egcs-19990328/gcc/java/jcf-io.c
1 /net/reckless/devel/tmp/egcs-19990328/gcc/java/javaop.def
1 /net/reckless/devel/tmp/egcs-19990328/gcc/java/decl.c
1 /net/reckless/devel/tmp/egcs-19990328/gcc/hash.c
1 /net/reckless/devel/tmp/egcs-19990328/gcc/graph.c
1 /net/reckless/devel/tmp/egcs-19990328/gcc/genrecog.c
1 /net/reckless/devel/tmp/egcs-19990328/gcc/genpeep.c
1 /net/reckless/devel/tmp/egcs-19990328/gcc/genoutput.c
1 /net/reckless/devel/tmp/egcs-19990328/gcc/genflags.c
1 /net/reckless/devel/tmp/egcs-19990328/gcc/genextract.c
1 /net/reckless/devel/tmp/egcs-19990328/gcc/genemit.c
1 /net/reckless/devel/tmp/egcs-19990328/gcc/genconfig.c
1 /net/reckless/devel/tmp/egcs-19990328/gcc/gencodes.c
1 /net/reckless/devel/tmp/egcs-19990328/gcc/genattrtab.c
1 /net/reckless/devel/tmp/egcs-19990328/gcc/genattr.c
1 /net/reckless/devel/tmp/egcs-19990328/gcc/gcov-io.h
1 /net/reckless/devel/tmp/egcs-19990328/gcc/f/intdoc.c
1 /net/reckless/devel/tmp/egcs-19990328/gcc/f/g77spec.c
1 /net/reckless/devel/tmp/egcs-19990328/gcc/cppspec.c
1 /net/reckless/devel/tmp/egcs-19990328/gcc/cppinit.c
1 /net/reckless/devel/tmp/egcs-19990328/gcc/cpphash.c
1 /net/reckless/devel/tmp/egcs-19990328/gcc/cppfiles.c
1 /net/reckless/devel/tmp/egcs-19990328/gcc/config/i386/i386.c
Number of warning types:
92 \`???' might be used uninitialized in this function
59 comparison between signed and unsigned
47 unused parameter \`???'
20 left-hand operand of comma expression has no effect
18 implicit declaration of function \`???'
16 missing initializer
16 (near initialization for \`???')
12 variable \`???' might be clobbered by \`longjmp' or \`vfork'
8 initialization from incompatible pointer type
7 unused variable \`???'
7 ??? format, ??? arg (arg ???)
3 \`???' defined but not used
2 zero-length format string
2 statement with no effect
2 \`???' within comment
1 passing arg ??? of \`???' from incompatible pointer type
1 assignment discards qualifiers from pointer target type
More information about the Gcc-testresults
mailing list