Results for egcs-2.93.14 19990328 (gcc2 ss-980929 experimental) testsuite on i386-pc-solaris2.7
Alexandre Oliva
oliva@dcc.unicamp.br
Sun Mar 28 20:24:00 GMT 1999
Native configuration is i386-pc-solaris2.7
=== g++ tests ===
Running target unix
FAIL: g++.dg/special/conpr-1.C execution test
FAIL: g++.dg/special/conpr-2.C execution test
FAIL: g++.dg/special/conpr-3.C execution test
FAIL: g++.dg/special/conpr-3.C execution test
XPASS: g++.pt/instantiate6.C (test for excess errors)
=== g++ Summary ===
# of expected passes 5054
# of unexpected failures 4
# of unexpected successes 1
# of expected failures 81
# of untested testcases 8
/tmp/egcs/gcc/testsuite/../xgcc version egcs-2.93.14 19990328 (gcc2 ss-980929 experimental)
=== g77 tests ===
Running target unix
FAIL: g77.f-torture/execute/19990325-1.f execution, -O0
FAIL: g77.f-torture/execute/19990325-1.f execution, -O1
FAIL: g77.f-torture/execute/19990325-1.f execution, -O2
FAIL: g77.f-torture/execute/19990325-1.f execution, -O2 -fomit-frame-pointer -finline-functions
FAIL: g77.f-torture/execute/19990325-1.f execution, -Os
FAIL: g77.f-torture/execute/970625-2.f compilation, -O1
=== g77 Summary ===
# of expected passes 564
# of unexpected failures 6
# of untested testcases 1
=== gcc tests ===
Running target unix
FAIL: gcc.c-torture/compile/calls.c, -O0
FAIL: gcc.c-torture/compile/calls.c, -O1
FAIL: gcc.c-torture/compile/calls.c, -O2
FAIL: gcc.c-torture/compile/calls.c, -O3 -fomit-frame-pointer
FAIL: gcc.c-torture/compile/calls.c, -O3 -g
FAIL: gcc.c-torture/compile/calls.c, -Os
FAIL: gcc.c-torture/execute/990130-1.c compilation, -O0
FAIL: gcc.c-torture/execute/990130-1.c compilation, -O1
FAIL: gcc.c-torture/execute/990130-1.c compilation, -O2
FAIL: gcc.c-torture/execute/990130-1.c compilation, -O3 -fomit-frame-pointer
FAIL: gcc.c-torture/execute/990130-1.c compilation, -O3 -g
FAIL: gcc.c-torture/execute/990130-1.c compilation, -Os
FAIL: gcc.c-torture/execute/loop-2b.c execution, -O2
FAIL: gcc.c-torture/execute/loop-2b.c execution, -O3 -fomit-frame-pointer
FAIL: gcc.c-torture/execute/loop-2b.c execution, -O3 -fomit-frame-pointer -funroll-loops
FAIL: gcc.c-torture/execute/loop-2b.c execution, -O3 -fomit-frame-pointer -funroll-all-loops -finline-functions
FAIL: gcc.c-torture/execute/loop-2b.c execution, -O3 -g
FAIL: gcc.dg/990119-1.c execution test
FAIL: gcc.dg/cpp-if1.c invalid number (test for errors, line 12)
FAIL: gcc.dg/cpp-if1.c invalid number (test for errors, line 15)
FAIL: gcc.dg/cpp-if1.c invalid number (test for errors, line 18)
FAIL: gcc.dg/cpp-if1.c floating point in #if (test for errors, line 21)
FAIL: gcc.dg/cpp-if1.c too many suffixes (test for errors, line 24)
FAIL: gcc.dg/cpp-if1.c too many suffixes (test for errors, line 27)
FAIL: gcc.dg/cpp-if1.c (test for excess errors)
FAIL: gcc.dg/cpp-if3.c (test for excess errors)
FAIL: gcc.misc-tests/m-un-2.c warning regression (test for warnings, line 18)
FAIL: gcc.misc-tests/m-un-2.c warning regression (test for warnings, line 23)
FAIL: gcc.misc-tests/m-un-2.c (test for excess errors)
=== gcc Summary ===
# of expected passes 8011
# of unexpected failures 29
# of expected failures 36
# of unresolved testcases 6
# of unsupported tests 12
/tmp/egcs/gcc/xgcc version egcs-2.93.14 19990328 (gcc2 ss-980929 experimental)
=== libg++ tests ===
Running target unix
=== libg++ Summary ===
# of expected passes 72
=== libio tests ===
Running target unix
=== libio Summary ===
# of expected passes 40
=== libstdc++ tests ===
Running target unix
FAIL: tlist.cc compilation
FAIL: tlist.cc -O compilation
FAIL: tmap.cc compilation
FAIL: tmap.cc -O compilation
FAIL: tvector.cc compilation
FAIL: tvector.cc -O compilation
=== libstdc++ Summary ===
# of expected passes 12
# of unexpected failures 6
# of expected failures 12
=== objc tests ===
Running target unix
=== objc Summary ===
# of expected passes 38
/tmp/egcs/gcc/xgcc version egcs-2.93.14 19990328 (gcc2 ss-980929 experimental)
Compiler version: egcs-2.93.14 19990328 (gcc2 ss-980929 experimental)
Platform: i386-pc-solaris2.7
BOOT_CFLAGS: -g -O9 -W -Wall
Counting all warnings,
there are 313 warnings in stage3 of this bootstrap.
Number of warnings per file:
41 /home/phd/oliva/src/egcs/gcc/toplev.c
21 /home/phd/oliva/src/egcs/gcc/config/i386/gmon-sol2.c
18 /home/phd/oliva/src/egcs/gcc/dwarfout.c
14 /home/phd/oliva/src/egcs/gcc/objc/objc-act.c
14 /home/phd/oliva/src/egcs/gcc/java/lex.c
13 /home/phd/oliva/src/egcs/gcc/varasm.c
11 /home/phd/oliva/src/egcs/gcc/integrate.c
10 /home/phd/oliva/src/egcs/gcc/dwarf2out.c
10 ./parse.y
9 /home/phd/oliva/src/egcs/gcc/reload1.c
9 /home/phd/oliva/src/egcs/gcc/cse.c
8 /home/phd/oliva/src/egcs/gcc/loop.c
8 /home/phd/oliva/src/egcs/gcc/final.c
7 /home/phd/oliva/src/egcs/gcc/reload.c
7 /home/phd/oliva/src/egcs/gcc/combine.c
6 /home/phd/oliva/src/egcs/gcc/unroll.c
6 /home/phd/oliva/src/egcs/gcc/java/jcf-reader.c
6 /home/phd/oliva/src/egcs/gcc/java/expr.c
6 /home/phd/oliva/src/egcs/gcc/java/class.c
6 /home/phd/oliva/src/egcs/gcc/fold-const.c
5 /home/phd/oliva/src/egcs/gcc/java/gjavah.c
4 cexp.y
4 /home/phd/oliva/src/egcs/gcc/tlink.c
4 /home/phd/oliva/src/egcs/gcc/regclass.c
4 /home/phd/oliva/src/egcs/gcc/reg-stack.c
4 /home/phd/oliva/src/egcs/gcc/optabs.c
4 /home/phd/oliva/src/egcs/gcc/java/verify.c
3 insn-emit.c
3 /home/phd/oliva/src/egcs/gcc/stmt.c
3 /home/phd/oliva/src/egcs/gcc/sched.c
3 /home/phd/oliva/src/egcs/gcc/regmove.c
3 /home/phd/oliva/src/egcs/gcc/genopinit.c
3 /home/phd/oliva/src/egcs/gcc/cccp.c
2 insn-recog.c
2 insn-output.c
2 /home/phd/oliva/src/egcs/gcc/local-alloc.c
2 /home/phd/oliva/src/egcs/gcc/function.c
2 /home/phd/oliva/src/egcs/gcc/fix-header.c
2 /home/phd/oliva/src/egcs/gcc/expr.c
2 /home/phd/oliva/src/egcs/gcc/dbxout.c
2 /home/phd/oliva/src/egcs/gcc/cppexp.c
2 /home/phd/oliva/src/egcs/gcc/collect2.c
1 splay-tree.c
1 cxxmain.c
1 /home/phd/oliva/src/egcs/gcc/stupid.c
1 /home/phd/oliva/src/egcs/gcc/scan-decls.c
1 /home/phd/oliva/src/egcs/gcc/rtl.c
1 /home/phd/oliva/src/egcs/gcc/recog.c
1 /home/phd/oliva/src/egcs/gcc/print-rtl.c
1 /home/phd/oliva/src/egcs/gcc/java/jcf-write.c
1 /home/phd/oliva/src/egcs/gcc/java/jcf-io.c
1 /home/phd/oliva/src/egcs/gcc/java/javaop.def
1 /home/phd/oliva/src/egcs/gcc/java/decl.c
1 /home/phd/oliva/src/egcs/gcc/hash.c
1 /home/phd/oliva/src/egcs/gcc/graph.c
1 /home/phd/oliva/src/egcs/gcc/f/g77spec.c
1 /home/phd/oliva/src/egcs/gcc/cppspec.c
1 /home/phd/oliva/src/egcs/gcc/cpphash.c
1 /home/phd/oliva/src/egcs/gcc/cppfiles.c
1 /home/phd/oliva/src/egcs/gcc/config/i386/i386.c
Number of warning types:
91 `???' might be used uninitialized in this function
59 comparison between signed and unsigned
46 unused parameter `???'
26 implicit declaration of function `???'
16 missing initializer
16 (near initialization for `???')
12 variable `???' might be clobbered by `longjmp' or `vfork'
8 initialization from incompatible pointer type
7 unused variable `???'
7 ??? format, ??? arg (arg ???)
6 `return' with no value, in function returning non-void
4 return-type defaults to `int'
3 control reaches end of non-void function
3 `???' defined but not used
2 zero-length format string
2 statement with no effect
2 `???' within comment
1 type defaults to `int' in declaration of `???'
1 passing arg ??? of `???' from incompatible pointer type
1 assignment discards qualifiers from pointer target type
More information about the Gcc-testresults
mailing list