Results for egcs-2.93.14 19990328 (gcc2 ss-980929 experiment
rodneybrown@pmsc.com
rodneybrown@pmsc.com
Sun Mar 28 17:01:00 GMT 1999
Results for egcs-2.93.14 19990328 (gcc2 ss-980929 experimental) testsuite on
hppa2.0-hp-hpux10.20
Native configuration is hppa2.0-hp-hpux10.20
=== libio tests ===
Running target unix
=== libio Summary ===
# of expected passes 40
=== libstdc++ tests ===
Running target unix
FAIL: tlist.cc -O compilation
FAIL: tmap.cc -O compilation
FAIL: tvector.cc -O compilation
=== libstdc++ Summary ===
# of expected passes 21
# of unexpected failures 3
# of expected failures 6
=== gcc tests ===
Running target unix
FAIL: gcc.c-torture/compile/941014-3.c, -O3 -fomit-frame-pointer
-funroll-all-loops -finline-functions
FAIL: gcc.c-torture/compile/980329-1.c, -O3 -fomit-frame-pointer
-funroll-all-loops -finline-functions
FAIL: gcc.c-torture/execute/960218-1.c compilation, -O0
FAIL: gcc.c-torture/execute/960218-1.c compilation, -O1
FAIL: gcc.c-torture/execute/960218-1.c compilation, -O2
FAIL: gcc.c-torture/execute/960218-1.c compilation, -O3 -fomit-frame-pointer
FAIL: gcc.c-torture/execute/960218-1.c compilation, -O3 -fomit-frame-pointer
-funroll-loops
FAIL: gcc.c-torture/execute/960218-1.c compilation, -O3 -fomit-frame-pointer
-funroll-all-loops -finline-functions
FAIL: gcc.c-torture/execute/960218-1.c compilation, -O3 -g
FAIL: gcc.c-torture/execute/960218-1.c compilation, -Os
FAIL: gcc.c-torture/execute/980716-1.c execution, -O0
FAIL: gcc.c-torture/execute/990130-1.c compilation, -O0
FAIL: gcc.c-torture/execute/990130-1.c compilation, -O1
FAIL: gcc.c-torture/execute/990130-1.c compilation, -O2
FAIL: gcc.c-torture/execute/990130-1.c compilation, -O3 -fomit-frame-pointer
FAIL: gcc.c-torture/execute/990130-1.c compilation, -O3 -g
FAIL: gcc.c-torture/execute/990130-1.c compilation, -Os
FAIL: gcc.c-torture/execute/strct-stdarg-1.c execution, -O0
FAIL: gcc.c-torture/execute/strct-stdarg-1.c execution, -O1
FAIL: gcc.c-torture/execute/strct-stdarg-1.c execution, -O2
FAIL: gcc.c-torture/execute/strct-stdarg-1.c execution, -O3
-fomit-frame-pointer
FAIL: gcc.c-torture/execute/strct-stdarg-1.c execution, -O3
-fomit-frame-pointer -funroll-loops
FAIL: gcc.c-torture/execute/strct-stdarg-1.c execution, -O3
-fomit-frame-pointer -funroll-all-loops -finline-functions
FAIL: gcc.c-torture/execute/strct-stdarg-1.c execution, -O3 -g
FAIL: gcc.c-torture/execute/strct-stdarg-1.c execution, -Os
FAIL: gcc.c-torture/execute/ieee/fp-cmp-1.c execution, -O0
FAIL: gcc.c-torture/execute/ieee/mzero2.c execution, -O1
FAIL: gcc.c-torture/execute/ieee/mzero2.c execution, -O2
FAIL: gcc.c-torture/execute/ieee/mzero2.c execution, -O3 -fomit-frame-pointer
FAIL: gcc.c-torture/execute/ieee/mzero2.c execution, -O3 -g
FAIL: gcc.c-torture/execute/ieee/mzero2.c execution, -Os
FAIL: gcc.c-torture/unsorted/cp.c, -O1
FAIL: gcc.dg/990119-1.c execution test
FAIL: gcc.dg/cpp-if1.c invalid number (test for errors, line 12)
FAIL: gcc.dg/cpp-if1.c invalid number (test for errors, line 15)
FAIL: gcc.dg/cpp-if1.c invalid number (test for errors, line 18)
FAIL: gcc.dg/cpp-if1.c floating point in #if (test for errors, line 21)
FAIL: gcc.dg/cpp-if1.c too many suffixes (test for errors, line 24)
FAIL: gcc.dg/cpp-if1.c too many suffixes (test for errors, line 27)
FAIL: gcc.dg/cpp-if1.c (test for excess errors)
FAIL: gcc.dg/cpp-if3.c (test for excess errors)
FAIL: gcc.dg/special/alias-1.c (test for excess errors)
FAIL: gcc.dg/special/wkali-1.c (test for excess errors)
FAIL: gcc.misc-tests/m-un-2.c warning regression (test for warnings, line 18)
FAIL: gcc.misc-tests/m-un-2.c warning regression (test for warnings, line 23)
FAIL: gcc.misc-tests/m-un-2.c (test for excess errors)
=== gcc Summary ===
# of expected passes 7982
# of unexpected failures 46
# of expected failures 29
# of unresolved testcases 17
# of unsupported tests 23
/devel/span/rdb/src/egcs-19990328.obj/gcc/xgcc version egcs-2.93.14 19990328
(gcc2 ss-980929 experimental)
=== g++ tests ===
Running target unix
FAIL: g++.brendan/eh1.C (test for excess errors)
FAIL: g++.eh/spec2.C Execution test
FAIL: g++.eh/spec3.C Execution test
XPASS: g++.mike/eh33.C (test for excess errors)
FAIL: g++.mike/eh49.C Execution test
XPASS: g++.mike/eh50.C (test for excess errors)
FAIL: g++.mike/eh51.C Execution test
XPASS: g++.pt/instantiate6.C (test for excess errors)
FAIL: g++.pt/static3.C (test for excess errors)
FAIL: g++.pt/static6.C (test for excess errors)
FAIL: g++.robertl/eb73.C (test for excess errors)
=== g++ Summary ===
# of expected passes 5043
# of unexpected failures 8
# of unexpected successes 3
# of expected failures 86
# of untested testcases 8
/devel/span/rdb/src/egcs-19990328.obj/gcc/testsuite/../xgcc version egcs-2.93.14
19990328 (gcc2 ss-980929 experimental)
=== g77 tests ===
Running target unix
FAIL: g77.f-torture/execute/19990325-0.f execution, -O0
FAIL: g77.f-torture/execute/19990325-0.f execution, -O1
FAIL: g77.f-torture/execute/19990325-0.f execution, -O2
FAIL: g77.f-torture/execute/19990325-0.f execution, -O2 -fomit-frame-pointer
-finline-functions
FAIL: g77.f-torture/execute/19990325-0.f execution, -Os
FAIL: g77.f-torture/execute/19990325-1.f execution, -O0
FAIL: g77.f-torture/execute/19990325-1.f execution, -O1
FAIL: g77.f-torture/execute/19990325-1.f execution, -O2
FAIL: g77.f-torture/execute/19990325-1.f execution, -O2 -fomit-frame-pointer
-finline-functions
FAIL: g77.f-torture/execute/19990325-1.f execution, -Os
=== g77 Summary ===
# of expected passes 561
# of unexpected failures 10
=== objc tests ===
Running target unix
=== objc Summary ===
# of expected passes 38
/devel/span/rdb/src/egcs-19990328.obj/gcc/xgcc version egcs-2.93.14 19990328
(gcc2 ss-980929 experimental)
Compiler version: egcs-2.93.14 19990328 (gcc2 ss-980929 experimental)
Platform: hppa2.0-hp-hpux10.20
configure flags:
--with-gcc-version-trigger=/devel/span/rdb/src/egcs-19990328/gcc/version.c
--host=hppa2.0-hp-hpux10.20 --with-gnu-as --norecursion
Counting all warnings,
there are 447 warnings in stage3 of this bootstrap.
Number of warnings per file:
37 ../../egcs-19990328/gcc/combine.c
34 ../../egcs-19990328/gcc/cse.c
29 ../../egcs-19990328/gcc/expmed.c
27 ../../egcs-19990328/gcc/optabs.c
22 ../../egcs-19990328/gcc/expr.c
19 ../../egcs-19990328/gcc/reload1.c
19 ../../egcs-19990328/gcc/config/pa/pa.c
18 ../../egcs-19990328/gcc/calls.c
15 ../../egcs-19990328/gcc/objc/objc-act.c
15 ../../egcs-19990328/gcc/integrate.c
14 ../../egcs-19990328/gcc/c-common.c
14 ../../../egcs-19990328/gcc/java/lex.c
13 ../../egcs-19990328/gcc/recog.c
10 ./parse.y
10 ../../egcs-19990328/gcc/unroll.c
10 ../../../egcs-19990328/gcc/f/com.c
9 ../../egcs-19990328/gcc/reload.c
9 ../../egcs-19990328/gcc/loop.c
9 ../../egcs-19990328/gcc/function.c
8 ../../egcs-19990328/gcc/varasm.c
6 ../../egcs-19990328/gcc/stmt.c
6 ../../egcs-19990328/gcc/fold-const.c
6 ../../egcs-19990328/gcc/emit-rtl.c
6 ../../../egcs-19990328/gcc/java/typeck.c
6 ../../../egcs-19990328/gcc/java/jcf-reader.c
6 ../../../egcs-19990328/gcc/java/class.c
5 ../../egcs-19990328/gcc/final.c
5 ../../../egcs-19990328/gcc/java/gjavah.c
5 ../../../egcs-19990328/gcc/java/expr.c
4 cexp.y
4 ../../egcs-19990328/gcc/tlink.c
4 ../../egcs-19990328/gcc/regmove.c
4 ../../../egcs-19990328/gcc/java/verify.c
3 ../../egcs-19990328/gcc/genopinit.c
3 ../../egcs-19990328/gcc/collect2.c
3 ../../egcs-19990328/gcc/cccp.c
2 insn-recog.c
2 ../../egcs-19990328/gcc/local-alloc.c
2 ../../egcs-19990328/gcc/fix-header.c
2 ../../egcs-19990328/gcc/explow.c
2 ../../egcs-19990328/gcc/dbxout.c
2 ../../egcs-19990328/gcc/cppexp.c
1 splay-tree.c
1 insn-attrtab.c
1 cxxmain.c
1 ../../egcs-19990328/gcc/toplev.c
1 ../../egcs-19990328/gcc/stupid.c
1 ../../egcs-19990328/gcc/scan-decls.c
1 ../../egcs-19990328/gcc/rtl.c
1 ../../egcs-19990328/gcc/regclass.c
1 ../../egcs-19990328/gcc/hash.c
1 ../../egcs-19990328/gcc/graph.c
1 ../../egcs-19990328/gcc/gcov-io.h
1 ../../egcs-19990328/gcc/f/g77spec.c
1 ../../egcs-19990328/gcc/cppspec.c
1 ../../egcs-19990328/gcc/cpphash.c
1 ../../egcs-19990328/gcc/cppfiles.c
1 ../../../egcs-19990328/gcc/java/jcf-io.c
1 ../../../egcs-19990328/gcc/java/javaop.def
1 ../../../egcs-19990328/gcc/java/decl.c
Number of warning types:
261 comparison between signed and unsigned
94 \`???' might be used uninitialized in this function
40 unused parameter \`???'
15 implicit declaration of function \`???'
12 variable \`???' might be clobbered by \`longjmp' or \`vfork'
8 unused variable \`???'
5 value computed is not used
3 left-hand operand of comma expression has no effect
2 statement with no effect
2 \`???' within comment
2 \`???' defined but not used
1 initialization from incompatible pointer type
1 assignment discards qualifiers from pointer target type
1 ??? format, ??? arg (arg ???)
More information about the Gcc-testresults
mailing list