Results for egcs-2.93.13 19990327 (gcc2 ss-980929 experimental) testsuite on i686-pc-udk
Robert Lipe
robertl@sco.com
Sat Mar 27 16:03:00 GMT 1999
Dwarf2 enabled. [ Patch not yet submitted. ]
UDK assembler and linker.
Native configuration is i686-pc-udk
=== libio tests ===
Running target unix/-fPIC
=== libio Summary for unix/-fPIC ===
# of expected passes 40
Running target unix
=== libio Summary for unix ===
# of expected passes 40
=== libio Summary ===
# of expected passes 80
=== libstdc++ tests ===
Running target unix/-fPIC
FAIL: tcomplex.cc compilation
FAIL: tcomplex.cc -O compilation
FAIL: tstring.cc compilation
=== libstdc++ Summary for unix/-fPIC ===
# of expected passes 21
# of unexpected failures 3
# of expected failures 6
Running target unix
FAIL: tcomplex.cc compilation
FAIL: tcomplex.cc -O compilation
FAIL: tstring.cc compilation
=== libstdc++ Summary for unix ===
# of expected passes 21
# of unexpected failures 3
# of expected failures 6
=== libstdc++ Summary ===
# of expected passes 42
# of unexpected failures 6
# of expected failures 12
=== gcc tests ===
Running target unix/-fPIC
FAIL: gcc.c-torture/compile/981001-2.c, -O0
FAIL: gcc.c-torture/compile/981001-2.c, -O1
FAIL: gcc.c-torture/compile/981001-2.c, -O2
FAIL: gcc.c-torture/compile/981001-2.c, -O3 -fomit-frame-pointer
FAIL: gcc.c-torture/compile/981001-2.c, -O3 -g
FAIL: gcc.c-torture/compile/981001-2.c, -Os
FAIL: gcc.c-torture/execute/921202-2.c execution, -O3 -fomit-frame-pointer
FAIL: gcc.c-torture/execute/930603-1.c execution, -O0
FAIL: gcc.c-torture/execute/930603-1.c execution, -O1
FAIL: gcc.c-torture/execute/930603-1.c execution, -O2
FAIL: gcc.c-torture/execute/930603-1.c execution, -Os
FAIL: gcc.c-torture/execute/950915-1.c execution, -O3 -g
FAIL: gcc.c-torture/execute/980505-2.c execution, -O3 -g
FAIL: gcc.c-torture/execute/990127-2.c execution, -O3 -fomit-frame-pointer
FAIL: gcc.c-torture/execute/990127-2.c execution, -O3 -g
FAIL: gcc.c-torture/execute/990130-1.c compilation, -O0
FAIL: gcc.c-torture/execute/990130-1.c compilation, -O1
FAIL: gcc.c-torture/execute/990130-1.c compilation, -O2
FAIL: gcc.c-torture/execute/990130-1.c compilation, -O3 -fomit-frame-pointer
FAIL: gcc.c-torture/execute/990130-1.c compilation, -O3 -g
FAIL: gcc.c-torture/execute/990130-1.c compilation, -Os
FAIL: gcc.c-torture/execute/990326-1.c execution, -O1
FAIL: gcc.c-torture/execute/990326-1.c execution, -O2
FAIL: gcc.c-torture/execute/990326-1.c execution, -Os
FAIL: gcc.c-torture/execute/complex-1.c execution, -O0
FAIL: gcc.c-torture/execute/complex-1.c execution, -O1
FAIL: gcc.c-torture/execute/complex-1.c execution, -O2
FAIL: gcc.c-torture/execute/complex-1.c execution, -Os
FAIL: gcc.c-torture/execute/complex-2.c execution, -O0
FAIL: gcc.c-torture/execute/complex-2.c execution, -O1
FAIL: gcc.c-torture/execute/complex-2.c execution, -O2
FAIL: gcc.c-torture/execute/complex-2.c execution, -Os
FAIL: gcc.c-torture/execute/conversion.c execution, -O3 -fomit-frame-pointer
FAIL: gcc.c-torture/execute/conversion.c execution, -O3 -g
FAIL: gcc.c-torture/execute/nestfunc-1.c execution, -O1
FAIL: gcc.c-torture/execute/nestfunc-1.c execution, -O2
FAIL: gcc.c-torture/execute/nestfunc-1.c execution, -Os
FAIL: gcc.c-torture/special/eeprof-1.c compilation, -O0
FAIL: gcc.c-torture/special/eeprof-1.c compilation, -O1
FAIL: gcc.c-torture/special/eeprof-1.c compilation, -O2
FAIL: gcc.c-torture/special/eeprof-1.c compilation, -O3 -fomit-frame-pointer
FAIL: gcc.c-torture/special/eeprof-1.c compilation, -O3 -g
FAIL: gcc.c-torture/special/eeprof-1.c compilation, -Os
FAIL: gcc.dg/990119-1.c execution test
FAIL: gcc.dg/cpp-if1.c invalid number (test for errors, line 12)
FAIL: gcc.dg/cpp-if1.c invalid number (test for errors, line 15)
FAIL: gcc.dg/cpp-if1.c invalid number (test for errors, line 18)
FAIL: gcc.dg/cpp-if1.c floating point in #if (test for errors, line 21)
FAIL: gcc.dg/cpp-if1.c too many suffixes (test for errors, line 24)
FAIL: gcc.dg/cpp-if1.c too many suffixes (test for errors, line 27)
FAIL: gcc.dg/cpp-if1.c (test for excess errors)
FAIL: gcc.dg/cpp-if3.c (test for excess errors)
FAIL: gcc.misc-tests/m-un-2.c warning regression (test for warnings, line 18)
FAIL: gcc.misc-tests/m-un-2.c warning regression (test for warnings, line 23)
FAIL: gcc.misc-tests/m-un-2.c (test for excess errors)
=== gcc Summary for unix/-fPIC ===
# of expected passes 7979
# of unexpected failures 55
# of expected failures 36
# of unresolved testcases 12
# of unsupported tests 12
Running target unix
FAIL: gcc.c-torture/compile/981001-2.c, -O0
FAIL: gcc.c-torture/compile/981001-2.c, -O1
FAIL: gcc.c-torture/compile/981001-2.c, -O2
FAIL: gcc.c-torture/compile/981001-2.c, -O3 -fomit-frame-pointer
FAIL: gcc.c-torture/compile/981001-2.c, -O3 -g
FAIL: gcc.c-torture/compile/981001-2.c, -Os
FAIL: gcc.c-torture/execute/930603-1.c execution, -O0
FAIL: gcc.c-torture/execute/930603-1.c execution, -O1
FAIL: gcc.c-torture/execute/930603-1.c execution, -O2
FAIL: gcc.c-torture/execute/930603-1.c execution, -Os
FAIL: gcc.c-torture/execute/990130-1.c compilation, -O0
FAIL: gcc.c-torture/execute/990130-1.c compilation, -O1
FAIL: gcc.c-torture/execute/990130-1.c compilation, -O2
FAIL: gcc.c-torture/execute/990130-1.c compilation, -O3 -fomit-frame-pointer
FAIL: gcc.c-torture/execute/990130-1.c compilation, -O3 -g
FAIL: gcc.c-torture/execute/990130-1.c compilation, -Os
FAIL: gcc.c-torture/execute/loop-2b.c execution, -O2
FAIL: gcc.c-torture/execute/loop-2b.c execution, -O3 -fomit-frame-pointer
FAIL: gcc.c-torture/execute/loop-2b.c execution, -O3 -fomit-frame-pointer -funroll-loops
FAIL: gcc.c-torture/execute/loop-2b.c execution, -O3 -fomit-frame-pointer -funroll-all-loops -finline-functions
FAIL: gcc.c-torture/execute/loop-2b.c execution, -O3 -g
FAIL: gcc.c-torture/special/eeprof-1.c compilation, -O0
FAIL: gcc.c-torture/special/eeprof-1.c compilation, -O1
FAIL: gcc.c-torture/special/eeprof-1.c compilation, -O2
FAIL: gcc.c-torture/special/eeprof-1.c compilation, -O3 -fomit-frame-pointer
FAIL: gcc.c-torture/special/eeprof-1.c compilation, -O3 -g
FAIL: gcc.c-torture/special/eeprof-1.c compilation, -Os
FAIL: gcc.dg/990119-1.c execution test
FAIL: gcc.dg/cpp-if1.c invalid number (test for errors, line 12)
FAIL: gcc.dg/cpp-if1.c invalid number (test for errors, line 15)
FAIL: gcc.dg/cpp-if1.c invalid number (test for errors, line 18)
FAIL: gcc.dg/cpp-if1.c floating point in #if (test for errors, line 21)
FAIL: gcc.dg/cpp-if1.c too many suffixes (test for errors, line 24)
FAIL: gcc.dg/cpp-if1.c too many suffixes (test for errors, line 27)
FAIL: gcc.dg/cpp-if1.c (test for excess errors)
FAIL: gcc.dg/cpp-if3.c (test for excess errors)
FAIL: gcc.misc-tests/m-un-2.c warning regression (test for warnings, line 18)
FAIL: gcc.misc-tests/m-un-2.c warning regression (test for warnings, line 23)
FAIL: gcc.misc-tests/m-un-2.c (test for excess errors)
=== gcc Summary for unix ===
# of expected passes 7995
# of unexpected failures 39
# of expected failures 36
# of unresolved testcases 12
# of unsupported tests 12
=== gcc Summary ===
# of expected passes 15974
# of unexpected failures 94
# of expected failures 72
# of unresolved testcases 24
# of unsupported tests 24
/play/tmp/7/gcc/xgcc version egcs-2.93.13 19990327 (gcc2 ss-980929 experimental)
=== g++ tests ===
Running target unix/-fPIC
FAIL: g++.dg/special/conpr-1.C execution test
FAIL: g++.dg/special/conpr-2.C execution test
FAIL: g++.dg/special/conpr-3.C execution test
FAIL: g++.dg/special/conpr-3.C execution test
FAIL: g++.law/profile1.C (test for excess errors)
FAIL: g++.mike/dyncast7.C (test for excess errors)
FAIL: g++.mike/p11144.C Execution test
FAIL: g++.mike/temp.C Execution test
FAIL: g++.pt/decl2.C currently an ICE (test for errors, line 9)
FAIL: g++.pt/decl2.C (test for excess errors)
FAIL: g++.pt/friend37.C undeclared (test for errors, line 7)
XPASS: g++.pt/instantiate6.C (test for excess errors)
FAIL: g++.pt/typename8.C (test for excess errors)
FAIL: g++.robertl/eb41.C (test for excess errors)
FAIL: g++.robertl/eh990323-1.C (test for excess errors)
FAIL: g++.robertl/eh990323-2.C Execution test
FAIL: g++.robertl/eh990323-3.C Execution test
FAIL: g++.robertl/eh990323-4.C Execution test
FAIL: g++.robertl/ice990323-1.C caused compiler crash
FAIL: g++.robertl/ice990323-2.C caused compiler crash
FAIL: g++.robertl/ice990323-3.C (test for excess errors)
FAIL: g++.robertl/ice990323-4.C (test for excess errors)
FAIL: g++.robertl/ice990323-5.C (test for excess errors)
=== g++ Summary for unix/-fPIC ===
# of expected passes 5051
# of unexpected failures 22
# of unexpected successes 1
# of expected failures 85
# of untested testcases 8
Running target unix
FAIL: g++.dg/special/conpr-1.C execution test
FAIL: g++.dg/special/conpr-2.C execution test
FAIL: g++.dg/special/conpr-3.C execution test
FAIL: g++.dg/special/conpr-3.C execution test
FAIL: g++.law/profile1.C (test for excess errors)
FAIL: g++.mike/dyncast7.C (test for excess errors)
FAIL: g++.pt/decl2.C currently an ICE (test for errors, line 9)
FAIL: g++.pt/decl2.C (test for excess errors)
FAIL: g++.pt/friend37.C undeclared (test for errors, line 7)
XPASS: g++.pt/instantiate6.C (test for excess errors)
FAIL: g++.pt/typename8.C (test for excess errors)
FAIL: g++.robertl/eb41.C (test for excess errors)
FAIL: g++.robertl/eh990323-1.C (test for excess errors)
FAIL: g++.robertl/eh990323-2.C Execution test
FAIL: g++.robertl/eh990323-3.C Execution test
FAIL: g++.robertl/eh990323-4.C Execution test
FAIL: g++.robertl/ice990323-1.C caused compiler crash
FAIL: g++.robertl/ice990323-2.C caused compiler crash
FAIL: g++.robertl/ice990323-3.C (test for excess errors)
FAIL: g++.robertl/ice990323-4.C (test for excess errors)
FAIL: g++.robertl/ice990323-5.C (test for excess errors)
=== g++ Summary for unix ===
# of expected passes 5053
# of unexpected failures 20
# of unexpected successes 1
# of expected failures 85
# of untested testcases 8
=== g++ Summary ===
# of expected passes 10104
# of unexpected failures 42
# of unexpected successes 2
# of expected failures 170
# of untested testcases 16
/play/tmp/7/gcc/testsuite/../xgcc version egcs-2.93.13 19990327 (gcc2 ss-980929 experimental)
=== g77 tests ===
Running target unix/-fPIC
FAIL: g77.f-torture/execute/19990325-1.f execution, -O0
FAIL: g77.f-torture/execute/19990325-1.f execution, -O1
FAIL: g77.f-torture/execute/19990325-1.f execution, -O2
FAIL: g77.f-torture/execute/19990325-1.f execution, -O2 -fomit-frame-pointer -finline-functions
FAIL: g77.f-torture/execute/19990325-1.f execution, -Os
=== g77 Summary for unix/-fPIC ===
# of expected passes 566
# of unexpected failures 5
Running target unix
FAIL: g77.f-torture/execute/19990325-1.f execution, -O0
FAIL: g77.f-torture/execute/19990325-1.f execution, -O1
FAIL: g77.f-torture/execute/19990325-1.f execution, -O2
FAIL: g77.f-torture/execute/19990325-1.f execution, -O2 -fomit-frame-pointer -finline-functions
FAIL: g77.f-torture/execute/19990325-1.f execution, -Os
FAIL: g77.f-torture/execute/970625-2.f compilation, -O1
=== g77 Summary for unix ===
# of expected passes 564
# of unexpected failures 6
# of untested testcases 1
=== g77 Summary ===
# of expected passes 1130
# of unexpected failures 11
# of untested testcases 1
=== objc tests ===
Running target unix/-fPIC
=== objc Summary for unix/-fPIC ===
# of expected passes 38
Running target unix
=== objc Summary for unix ===
# of expected passes 38
=== objc Summary ===
# of expected passes 76
/play/tmp/7/gcc/xgcc version egcs-2.93.13 19990327 (gcc2 ss-980929 experimental)
Compiler version: egcs-2.93.13 19990327 (gcc2 ss-980929 experimental)
Platform: i686-pc-udk
configure flags: --with-gcc-version-trigger=/play/egcs/gcc/version.c --host=i686-pc-udk --target=i686-pc-udk --norecursion
More information about the Gcc-testresults
mailing list