Results for egcs-2.93.13 19990323 (gcc2 ss-980929 experimental) testsuite on rs6000-ibm-aix3.2.5
Manfred Hollstein
manfred@s-direktnet.de
Thu Mar 25 04:12:00 GMT 1999
Compiler version: egcs-2.93.13 19990323 (gcc2 ss-980929 experimental)
Platform: rs6000-ibm-aix3.2.5
Sources: - egcs from CVS last updated at 1999/03/23 11:12:16 +0100
- libg++-2.8.1.3
Patches: None.
Environment: - autoconf-2.13
- automake-1.4
- binutils-2.9.1
+ Ian Lance Taylor's patch to gas/ehopt.c
+ my patch to make GNU ld work on i386-pc-solaris2.7
- dejagnu-19981026
+ look_for_dir_with_trigger patch
- gperf-2.7
+ gperf-2.7-19981006.pat
Remarks: None.
configure flags: --with-gcc-version-trigger=/phys/exept/home3/gnu/work/GNU/egcs-19990323/gcc/version.c --host=rs6000-ibm-aix3.2.5 --srcdir=../egcs-19990323 --prefix=/tools/gnu --with-gnu-as --enable-version-specific-runtime-libs --with-local-prefix=/tools/gnu --enable-languages=c,gcov,c++ --disable-nls --verbose --norecursion
BOOT_CC: gcc version egcs-2.91.66 19990314 (egcs-1.1.2 release)
BOOT_CFLAGS: -O9 -funroll-all-loops -W -Wall
CFLAGS: -O9
CXXFLAGS: -O9 -g
Native configuration is rs6000-ibm-aix3.2.5
=== libio tests ===
Running target unix
FAIL: tFile.cc execution
FAIL: tFile.cc execution -b0
FAIL: tFile.cc execution -b3
FAIL: tiomisc.cc execution
=== libio Summary ===
# of expected passes 32
# of unexpected failures 4
# of expected failures 4
=== libstdc++ tests ===
Running target unix
=== libstdc++ Summary ===
# of expected passes 30
=== libg++ tests ===
Running target unix
FAIL: tFile.cc execution
=== libg++ Summary ===
# of expected passes 70
# of unexpected failures 1
# of expected failures 1
=== gcc tests ===
Running target unix
FAIL: gcc.c-torture/execute/921208-2.c compilation, -O1
FAIL: gcc.c-torture/execute/921208-2.c compilation, -O2
FAIL: gcc.c-torture/execute/921208-2.c compilation, -Os
FAIL: gcc.c-torture/execute/931004-12.c execution, -O0
FAIL: gcc.c-torture/execute/931004-12.c execution, -O1
FAIL: gcc.c-torture/execute/931004-12.c execution, -O2
FAIL: gcc.c-torture/execute/931004-12.c execution, -O3 -fomit-frame-pointer
FAIL: gcc.c-torture/execute/931004-12.c execution, -O3 -fomit-frame-pointer -funroll-loops
FAIL: gcc.c-torture/execute/931004-12.c execution, -O3 -fomit-frame-pointer -funroll-all-loops -finline-functions
FAIL: gcc.c-torture/execute/931004-12.c execution, -O3 -g
FAIL: gcc.c-torture/execute/931004-12.c execution, -Os
FAIL: gcc.c-torture/execute/990130-1.c compilation, -O0
FAIL: gcc.c-torture/execute/990130-1.c compilation, -O1
FAIL: gcc.c-torture/execute/990130-1.c compilation, -O2
FAIL: gcc.c-torture/execute/990130-1.c compilation, -O3 -fomit-frame-pointer
FAIL: gcc.c-torture/execute/990130-1.c compilation, -O3 -g
FAIL: gcc.c-torture/execute/990130-1.c compilation, -Os
FAIL: gcc.c-torture/execute/complex-5.c execution, -O3 -fomit-frame-pointer
FAIL: gcc.c-torture/execute/complex-5.c execution, -O3 -g
XPASS: gcc.c-torture/execute/memcheck/blkarg.c execution, -O0
XPASS: gcc.c-torture/execute/memcheck/blkarg.c execution, -O1
XPASS: gcc.c-torture/execute/memcheck/blkarg.c execution, -O2
XPASS: gcc.c-torture/execute/memcheck/blkarg.c execution, -O3 -fomit-frame-pointer
XPASS: gcc.c-torture/execute/memcheck/blkarg.c execution, -O3 -g
XPASS: gcc.c-torture/execute/memcheck/blkarg.c execution, -Os
FAIL: gcc.dg/990119-1.c execution test
FAIL: gcc.dg/cpp-if1.c invalid number (test for errors, line 12)
FAIL: gcc.dg/cpp-if1.c invalid number (test for errors, line 15)
FAIL: gcc.dg/cpp-if1.c invalid number (test for errors, line 18)
FAIL: gcc.dg/cpp-if1.c floating point in #if (test for errors, line 21)
FAIL: gcc.dg/cpp-if1.c too many suffixes (test for errors, line 24)
FAIL: gcc.dg/cpp-if1.c too many suffixes (test for errors, line 27)
FAIL: gcc.dg/cpp-if1.c (test for excess errors)
FAIL: gcc.dg/cpp-if3.c (test for excess errors)
FAIL: gcc.dg/special/alias-1.c (test for excess errors)
FAIL: gcc.dg/special/wkali-1.c (test for excess errors)
FAIL: gcc.misc-tests/m-un-2.c warning regression (test for warnings, line 18)
FAIL: gcc.misc-tests/m-un-2.c warning regression (test for warnings, line 23)
FAIL: gcc.misc-tests/m-un-2.c (test for excess errors)
=== gcc Summary ===
# of expected passes 7974
# of unexpected failures 33
# of unexpected successes 6
# of expected failures 23
# of unresolved testcases 9
# of unsupported tests 27
/phys/exept/home3/gnu/work/GNU/egcs-19990323-rs6000-ibm-aix3.2.5/gcc/xgcc version egcs-2.93.13 19990323 (gcc2 ss-980929 experimental)
=== g++ tests ===
Running target unix
FAIL: g++.brendan/eh1.C Execution test
FAIL: g++.eh/spec3.C Execution test
FAIL: g++.eh/spec4.C Execution test
FAIL: g++.jason/thunk2.C (test for excess errors)
FAIL: g++.law/ctors2.C (test for excess errors)
FAIL: g++.law/operators33.C (test for excess errors)
FAIL: g++.law/refs1.C (test for excess errors)
FAIL: g++.mike/eh30.C (test for excess errors)
FAIL: g++.mike/eh49.C Execution test
FAIL: g++.mike/p4750.C (test for excess errors)
FAIL: g++.pt/decl2.C currently an ICE (test for errors, line 9)
FAIL: g++.pt/decl2.C (test for excess errors)
FAIL: g++.pt/friend38.C template parameters cannot be friends (test for errors, line 9)
XPASS: g++.pt/instantiate6.C (test for excess errors)
FAIL: g++.pt/static3.C (test for excess errors)
FAIL: g++.pt/typename8.C (test for excess errors)
FAIL: g++.robertl/eb106.C (test for excess errors)
=== g++ Summary ===
# of expected passes 4982
# of unexpected failures 16
# of unexpected successes 1
# of expected failures 82
# of untested testcases 8
/phys/exept/home3/gnu/work/GNU/egcs-19990323-rs6000-ibm-aix3.2.5/gcc/testsuite/../xgcc version egcs-2.93.13 19990323 (gcc2 ss-980929 experimental)
Counting all warnings,
there are 560 warnings in stage3 of this bootstrap.
Number of warnings per file:
268 include/sys/wait.h
83 ../../egcs-19990323/gcc/toplev.c
16 /home/gnu/work/GNU/egcs-19990323-rs6000-ibm-aix3.2.5/gcc/include/sys/wait.h
13 ../../egcs-19990323/gcc/loop.c
11 ../../egcs-19990323/gcc/reload1.c
11 ../../egcs-19990323/gcc/integrate.c
11 ../../egcs-19990323/gcc/config/rs6000/rs6000.c
10 ../../egcs-19990323/gcc/cse.c
8 ../../egcs-19990323/gcc/reload.c
8 ../../../../egcs-19990323/librx/rx.c
8 ../../../../../egcs-19990323/libg++/src/Fix16.cc
7 ../../egcs-19990323/gcc/varasm.c
7 ../../egcs-19990323/gcc/combine.c
6 ../../egcs-19990323/gcc/unroll.c
6 ../../egcs-19990323/gcc/fold-const.c
6 ../../egcs-19990323/gcc/calls.c
6 ../../../../../egcs-19990323/librx/rx.c
6 ../../../../../../egcs-19990323/libg++/src/Fix16.cc
5 ../../egcs-19990323/gcc/regmove.c
4 cexp.y
4 ../../egcs-19990323/gcc/optabs.c
4 ../../egcs-19990323/gcc/final.c
4 ../../egcs-19990323/gcc/collect2.c
3 ../../egcs-19990323/gcc/stmt.c
3 ../../egcs-19990323/gcc/genopinit.c
3 ../../egcs-19990323/gcc/expr.c
3 ../../egcs-19990323/gcc/cccp.c
2 insn-recog.c
2 ../../egcs-19990323/gcc/local-alloc.c
2 ../../egcs-19990323/gcc/fix-header.c
2 ../../egcs-19990323/gcc/dbxout.c
2 ../../egcs-19990323/gcc/cppexp.c
2 ../../egcs-19990323/gcc/alias.c
2 ../../../egcs-19990323/librx/rx.c
2 ../../../../egcs-19990323/libg++/src/Fix16.cc
1 splay-tree.c
1 insn-emit.c
1 cxxmain.c
1 ../../egcs-19990323/gcc/tree.c
1 ../../egcs-19990323/gcc/tlink.c
1 ../../egcs-19990323/gcc/stupid.c
1 ../../egcs-19990323/gcc/scan-decls.c
1 ../../egcs-19990323/gcc/rtl.c
1 ../../egcs-19990323/gcc/regclass.c
1 ../../egcs-19990323/gcc/jump.c
1 ../../egcs-19990323/gcc/hash.c
1 ../../egcs-19990323/gcc/graph.c
1 ../../egcs-19990323/gcc/genattrtab.c
1 ../../egcs-19990323/gcc/gcov-io.h
1 ../../egcs-19990323/gcc/function.c
1 ../../egcs-19990323/gcc/explow.c
1 ../../egcs-19990323/gcc/emit-rtl.c
1 ../../egcs-19990323/gcc/cpphash.c
1 ../../egcs-19990323/gcc/cppfiles.c
1 ../../../egcs-19990323/gcc/cp/expr.c
Number of warning types:
142 its scope is only this definition or declaration, which is probably not what you want.
142 `???' declared inside parameter list
77 `???' might be used uninitialized in this function
41 missing initializer
41 comparison between signed and unsigned
41 (near initialization for `???')
23 unused parameter `???'
16 integer overflow in expression
16 comparison of distinct pointer types lacks a cast
13 unused variable `???'
5 implicit declaration of function `???'
2 `???' defined but not used
1 variable `???' might be clobbered by `longjmp' or `vfork'
More information about the Gcc-testresults
mailing list