Results for egcs-2.93.13 19990321 (gcc2 ss-980929 experimental) testsuite on i586-pc-linux-gnu
Nix
nix-egcs@esperi.demon.co.uk
Mon Mar 22 10:27:00 GMT 1999
Sources: - egcs mainline from CVS last updated at Sun Mar 21 14:30:35 1999; official snapshot tagged as egcs_ss_19990321
- libg++-2.8.1.2a-19981217
Patches: None.
Environment: - GNU binutils 2.9.1.0.22b
- autoconf-990306
- automake-990306
- dejagnu-19981026
- gperf-2.7 with gperf-2.7-19981006 patch for -F
- Linux kernel 2.2.3 (compiled by egcs-2.91.60)
- glibc 2.1.0 (compiled by egcs-2.91.60)
Remarks: friend38.C is in the wrong place, as before.
configure flags: --with-gnu-ld --with-gnu-as --prefix=/usr/packages.bin/egcs/snapshot --enable-shared --disable-haifa
BOOT_CC: egcs-2.91.66
BOOT_CFLAGS: -W -Wall -funroll-all-loops -g -march=pentium -mcpu=pentium -fomit-frame-pointer -O2
CFLAGS: -W -Wall -march=pentium -mcpu=pentium -fomit-frame-pointer -g -O2
CXXFLAGS: -W -Wall -march=pentium -mcpu=pentium -fomit-frame-pointer -g -O2
Changes in testsuite results for g++ since the last successful snapshot build (on Mon Mar 15 19:35:03 1999):
Tests that now work, but didn't before:
g++.pt/memtemp82.C (test for excess errors)
New tests that FAIL:
g++.pt/friend38.C template parameters cannot be friends (test for errors, line 9)
New tests that PASS:
g++.other/lookup9.C (test for excess errors)
g++.pt/crash31.C (test for excess errors)
g++.pt/friend38.C (test for excess errors)
g++.pt/memtemp83.C (test for excess errors)
Old tests that failed, that have disappeared: (Eeek!)
g++.pt/friend38.C caused compiler crash
Changes in testsuite results for g77 since the last successful snapshot build (on Mon Mar 15 19:35:03 1999):
Changes in testsuite results for gcc since the last successful snapshot build (on Mon Mar 15 19:35:03 1999):
Tests that now work, but didn't before:
gcc.c-torture/noncompile/951227-1.c
New tests that FAIL:
gcc.dg/setjmp-1.c spurious clobbered warning (test for bogus messages, line 16)
gcc.dg/uninit-5.c uninitialized variable warning (test for bogus messages, line 13)
gcc.dg/uninit-5.c uninitialized variable warning (test for bogus messages, line 27)
gcc.dg/uninit-6.c uninitialized variable warning (test for bogus messages, line 37)
gcc.dg/uninit-8.c uninitialized variable warning (test for bogus messages, line 14)
gcc.dg/uninit-9.c uninitialized variable warning (test for bogus messages, line 26)
New tests that PASS:
gcc.dg/setjmp-1.c (test for excess errors)
gcc.dg/uninit-5.c (test for excess errors)
gcc.dg/uninit-6.c (test for excess errors)
gcc.dg/uninit-8.c (test for excess errors)
gcc.dg/uninit-9.c (test for excess errors)
Changes in testsuite results for libg++ since the last successful snapshot build (on Mon Mar 15 19:35:02 1999):
Changes in testsuite results for libio since the last successful snapshot build (on Mon Mar 15 19:35:02 1999):
Changes in testsuite results for libstdc++ since the last successful snapshot build (on Mon Mar 15 19:35:02 1999):
Changes in testsuite results for objc since the last successful snapshot build (on Mon Mar 15 19:35:03 1999):
Changes in stage 3 warnings since the last successful snapshot build (on Mon Mar 15 19:35:21 1999):
2c2
< there are 298 warnings in stage3 of this bootstrap.
---
> there are 390 warnings in stage3 of this bootstrap.
5c5,6
< 41 ../../egcs/gcc/toplev.c
---
> 44 ../../egcs/gcc/toplev.c
> 19 ../../egcs/gcc/cccp.c
9c10
< 12 ./parse.y
---
> 12 ../../egcs/gcc/cse.c
10a12,14
> 11 ./parse.y
> 10 ../../egcs/gcc/fold-const.c
> 10 ../../egcs/gcc/final.c
12,13c16,17
< 9 ../../egcs/gcc/final.c
< 9 ../../egcs/gcc/cse.c
---
> 9 ../../egcs/gcc/loop.c
> 9 ../../../egcs/gcc/java/jcf-reader.c
16,17c20,21
< 8 ../../egcs/gcc/loop.c
< 8 ../../../egcs/gcc/java/jcf-reader.c
---
> 8 ../../egcs/gcc/varasm.c
> 7 ../../egcs/gcc/unroll.c
18a23,24
> 7 ../../egcs/gcc/optabs.c
> 7 ../../egcs/gcc/dwarf2out.c
20,24c26,27
< 6 ../../egcs/gcc/varasm.c
< 6 ../../egcs/gcc/unroll.c
< 6 ../../egcs/gcc/optabs.c
< 6 ../../egcs/gcc/fold-const.c
< 6 ../../egcs/gcc/dwarf2out.c
---
> 6 ../../egcs/gcc/protoize.c
> 6 ../../egcs/gcc/c-lex.c
26a30,33
> 6 ../../../egcs/gcc/cp/lex.c
> 5 ../../egcs/gcc/sched.c
> 5 ../../egcs/gcc/dbxout.c
> 5 ../../egcs/gcc/collect2.c
34d40
< 3 ../../egcs/gcc/sched.c
35a42
> 3 ../../egcs/gcc/local-alloc.c
37c44,45
< 3 ../../egcs/gcc/cccp.c
---
> 3 ../../egcs/gcc/gcov.c
> 3 ../../egcs/gcc/function.c
41,42c49,55
< 2 ../../egcs/gcc/protoize.c
< 2 ../../egcs/gcc/local-alloc.c
---
> 2 gcj.c
> 2 g77.c
> 2 g++.c
> 2 ../../egcs/gcc/print-rtl.c
> 2 ../../egcs/gcc/graph.c
> 2 ../../egcs/gcc/genattrtab.c
> 2 ../../egcs/gcc/gcc.c
44,45c57
< 2 ../../egcs/gcc/dbxout.c
< 2 ../../egcs/gcc/collect2.c
---
> 2 ../../egcs/gcc/config/i386/i386.c
47a60
> 1 ../../egcs/gcc/tree.c
51c64
< 1 ../../egcs/gcc/print-rtl.c
---
> 1 ../../egcs/gcc/print-tree.c
54,55c67
< 1 ../../egcs/gcc/graph.c
< 1 ../../egcs/gcc/genattrtab.c
---
> 1 ../../egcs/gcc/gengenrtl.c
57c69
< 1 ../../egcs/gcc/function.c
---
> 1 ../../egcs/gcc/flow.c
58a71,72
> 1 ../../egcs/gcc/explow.c
> 1 ../../egcs/gcc/dwarfout.c
60c74
< 1 ../../egcs/gcc/config/i386/i386.c
---
> 1 ../../egcs/gcc/bitmap.c
62a77
> 1 ../../../egcs/gcc/java/jcf-depend.c
63a79,87
> 1 ../../../egcs/gcc/f/target.c
> 1 ../../../egcs/gcc/f/stw.c
> 1 ../../../egcs/gcc/f/storag.c
> 1 ../../../egcs/gcc/f/fini.c
> 1 ../../../egcs/gcc/f/bad.c
> 1 ../../../egcs/gcc/cp/ptree.c
> 1 ../../../egcs/gcc/cp/call.c
> 1 ../../../egcs/gcc/ch/grant.c
> 1 ../../../egcs/gcc/ch/decl.c
66,72c90,97
< 95 `???' might be used uninitialized in this function
< 47 unused parameter `???'
< 36 comparison between signed and unsigned
< 28 implicit declaration of function `???'
< 16 missing initializer
< 16 (near initialization for `???')
< 14 variable `???' might be clobbered by `longjmp' or `vfork'
---
> 96 `???' might be used uninitialized in this function
> 57 implicit declaration of function `???'
> 54 unused parameter `???'
> 37 comparison between signed and unsigned
> 29 variable `???' might be clobbered by `longjmp' or `vfork'
> 22 statement with no effect
> 22 missing initializer
> 22 (near initialization for `???')
74c99
< 8 unused variable `???'
---
> 11 unused variable `???'
75a101
> 5 argument `???' might be clobbered by `longjmp' or `vfork'
79,80d104
< 2 suggest explicit braces to avoid ambiguous `else'
< 2 statement with no effect
81a106
> 1 suggest explicit braces to avoid ambiguous `else'
Changes in stage 3 no-subdir warnings since the last successful snapshot build (on Mon Mar 15 19:35:25 1999):
2c2
< there are 208 warnings in stage3 of this bootstrap.
---
> there are 284 warnings in stage3 of this bootstrap.
5c5,6
< 41 ../../egcs/gcc/toplev.c
---
> 44 ../../egcs/gcc/toplev.c
> 19 ../../egcs/gcc/cccp.c
7a9,11
> 12 ../../egcs/gcc/cse.c
> 10 ../../egcs/gcc/fold-const.c
> 10 ../../egcs/gcc/final.c
9,11c13,15
< 9 ../../egcs/gcc/final.c
< 9 ../../egcs/gcc/cse.c
< 8 ../../egcs/gcc/loop.c
---
> 9 ../../egcs/gcc/loop.c
> 8 ../../egcs/gcc/varasm.c
> 7 ../../egcs/gcc/unroll.c
12a17,18
> 7 ../../egcs/gcc/optabs.c
> 7 ../../egcs/gcc/dwarf2out.c
14,18c20,24
< 6 ../../egcs/gcc/varasm.c
< 6 ../../egcs/gcc/unroll.c
< 6 ../../egcs/gcc/optabs.c
< 6 ../../egcs/gcc/fold-const.c
< 6 ../../egcs/gcc/dwarf2out.c
---
> 6 ../../egcs/gcc/protoize.c
> 6 ../../egcs/gcc/c-lex.c
> 5 ../../egcs/gcc/sched.c
> 5 ../../egcs/gcc/dbxout.c
> 5 ../../egcs/gcc/collect2.c
24d29
< 3 ../../egcs/gcc/sched.c
25a31
> 3 ../../egcs/gcc/local-alloc.c
27c33,34
< 3 ../../egcs/gcc/cccp.c
---
> 3 ../../egcs/gcc/gcov.c
> 3 ../../egcs/gcc/function.c
30,31c37,43
< 2 ../../egcs/gcc/protoize.c
< 2 ../../egcs/gcc/local-alloc.c
---
> 2 gcj.c
> 2 g77.c
> 2 g++.c
> 2 ../../egcs/gcc/print-rtl.c
> 2 ../../egcs/gcc/graph.c
> 2 ../../egcs/gcc/genattrtab.c
> 2 ../../egcs/gcc/gcc.c
33,34c45
< 2 ../../egcs/gcc/dbxout.c
< 2 ../../egcs/gcc/collect2.c
---
> 2 ../../egcs/gcc/config/i386/i386.c
36a48
> 1 ../../egcs/gcc/tree.c
40c52
< 1 ../../egcs/gcc/print-rtl.c
---
> 1 ../../egcs/gcc/print-tree.c
43,44c55
< 1 ../../egcs/gcc/graph.c
< 1 ../../egcs/gcc/genattrtab.c
---
> 1 ../../egcs/gcc/gengenrtl.c
46c57
< 1 ../../egcs/gcc/function.c
---
> 1 ../../egcs/gcc/flow.c
47a59,60
> 1 ../../egcs/gcc/explow.c
> 1 ../../egcs/gcc/dwarfout.c
49c62
< 1 ../../egcs/gcc/config/i386/i386.c
---
> 1 ../../egcs/gcc/bitmap.c
53,57c66,72
< 34 unused parameter `???'
< 30 comparison between signed and unsigned
< 16 missing initializer
< 16 (near initialization for `???')
< 13 implicit declaration of function `???'
---
> 41 unused parameter `???'
> 31 implicit declaration of function `???'
> 31 comparison between signed and unsigned
> 22 missing initializer
> 22 (near initialization for `???')
> 20 statement with no effect
> 11 variable `???' might be clobbered by `longjmp' or `vfork'
59c74,75
< 3 unused variable `???'
---
> 7 unused variable `???'
> 5 argument `???' might be clobbered by `longjmp' or `vfork'
62d77
< 2 variable `???' might be clobbered by `longjmp' or `vfork'
Changes in stage 0 warnings since the last successful snapshot build (on Mon Mar 15 19:35:24 1999):
2c2
< there are 707 warnings in stage0 of this bootstrap.
---
> there are 708 warnings in stage0 of this bootstrap.
80a81
> 2 ../../../../egcs/libf2c/libI77/endfile.c
101d101
< 1 ../../../../egcs/libf2c/libI77/endfile.c
124a125
> 4 label `???' defined but not used
128d128
< 3 label `???' defined but not used
Changes in testsuite results for g++ since the last successful build (on Sat Mar 20 04:09:33 1999):
Tests that now work, but didn't before:
g++.pt/memtemp82.C (test for excess errors)
New tests that FAIL:
g++.pt/friend38.C template parameters cannot be friends (test for errors, line 9)
New tests that PASS:
g++.pt/crash31.C (test for excess errors)
g++.pt/friend38.C (test for excess errors)
g++.pt/memtemp83.C (test for excess errors)
Old tests that failed, that have disappeared: (Eeek!)
g++.pt/friend38.C caused compiler crash
Changes in testsuite results for g77 since the last successful build (on Sat Mar 20 04:09:33 1999):
Changes in testsuite results for gcc since the last successful build (on Sat Mar 20 04:09:33 1999):
Changes in testsuite results for libg++ since the last successful build (on Sat Mar 20 04:09:32 1999):
Changes in testsuite results for libio since the last successful build (on Sat Mar 20 04:09:32 1999):
Changes in testsuite results for libstdc++ since the last successful build (on Sat Mar 20 04:09:32 1999):
Changes in testsuite results for objc since the last successful build (on Sat Mar 20 04:09:33 1999):
Changes in stage 3 warnings since the last successful build (on Sat Mar 20 04:09:52 1999):
2c2
< there are 298 warnings in stage3 of this bootstrap.
---
> there are 339 warnings in stage3 of this bootstrap.
5c5
< 41 ../../egcs/gcc/toplev.c
---
> 42 ../../egcs/gcc/toplev.c
10a11,12
> 10 ../../egcs/gcc/final.c
> 10 ../../../egcs/gcc/java/jcf-dump.c
12c14
< 9 ../../egcs/gcc/final.c
---
> 9 ../../egcs/gcc/loop.c
14c16
< 9 ../../../egcs/gcc/java/jcf-dump.c
---
> 9 ../../../egcs/gcc/java/jcf-reader.c
16,17c18,19
< 8 ../../egcs/gcc/loop.c
< 8 ../../../egcs/gcc/java/jcf-reader.c
---
> 8 ../../egcs/gcc/varasm.c
> 7 ../../egcs/gcc/unroll.c
18a21,22
> 7 ../../egcs/gcc/optabs.c
> 7 ../../egcs/gcc/dwarf2out.c
20,22d23
< 6 ../../egcs/gcc/varasm.c
< 6 ../../egcs/gcc/unroll.c
< 6 ../../egcs/gcc/optabs.c
24d24
< 6 ../../egcs/gcc/dwarf2out.c
26a27,28
> 5 ../../egcs/gcc/sched.c
> 5 ../../egcs/gcc/dbxout.c
29a32
> 4 ../../egcs/gcc/cccp.c
34d36
< 3 ../../egcs/gcc/sched.c
35a38
> 3 ../../egcs/gcc/local-alloc.c
37c40,41
< 3 ../../egcs/gcc/cccp.c
---
> 3 ../../egcs/gcc/function.c
> 3 ../../egcs/gcc/collect2.c
42c46,48
< 2 ../../egcs/gcc/local-alloc.c
---
> 2 ../../egcs/gcc/print-rtl.c
> 2 ../../egcs/gcc/graph.c
> 2 ../../egcs/gcc/genattrtab.c
44,45c50
< 2 ../../egcs/gcc/dbxout.c
< 2 ../../egcs/gcc/collect2.c
---
> 2 ../../egcs/gcc/config/i386/i386.c
51c56
< 1 ../../egcs/gcc/print-rtl.c
---
> 1 ../../egcs/gcc/print-tree.c
54,55c59,60
< 1 ../../egcs/gcc/graph.c
< 1 ../../egcs/gcc/genattrtab.c
---
> 1 ../../egcs/gcc/gengenrtl.c
> 1 ../../egcs/gcc/gcov.c
57c62
< 1 ../../egcs/gcc/function.c
---
> 1 ../../egcs/gcc/flow.c
58a64,65
> 1 ../../egcs/gcc/explow.c
> 1 ../../egcs/gcc/dwarfout.c
60c67,68
< 1 ../../egcs/gcc/config/i386/i386.c
---
> 1 ../../egcs/gcc/c-lex.c
> 1 ../../egcs/gcc/bitmap.c
62a71
> 1 ../../../egcs/gcc/java/jcf-depend.c
63a73,80
> 1 ../../../egcs/gcc/f/target.c
> 1 ../../../egcs/gcc/f/stw.c
> 1 ../../../egcs/gcc/f/storag.c
> 1 ../../../egcs/gcc/f/fini.c
> 1 ../../../egcs/gcc/f/bad.c
> 1 ../../../egcs/gcc/cp/ptree.c
> 1 ../../../egcs/gcc/ch/grant.c
> 1 ../../../egcs/gcc/ch/decl.c
67c84,85
< 47 unused parameter `???'
---
> 57 implicit declaration of function `???'
> 54 unused parameter `???'
69d86
< 28 implicit declaration of function `???'
74c91
< 8 unused variable `???'
---
> 13 unused variable `???'
Changes in stage 3 no-subdir warnings since the last successful build (on Sat Mar 20 04:09:55 1999):
2c2
< there are 208 warnings in stage3 of this bootstrap.
---
> there are 238 warnings in stage3 of this bootstrap.
5c5
< 41 ../../egcs/gcc/toplev.c
---
> 42 ../../egcs/gcc/toplev.c
7a8
> 10 ../../egcs/gcc/final.c
9c10
< 9 ../../egcs/gcc/final.c
---
> 9 ../../egcs/gcc/loop.c
11c12,13
< 8 ../../egcs/gcc/loop.c
---
> 8 ../../egcs/gcc/varasm.c
> 7 ../../egcs/gcc/unroll.c
12a15,16
> 7 ../../egcs/gcc/optabs.c
> 7 ../../egcs/gcc/dwarf2out.c
14,16d17
< 6 ../../egcs/gcc/varasm.c
< 6 ../../egcs/gcc/unroll.c
< 6 ../../egcs/gcc/optabs.c
18c19,20
< 6 ../../egcs/gcc/dwarf2out.c
---
> 5 ../../egcs/gcc/sched.c
> 5 ../../egcs/gcc/dbxout.c
21a24
> 4 ../../egcs/gcc/cccp.c
24d26
< 3 ../../egcs/gcc/sched.c
25a28
> 3 ../../egcs/gcc/local-alloc.c
27c30,31
< 3 ../../egcs/gcc/cccp.c
---
> 3 ../../egcs/gcc/function.c
> 3 ../../egcs/gcc/collect2.c
31c35,37
< 2 ../../egcs/gcc/local-alloc.c
---
> 2 ../../egcs/gcc/print-rtl.c
> 2 ../../egcs/gcc/graph.c
> 2 ../../egcs/gcc/genattrtab.c
33,34c39
< 2 ../../egcs/gcc/dbxout.c
< 2 ../../egcs/gcc/collect2.c
---
> 2 ../../egcs/gcc/config/i386/i386.c
40c45
< 1 ../../egcs/gcc/print-rtl.c
---
> 1 ../../egcs/gcc/print-tree.c
43,44c48,49
< 1 ../../egcs/gcc/graph.c
< 1 ../../egcs/gcc/genattrtab.c
---
> 1 ../../egcs/gcc/gengenrtl.c
> 1 ../../egcs/gcc/gcov.c
46c51
< 1 ../../egcs/gcc/function.c
---
> 1 ../../egcs/gcc/flow.c
47a53,54
> 1 ../../egcs/gcc/explow.c
> 1 ../../egcs/gcc/dwarfout.c
49c56,57
< 1 ../../egcs/gcc/config/i386/i386.c
---
> 1 ../../egcs/gcc/c-lex.c
> 1 ../../egcs/gcc/bitmap.c
53c61,62
< 34 unused parameter `???'
---
> 41 unused parameter `???'
> 31 implicit declaration of function `???'
57c66
< 13 implicit declaration of function `???'
---
> 8 unused variable `???'
59d67
< 3 unused variable `???'
Changes in stage 0 warnings since the last successful build (on Sat Mar 20 04:09:54 1999):
Native configuration is i586-pc-linux-gnu
=== libio tests ===
Running target unix
=== libio Summary ===
# of expected passes 40
=== libstdc++ tests ===
Running target unix
=== libstdc++ Summary ===
# of expected passes 30
=== libg++ tests ===
Running target unix
=== libg++ Summary ===
# of expected passes 72
=== gcc tests ===
Running target unix
FAIL: gcc.c-torture/execute/930603-1.c execution, -O0
FAIL: gcc.c-torture/execute/930603-1.c execution, -O1
FAIL: gcc.c-torture/execute/930603-1.c execution, -O2
FAIL: gcc.c-torture/execute/930603-1.c execution, -Os
FAIL: gcc.c-torture/execute/990130-1.c compilation, -O0
FAIL: gcc.c-torture/execute/990130-1.c compilation, -O1
FAIL: gcc.c-torture/execute/990130-1.c compilation, -O2
FAIL: gcc.c-torture/execute/990130-1.c compilation, -O3 -fomit-frame-pointer
FAIL: gcc.c-torture/execute/990130-1.c compilation, -O3 -g
FAIL: gcc.c-torture/execute/990130-1.c compilation, -Os
FAIL: gcc.c-torture/execute/loop-2b.c execution, -O2
FAIL: gcc.c-torture/execute/loop-2b.c execution, -O3 -fomit-frame-pointer
FAIL: gcc.c-torture/execute/loop-2b.c execution, -O3 -fomit-frame-pointer -funroll-loops
FAIL: gcc.c-torture/execute/loop-2b.c execution, -O3 -fomit-frame-pointer -funroll-all-loops -finline-functions
FAIL: gcc.c-torture/execute/loop-2b.c execution, -O3 -g
FAIL: gcc.dg/990119-1.c execution test
FAIL: gcc.dg/cpp-if1.c invalid number (test for errors, line 12)
FAIL: gcc.dg/cpp-if1.c invalid number (test for errors, line 15)
FAIL: gcc.dg/cpp-if1.c invalid number (test for errors, line 18)
FAIL: gcc.dg/cpp-if1.c floating point in #if (test for errors, line 21)
FAIL: gcc.dg/cpp-if1.c too many suffixes (test for errors, line 24)
FAIL: gcc.dg/cpp-if1.c too many suffixes (test for errors, line 27)
FAIL: gcc.dg/cpp-if1.c (test for excess errors)
FAIL: gcc.dg/cpp-if3.c (test for excess errors)
FAIL: gcc.dg/special/weak-1.c execution test
FAIL: gcc.misc-tests/m-un-2.c warning regression (test for warnings, line 18)
FAIL: gcc.misc-tests/m-un-2.c warning regression (test for warnings, line 23)
FAIL: gcc.misc-tests/m-un-2.c (test for excess errors)
=== gcc Summary ===
# of expected passes 7996
# of unexpected failures 28
# of expected failures 36
# of unresolved testcases 6
# of unsupported tests 13
/usr/.egcs-snapshot/i586-pc-linux-gnu/gcc/xgcc version egcs-2.93.13 19990321 (gcc2 ss-980929 experimental)
=== g++ tests ===
Running target unix
FAIL: g++.dg/special/conpr-1.C execution test
FAIL: g++.dg/special/conpr-2.C execution test
FAIL: g++.dg/special/conpr-3.C execution test
FAIL: g++.dg/special/conpr-3.C execution test
FAIL: g++.eh/spec3.C Execution test
FAIL: g++.pt/friend38.C template parameters cannot be friends (test for errors, line 9)
=== g++ Summary ===
# of expected passes 4985
# of unexpected failures 6
# of expected failures 80
# of untested testcases 7
/usr/.egcs-snapshot/i586-pc-linux-gnu/gcc/testsuite/../xgcc version egcs-2.93.13 19990321 (gcc2 ss-980929 experimental)
=== g77 tests ===
Running target unix
FAIL: g77.f-torture/execute/970625-2.f compilation, -O1
=== g77 Summary ===
# of expected passes 549
# of unexpected failures 1
# of untested testcases 1
=== objc tests ===
Running target unix
=== objc Summary ===
# of expected passes 38
/usr/.egcs-snapshot/i586-pc-linux-gnu/gcc/xgcc version egcs-2.93.13 19990321 (gcc2 ss-980929 experimental)
Compiler version: haifa-disabled egcs-2.93.13 19990321 (gcc2 ss-980929 experimental)
Platform: i586-pc-linux-gnu
configure flags: --with-gcc-version-trigger=/usr/packages/egcs/egcs/snapshot/egcs/gcc/version.c --host=i586-pc-linux-gnu --with-gnu-ld --with-gnu-as --prefix=/usr/packages.bin/egcs/snapshot --enable-shared --disable-haifa --norecursion
BOOT_CFLAGS=-W -Wall -funroll-all-loops -g -march=pentium -mcpu=pentium -fomit-frame-pointer -O2
Counting all warnings,
there are 298 warnings in stage3 of this bootstrap.
Number of warnings per file:
41 ../../egcs/gcc/toplev.c
16 ../../egcs/gcc/objc/objc-act.c
14 ../../../egcs/gcc/java/lex.c
13 ../../egcs/gcc/integrate.c
12 ./parse.y
12 ../../../egcs/gcc/java/javaop.def
9 ../../egcs/gcc/reload1.c
9 ../../egcs/gcc/final.c
9 ../../egcs/gcc/cse.c
9 ../../../egcs/gcc/java/jcf-dump.c
9 ../../../egcs/gcc/java/expr.c
8 ../../egcs/gcc/loop.c
8 ../../../egcs/gcc/java/jcf-reader.c
7 ../../egcs/gcc/reload.c
7 ../../egcs/gcc/combine.c
6 ../../egcs/gcc/varasm.c
6 ../../egcs/gcc/unroll.c
6 ../../egcs/gcc/optabs.c
6 ../../egcs/gcc/fold-const.c
6 ../../egcs/gcc/dwarf2out.c
6 ../../../egcs/gcc/java/gjavah.c
6 ../../../egcs/gcc/java/class.c
4 cexp.y
4 ../../egcs/gcc/regclass.c
4 ../../egcs/gcc/reg-stack.c
4 ../../../egcs/gcc/java/verify.c
4 ../../../egcs/gcc/java/lex.h
3 insn-emit.c
3 ../../egcs/gcc/stmt.c
3 ../../egcs/gcc/sched.c
3 ../../egcs/gcc/regmove.c
3 ../../egcs/gcc/genopinit.c
3 ../../egcs/gcc/cccp.c
3 ../../../egcs/gcc/java/jcf-write.c
2 insn-recog.c
2 insn-output.c
2 ../../egcs/gcc/protoize.c
2 ../../egcs/gcc/local-alloc.c
2 ../../egcs/gcc/expr.c
2 ../../egcs/gcc/dbxout.c
2 ../../egcs/gcc/collect2.c
1 splay-tree.c
1 cxxmain.c
1 ../../egcs/gcc/tlink.c
1 ../../egcs/gcc/stupid.c
1 ../../egcs/gcc/recog.c
1 ../../egcs/gcc/print-rtl.c
1 ../../egcs/gcc/java/jvspec.c
1 ../../egcs/gcc/hash.c
1 ../../egcs/gcc/graph.c
1 ../../egcs/gcc/genattrtab.c
1 ../../egcs/gcc/gcov-io.h
1 ../../egcs/gcc/function.c
1 ../../egcs/gcc/f/g77spec.c
1 ../../egcs/gcc/crtstuff.c
1 ../../egcs/gcc/config/i386/i386.c
1 ../../../egcs/gcc/java/jvgenmain.c
1 ../../../egcs/gcc/java/jcf-io.c
1 ../../../egcs/gcc/java/decl.c
Number of warning types:
95 `???' might be used uninitialized in this function
47 unused parameter `???'
36 comparison between signed and unsigned
28 implicit declaration of function `???'
16 missing initializer
16 (near initialization for `???')
14 variable `???' might be clobbered by `longjmp' or `vfork'
14 ??? format, ??? arg (arg ???)
8 unused variable `???'
8 initialization from incompatible pointer type
4 `???' declared `static' but never defined
3 `???' defined but not used
2 zero-length format string
2 suggest explicit braces to avoid ambiguous `else'
2 statement with no effect
2 `???' within comment
1 passing arg ??? of `???' from incompatible pointer type
Counting all warnings,
there are 707 warnings in stage0 of this bootstrap.
Number of warnings per file:
126 ../../../egcs/texinfo/makeinfo/makeinfo.c
114 ../../../../egcs/libg++/src/bitdo2.h
54 ../../../egcs/libchill/format.c
25 ../../../../egcs/libf2c/libI77/rsne.c
22 ../../../egcs/libio/stdstreams.cc
14 ../../../egcs/libobjc/thr-single.c
14 ../../../egcs/libiberty/pexecute.c
14 ../../../../egcs/libf2c/libI77/lread.c
14 ../../../../egcs/libf2c/libI77/inquire.c
13 ../../../egcs/texinfo/makeinfo/multi.c
13 ../../../egcs/libobjc/archive.c
12 ../../egcs/libiberty/pexecute.c
12 ../../../egcs/libio/stdstrbufs.cc
12 ../../../../egcs/libg++/src/bitblt.c
8 ../../egcs/libiberty/floatformat.c
8 ../../../egcs/libio/iostream.cc
8 ../../../egcs/libiberty/floatformat.c
8 ../../../egcs/libchill/basicio.c
8 ../../../../egcs/libf2c/libI77/rdfmt.c
6 ../../../egcs/libchill/chillstdio.c
6 ../../../../egcs/libf2c/libI77/wref.c
6 ../../../../egcs/libf2c/libI77/open.c
6 ../../../../egcs/libf2c/libI77/iio.c
6 ../../../../egcs/libf2c/libI77/fmt.c
6 ../../../../egcs/libf2c/libF77/qbitbits.c
6 ../../../../egcs/libf2c/libF77/lbitbits.c
5 ../../../egcs/texinfo/util/install-info.c
5 ../../../egcs/libchill/waitbuffer.c
5 ../../../egcs/libchill/setbits.c
5 ../../../../egcs/libf2c/libI77/rsfe.c
5 ../../../../egcs/libf2c/libI77/dfe.c
4 ../../../egcs/texinfo/util/texindex.c
4 ../../../egcs/libobjc/sarray.c
4 ../../../egcs/libobjc/gc.c
4 ../../../egcs/libobjc/encoding.c
4 ../../../egcs/libchill/sendbuffer.c
4 ../../../egcs/libchill/ffsetclrps.c
4 ../../../egcs/libchill/cause.c
4 ../../../../egcs/libg++/src/Fix16.cc
3 ../../../egcs/libobjc/Object.m
3 ../../../egcs/libchill/delaycase.c
3 ../../../egcs/libchill/concatps.c
3 ../../../../egcs/libf2c/libI77/wrtfmt.c
3 ../../../../egcs/libf2c/libI77/uio.c
3 ../../../../egcs/libf2c/libI77/sue.c
3 ../../../../egcs/libf2c/libI77/lwrite.c
3 ../../../../egcs/libf2c/libI77/err.c
3 ../../../../egcs/libf2c/libI77/due.c
3 ../../../../egcs/libf2c/libF77/main.c
2 ../../egcs/libiberty/splay-tree.c
2 ../../egcs/libiberty/cplus-dem.c
2 ../../egcs/libiberty/choose-temp.c
2 ../../../egcs/libobjc/sendmsg.c
2 ../../../egcs/libobjc/selector.c
2 ../../../egcs/libobjc/init.c
2 ../../../egcs/libio/stream.cc
2 ../../../egcs/libiberty/splay-tree.c
2 ../../../egcs/libiberty/cplus-dem.c
2 ../../../egcs/libiberty/choose-temp.c
2 ../../../egcs/libchill/writerecord.c
2 ../../../egcs/libchill/unhex.c
2 ../../../egcs/libchill/rtsdummy.c
2 ../../../egcs/libchill/retmem.c
2 ../../../egcs/libchill/readrecord.c
2 ../../../egcs/libchill/allgmem.c
2 ../../../../egcs/libf2c/libU77/unlink_.c
2 ../../../../egcs/libf2c/libU77/symlnk_.c
2 ../../../../egcs/libf2c/libU77/stat_.c
2 ../../../../egcs/libf2c/libU77/rename_.c
2 ../../../../egcs/libf2c/libU77/lstat_.c
2 ../../../../egcs/libf2c/libU77/link_.c
2 ../../../../egcs/libf2c/libU77/ctime_.c
2 ../../../../egcs/libf2c/libU77/chmod_.c
2 ../../../../egcs/libf2c/libU77/chdir_.c
2 ../../../../egcs/libf2c/libU77/access_.c
2 ../../../../egcs/libf2c/libI77/rsli.c
1 ../../../egcs/libobjc/nil_method.c
1 ../../../egcs/libf2c/f2cext.c
1 ../../../egcs/libchill/settextindex.c
1 ../../../egcs/libchill/setbitps.c
1 ../../../egcs/libchill/printevent.c
1 ../../../egcs/libchill/printbuffer.c
1 ../../../egcs/libchill/neps.c
1 ../../../egcs/libchill/inps.c
1 ../../../egcs/libchill/inbitstr.c
1 ../../../egcs/libchill/continue.c
1 ../../../egcs/libchill/concatstr.c
1 ../../../egcs/libchill/chillrt0.c
1 ../../../../egcs/libf2c/libU77/vxttime_.c
1 ../../../../egcs/libf2c/libU77/fputc_.c
1 ../../../../egcs/libf2c/libU77/etime_.c
1 ../../../../egcs/libf2c/libU77/dtime_.c
1 ../../../../egcs/libf2c/libI77/wsne.c
1 ../../../../egcs/libf2c/libI77/wsle.c
1 ../../../../egcs/libf2c/libI77/wsfe.c
1 ../../../../egcs/libf2c/libI77/sfe.c
1 ../../../../egcs/libf2c/libI77/endfile.c
1 ../../../../egcs/libf2c/libF77/system_.c
1 ../../../../egcs/libf2c/libF77/i_len.c
1 ../../../../egcs/libf2c/libF77/h_len.c
1 ../../../../egcs/libf2c/libF77/getenv_.c
Number of warning types:
101 enumeration value `???' not handled in switch
90 suggest parentheses around arithmetic in operand of ^
87 comparison between signed and unsigned
85 unused parameter `???'
50 suggest parentheses around assignment used as truth value
48 unused variable `???'
39 return-type defaults to `int'
36 implicit declaration of function `???'
34 `???' might be used uninitialized in this function
30 missing initializer for member `???'
21 array subscript has type `char'
17 variable `???' might be clobbered by `longjmp' or `vfork'
17 suggest explicit braces to avoid ambiguous `else'
10 suggest parentheses around + or - inside shift
10 `???' defined but not used
5 suggest parentheses around arithmetic in operand of |
4 suggest parentheses around + or - in operand of &
4 integer overflow in expression
3 suggest parentheses around && within ||
3 missing initializer
3 label `???' defined but not used
3 (near initialization for `???')
2 type of `???' defaults to `int'
2 missing initializer for `???'
2 ??? format, ??? arg (arg ???)
1 type defaults to `int' in declaration of `???'
Counting non-subdirectory warnings,
there are 208 warnings in stage3 of this bootstrap.
Number of warnings per file:
41 ../../egcs/gcc/toplev.c
16 ../../egcs/gcc/objc/objc-act.c
13 ../../egcs/gcc/integrate.c
9 ../../egcs/gcc/reload1.c
9 ../../egcs/gcc/final.c
9 ../../egcs/gcc/cse.c
8 ../../egcs/gcc/loop.c
7 ../../egcs/gcc/reload.c
7 ../../egcs/gcc/combine.c
6 ../../egcs/gcc/varasm.c
6 ../../egcs/gcc/unroll.c
6 ../../egcs/gcc/optabs.c
6 ../../egcs/gcc/fold-const.c
6 ../../egcs/gcc/dwarf2out.c
4 cexp.y
4 ../../egcs/gcc/regclass.c
4 ../../egcs/gcc/reg-stack.c
3 insn-emit.c
3 ../../egcs/gcc/stmt.c
3 ../../egcs/gcc/sched.c
3 ../../egcs/gcc/regmove.c
3 ../../egcs/gcc/genopinit.c
3 ../../egcs/gcc/cccp.c
2 insn-recog.c
2 insn-output.c
2 ../../egcs/gcc/protoize.c
2 ../../egcs/gcc/local-alloc.c
2 ../../egcs/gcc/expr.c
2 ../../egcs/gcc/dbxout.c
2 ../../egcs/gcc/collect2.c
1 splay-tree.c
1 cxxmain.c
1 ../../egcs/gcc/tlink.c
1 ../../egcs/gcc/stupid.c
1 ../../egcs/gcc/recog.c
1 ../../egcs/gcc/print-rtl.c
1 ../../egcs/gcc/java/jvspec.c
1 ../../egcs/gcc/hash.c
1 ../../egcs/gcc/graph.c
1 ../../egcs/gcc/genattrtab.c
1 ../../egcs/gcc/gcov-io.h
1 ../../egcs/gcc/function.c
1 ../../egcs/gcc/f/g77spec.c
1 ../../egcs/gcc/crtstuff.c
1 ../../egcs/gcc/config/i386/i386.c
Number of warning types:
79 `???' might be used uninitialized in this function
34 unused parameter `???'
30 comparison between signed and unsigned
16 missing initializer
16 (near initialization for `???')
13 implicit declaration of function `???'
8 initialization from incompatible pointer type
3 unused variable `???'
3 `???' defined but not used
2 zero-length format string
2 variable `???' might be clobbered by `longjmp' or `vfork'
1 suggest explicit braces to avoid ambiguous `else'
1 passing arg ??? of `???' from incompatible pointer type
More information about the Gcc-testresults
mailing list