Results for egcs-2.91.66 19990314 (egcs-1.1.2 release) testsuite on powerpc-ibm-aix4.1.4.0
Kaveh R. Ghazi
ghazi@caip.rutgers.edu
Thu Mar 18 06:43:00 GMT 1999
Native configuration is powerpc-ibm-aix4.1.4.0
=== gcc tests ===
Running target unix
FAIL: gcc.c-torture/execute/931004-12.c execution, -O0
FAIL: gcc.c-torture/execute/931004-12.c execution, -O1
FAIL: gcc.c-torture/execute/931004-12.c execution, -O2
FAIL: gcc.c-torture/execute/931004-12.c execution, -O2 -fomit-frame-pointer -finline-functions
FAIL: gcc.c-torture/execute/931004-12.c execution, -O2 -fomit-frame-pointer -finline-functions -funroll-loops
FAIL: gcc.c-torture/execute/931004-12.c execution, -O2 -fomit-frame-pointer -finline-functions -funroll-all-loops
FAIL: gcc.c-torture/execute/931004-12.c execution, -O2 -g
FAIL: gcc.c-torture/execute/931004-12.c execution, -Os
FAIL: gcc.c-torture/execute/980526-1.c execution, -O2 -fomit-frame-pointer -finline-functions
FAIL: gcc.c-torture/execute/complex-5.c execution, -O2 -fomit-frame-pointer -finline-functions
FAIL: gcc.c-torture/execute/ieee/980619-1.c execution, -O1
FAIL: gcc.c-torture/execute/ieee/980619-1.c execution, -O2
FAIL: gcc.c-torture/execute/ieee/980619-1.c execution, -O2 -fomit-frame-pointer -finline-functions
FAIL: gcc.c-torture/execute/ieee/980619-1.c execution, -O2 -fomit-frame-pointer -finline-functions -funroll-loops
FAIL: gcc.c-torture/execute/ieee/980619-1.c execution, -O2 -fomit-frame-pointer -finline-functions -funroll-all-loops
FAIL: gcc.c-torture/execute/ieee/980619-1.c execution, -O2 -g
FAIL: gcc.c-torture/execute/ieee/980619-1.c execution, -Os
FAIL: gcc.dg/980626-1.c (test for excess errors)
=== gcc Summary ===
# of expected passes 7478
# of unexpected failures 18
# of expected failures 7
# of unsupported tests 19
/a/caip/a47/u47/ghazi/gcc-testing/aix-test/egcs-1.1.2/gcc/xgcc version egcs-2.91.66 19990314 (egcs-1.1.2 release)
=== g77 tests ===
Running target unix
FAIL: g77.f-torture/compile/980310-7.f, -O0
FAIL: g77.f-torture/compile/980310-7.f, -O1
FAIL: g77.f-torture/compile/980310-7.f, -O2
FAIL: g77.f-torture/compile/980310-7.f, -O2 -fomit-frame-pointer -finline-functions
FAIL: g77.f-torture/compile/980310-7.f, -O2 -fomit-frame-pointer -finline-functions -funroll-loops
FAIL: g77.f-torture/compile/980310-7.f, -O2 -fomit-frame-pointer -finline-functions -funroll-all-loops
FAIL: g77.f-torture/compile/980310-7.f, -Os
=== g77 Summary ===
# of expected passes 408
# of unexpected failures 7
=== g++ tests ===
Running target unix
FAIL: g++.brendan/prepost2.C .* (test for errors, line 9)
FAIL: g++.brendan/prepost2.C (test for excess errors)
FAIL: g++.bugs/900428_02.C (test for errors, line 25)
FAIL: g++.bugs/900428_02.C (test for errors, line 26)
FAIL: g++.jason/thunk2.C (test for excess errors)
FAIL: g++.jason/thunk3.C (test for excess errors)
FAIL: g++.law/access4.C can't access default ctor (test for errors, line 26)
FAIL: g++.law/access4.C (test for excess errors)
FAIL: g++.law/visibility19.C .* (test for errors, line 37)
FAIL: g++.law/visibility19.C .* (test for errors, line 38)
FAIL: g++.law/visibility19.C .* (test for errors, line 39)
FAIL: g++.law/visibility19.C (test for excess errors)
FAIL: g++.mike/eh30.C (test for excess errors)
FAIL: g++.mike/for2.C (test for errors, line 17)
FAIL: g++.mike/for2.C (test for excess errors)
FAIL: g++.mike/net9.C bad (test for errors, line 14)
FAIL: g++.mike/net9.C (test for excess errors)
FAIL: g++.mike/p4750.C (test for excess errors)
FAIL: g++.other/ptrmem2.C (test for excess errors)
FAIL: g++.pt/redecl1.C redeclared here (test for errors, line 22)
FAIL: g++.pt/redecl1.C (test for excess errors)
FAIL: g++.pt/static3.C (test for excess errors)
FAIL: g++.robertl/eb101.C (test for excess errors)
FAIL: g++.robertl/eb106.C (test for excess errors)
XPASS: g++.robertl/eb132.C (test for excess errors)
FAIL: g++.robertl/eb71.C (test for excess errors)
FAIL: g++.robertl/eb91.C (test for excess errors)
=== g++ Summary ===
# of expected passes 4194
# of unexpected failures 26
# of unexpected successes 1
# of expected failures 86
# of untested testcases 7
/a/caip/a47/u47/ghazi/gcc-testing/aix-test/egcs-1.1.2/gcc/testsuite/../xgcc version egcs-2.91.66 19990314 (egcs-1.1.2 release)
=== libstdc++ tests ===
Running target unix
=== libstdc++ Summary ===
# of expected passes 30
=== libio tests ===
Running target unix
=== libio Summary ===
# of expected passes 40
Compiler version: egcs-2.91.66 19990314 (egcs-1.1.2 release)
Platform: powerpc-ibm-aix4.1.4.0
configure flags: --with-gcc-version-trigger=/caip/u47/ghazi/gcc-testing/aix-test/egcs-1.1.2/gcc/version.c --host=powerpc-ibm-aix4.1.4.0 --verbose --norecursion
BOOT_CFLAGS=-g -O3 -mminimal-toc -pipe
More information about the Gcc-testresults
mailing list