Results for egcs-2.91.66 19990314 (egcs-1.1.2 release) testsuite on mips-sgi-irix6.2
Kaveh R. Ghazi
ghazi@caip.rutgers.edu
Wed Mar 17 06:26:00 GMT 1999
Native configuration is mips-sgi-irix6.2
=== gcc tests ===
Running target unix
FAIL: gcc.c-torture/execute/980526-1.c execution, -O2 -fomit-frame-pointer -finline-functions
FAIL: gcc.c-torture/execute/complex-5.c execution, -O0
FAIL: gcc.c-torture/execute/complex-5.c execution, -O1
FAIL: gcc.c-torture/execute/complex-5.c execution, -O2
FAIL: gcc.c-torture/execute/complex-5.c execution, -O2 -fomit-frame-pointer -finline-functions
FAIL: gcc.c-torture/execute/complex-5.c execution, -O2 -g
FAIL: gcc.c-torture/execute/complex-5.c execution, -Os
FAIL: gcc.dg/980626-1.c (test for excess errors)
=== gcc Summary ===
# of expected passes 7488
# of unexpected failures 8
# of expected failures 7
# of unsupported tests 19
/caip/u47/ghazi/gcc-testing/egcs-1.1.2/gcc/xgcc version egcs-2.91.66 19990314 (egcs-1.1.2 release)
=== g77 tests ===
Running target unix
=== g77 Summary ===
# of expected passes 415
=== g++ tests ===
Running target unix
XPASS: g++.robertl/eb132.C (test for excess errors)
=== g++ Summary ===
# of expected passes 4219
# of unexpected successes 1
# of expected failures 87
# of untested testcases 7
/caip/u47/ghazi/gcc-testing/egcs-1.1.2/gcc/testsuite/../xgcc version egcs-2.91.66 19990314 (egcs-1.1.2 release)
=== libstdc++ tests ===
Running target unix
=== libstdc++ Summary ===
# of expected passes 30
=== libio tests ===
Running target unix
=== libio Summary ===
# of expected passes 40
Compiler version: egcs-2.91.66 19990314 (egcs-1.1.2 release)
Platform: mips-sgi-irix6.2
configure flags: --with-gcc-version-trigger=/caip/u47/ghazi/gcc-testing/egcs-1.1.2/gcc/version.c --host=mips-sgi-irix6.2 --verbose --norecursion
BOOT_CFLAGS=-g -O3 -funroll-all-loops
More information about the Gcc-testresults
mailing list