Results for haifa-enabled egcs-2.93.12 19990314 (gcc2 ss-980929 experimental) testsuite on i586-pc-linux-gnu
Nix
nix-egcs@esperi.demon.co.uk
Mon Mar 15 12:15:00 GMT 1999
Sources: - egcs mainline from CVS last updated at Sun Mar 14 20:09:06 1999; official snapshot tagged as egcs_ss_19990314
- libg++-2.8.1.2a-19981217
Patches: None.
Environment: - GNU binutils 2.9.1.0.22b
- autoconf-990306
- automake-990306
- dejagnu-19981026
- gperf-2.7 with gperf-2.7-19981006 patch for -F
- Linux kernel 2.2.3 (compiled by egcs-2.91.60)
- glibc 2.1.0 (compiled by egcs-2.91.60)
Remarks: None.
configure flags: --with-gnu-ld --with-gnu-as --prefix=/usr/packages.bin/egcs/haifashot --enable-shared --enable-haifa
BOOT_CC: egcs-2.91.60
BOOT_CFLAGS: -W -Wall -funroll-all-loops -g -march=pentium -mcpu=pentium -fomit-frame-pointer -O9
CFLAGS: -W -Wall -march=pentium -mcpu=pentium -fomit-frame-pointer -g -O9
CXXFLAGS: -W -Wall -march=pentium -mcpu=pentium -fomit-frame-pointer -g -O9
Changes in testsuite results for g++ since the last successful snapshot build (on Wed Mar 10 04:20:50 1999):
New tests that FAIL:
g++.other/access6.C - private - (test for bogus messages, line 14)
g++.other/access6.C - private - (test for bogus messages, line 9)
g++.other/access6.C - redeclared - (test for bogus messages, line 11)
g++.other/friend1.C - (test for bogus messages, line 16)
New tests that PASS:
g++.brendan/crash11.C private (test for errors, line 6)
g++.brendan/crash11.C private (test for errors, line 7)
g++.brendan/crash19.C inacessible (test for errors, line 154)
g++.brendan/crash19.C inacessible (test for errors, line 155)
g++.brendan/enum6.C private (test for errors, line 5)
g++.brendan/enum6.C within this context (test for errors, line 15)
g++.brendan/visibility1.C protected (test for errors, line 5)
g++.brendan/visibility6.C private (test for errors, line 6)
g++.brendan/visibility8.C private (test for errors, line 8)
g++.jason/access17.C private (test for errors, line 6)
g++.jason/access23.C private (test for errors, line 29)
g++.jason/access23.C private (test for errors, line 30)
g++.jason/access23.C private (test for errors, line 35)
g++.jason/access23.C private (test for errors, line 36)
g++.jason/access23.C protected (test for errors, line 19)
g++.jason/access23.C protected (test for errors, line 20)
g++.jason/access23.C protected (test for errors, line 25)
g++.jason/access23.C protected (test for errors, line 26)
g++.law/arm14.C private (test for errors, line 12)
g++.law/union2.C private (test for errors, line 13)
g++.law/union2.C private (test for errors, line 15)
g++.law/visibility12.C private (test for errors, line 9)
g++.law/visibility13.C private (test for errors, line 26)
g++.law/visibility13.C private (test for errors, line 27)
g++.law/visibility16.C protected (test for errors, line 10)
g++.law/visibility18.C private (test for errors, line 10)
g++.law/visibility19.C protected (test for errors, line 10)
g++.law/visibility4.C private (test for errors, line 11)
g++.law/visibility8.C protected (test for errors, line 10)
g++.law/visibility9.C protected (test for errors, line 11)
g++.martin/access1.C (test for excess errors)
g++.martin/sts_conv.C - should convert (test for bogus messages, line 17)
g++.martin/sts_conv.C - should convert Execution test
g++.mike/p8785.C private (test for errors, line 6)
g++.ns/template8.C (test for excess errors)
g++.other/access4.C (test for excess errors)
g++.other/access5.C (test for excess errors)
g++.other/access6.C (test for excess errors)
g++.other/ambig1.C candidates (test for errors, line 10)
g++.other/ambig1.C candidates (test for errors, line 11)
g++.other/ambig1.C candidates (test for errors, line 12)
g++.other/ambig1.C candidates (test for errors, line 4)
g++.other/ambig1.C candidates (test for errors, line 5)
g++.other/ambig1.C candidates (test for errors, line 6)
g++.other/crash7.C private (test for errors, line 7)
g++.other/crash7.C within this context (test for errors, line 10)
g++.other/friend1.C in this context (test for errors, line 15)
g++.other/friend4.C private (test for errors, line 13)
g++.pt/derived2.C (test for excess errors)
g++.pt/friend11.C private (test for errors, line 23)
g++.pt/friend21.C private (test for errors, line 10)
g++.pt/friend3.C private (test for errors, line 10)
g++.pt/overload12.C Execution test
g++.pt/overload12.C (test for excess errors)
Old tests that passed, that have disappeared: (Eeek!)
g++.brendan/enum6.C .* (test for errors, line 15)
g++.other/crash7.C private (test for errors, line 10)
Old tests that failed, that have disappeared: (Eeek!)
g++.martin/sts_conv.C - should convert - (test for bogus messages, line 17)
g++.martin/sts_conv.C - should convert - Execution test
g++.other/access3.C - private (test for bogus messages, line 24)
g++.other/access3.C - private Execution test
g++.other/access3.C - ref below (test for bogus messages, line 7)
Changes in testsuite results for g77 since the last successful snapshot build (on Wed Mar 10 04:20:50 1999):
New tests that PASS:
g77.f-torture/compile/19990305-0.f, -O0
g77.f-torture/compile/19990305-0.f, -O1
g77.f-torture/compile/19990305-0.f, -O2
g77.f-torture/compile/19990305-0.f, -O2 -fomit-frame-pointer -finline-functions
g77.f-torture/compile/19990305-0.f, -Os
g77.f-torture/compile/960317-1.f, -O0
g77.f-torture/compile/960317-1.f, -O1
g77.f-torture/compile/960317-1.f, -O2
g77.f-torture/compile/960317-1.f, -O2 -fomit-frame-pointer -finline-functions
g77.f-torture/compile/960317-1.f, -Os
g77.f-torture/execute/19981119-0.f compilation, -O0
g77.f-torture/execute/19981119-0.f compilation, -O1
g77.f-torture/execute/19981119-0.f compilation, -O2
g77.f-torture/execute/19981119-0.f compilation, -O2 -fomit-frame-pointer -finline-functions
g77.f-torture/execute/19981119-0.f compilation, -Os
g77.f-torture/execute/19981119-0.f execution, -O0
g77.f-torture/execute/19981119-0.f execution, -O1
g77.f-torture/execute/19981119-0.f execution, -O2
g77.f-torture/execute/19981119-0.f execution, -O2 -fomit-frame-pointer -finline-functions
g77.f-torture/execute/19981119-0.f execution, -Os
g77.f-torture/execute/19990313-0.f compilation, -O0
g77.f-torture/execute/19990313-0.f compilation, -O1
g77.f-torture/execute/19990313-0.f compilation, -O2
g77.f-torture/execute/19990313-0.f compilation, -O2 -fomit-frame-pointer -finline-functions
g77.f-torture/execute/19990313-0.f compilation, -Os
g77.f-torture/execute/19990313-0.f execution, -O0
g77.f-torture/execute/19990313-0.f execution, -O1
g77.f-torture/execute/19990313-0.f execution, -O2
g77.f-torture/execute/19990313-0.f execution, -O2 -fomit-frame-pointer -finline-functions
g77.f-torture/execute/19990313-0.f execution, -Os
g77.f-torture/execute/19990313-1.f compilation, -O0
g77.f-torture/execute/19990313-1.f compilation, -O1
g77.f-torture/execute/19990313-1.f compilation, -O2
g77.f-torture/execute/19990313-1.f compilation, -O2 -fomit-frame-pointer -finline-functions
g77.f-torture/execute/19990313-1.f compilation, -Os
g77.f-torture/execute/19990313-1.f execution, -O0
g77.f-torture/execute/19990313-1.f execution, -O1
g77.f-torture/execute/19990313-1.f execution, -O2
g77.f-torture/execute/19990313-1.f execution, -O2 -fomit-frame-pointer -finline-functions
g77.f-torture/execute/19990313-1.f execution, -Os
g77.f-torture/execute/19990313-2.f compilation, -O0
g77.f-torture/execute/19990313-2.f compilation, -O1
g77.f-torture/execute/19990313-2.f compilation, -O2
g77.f-torture/execute/19990313-2.f compilation, -O2 -fomit-frame-pointer -finline-functions
g77.f-torture/execute/19990313-2.f compilation, -Os
g77.f-torture/execute/19990313-2.f execution, -O0
g77.f-torture/execute/19990313-2.f execution, -O1
g77.f-torture/execute/19990313-2.f execution, -O2
g77.f-torture/execute/19990313-2.f execution, -O2 -fomit-frame-pointer -finline-functions
g77.f-torture/execute/19990313-2.f execution, -Os
g77.f-torture/execute/19990313-3.f compilation, -O0
g77.f-torture/execute/19990313-3.f compilation, -O1
g77.f-torture/execute/19990313-3.f compilation, -O2
g77.f-torture/execute/19990313-3.f compilation, -O2 -fomit-frame-pointer -finline-functions
g77.f-torture/execute/19990313-3.f compilation, -Os
g77.f-torture/execute/19990313-3.f execution, -O0
g77.f-torture/execute/19990313-3.f execution, -O1
g77.f-torture/execute/19990313-3.f execution, -O2
g77.f-torture/execute/19990313-3.f execution, -O2 -fomit-frame-pointer -finline-functions
g77.f-torture/execute/19990313-3.f execution, -Os
Old tests that failed, that have disappeared: (Eeek!)
g77.f-torture/execute/960317-1.f compilation, -O0
g77.f-torture/execute/960317-1.f compilation, -O1
g77.f-torture/execute/960317-1.f compilation, -O2
g77.f-torture/execute/960317-1.f compilation, -O2 -fomit-frame-pointer -finline-functions
g77.f-torture/execute/960317-1.f compilation, -Os
Changes in testsuite results for gcc since the last successful snapshot build (on Wed Mar 10 04:20:49 1999):
New tests that FAIL:
gcc.dg/uninit-1.c uninitialized variable warning (test for bogus messages, line 16)
gcc.dg/uninit-2.c uninitialized variable warning (test for bogus messages, line 28)
gcc.dg/uninit-3.c uninitialized variable warning (test for bogus messages, line 11)
gcc.dg/uninit-4.c uninitialized variable warning (test for bogus messages, line 24)
New tests that PASS:
gcc.dg/uninit-1.c (test for excess errors)
gcc.dg/uninit-2.c (test for excess errors)
gcc.dg/uninit-3.c (test for excess errors)
gcc.dg/uninit-4.c (test for excess errors)
Changes in testsuite results for libg++ since the last successful snapshot build (on Wed Mar 10 04:20:49 1999):
Changes in testsuite results for libio since the last successful snapshot build (on Wed Mar 10 04:20:49 1999):
Changes in testsuite results for libstdc++ since the last successful snapshot build (on Wed Mar 10 04:20:49 1999):
Changes in testsuite results for objc since the last successful snapshot build (on Wed Mar 10 04:20:50 1999):
Changes in stage 3 warnings since the last successful snapshot build (on Wed Mar 10 04:20:53 1999):
2c2
< there are 386 warnings in stage3 of this bootstrap.
---
> there are 430 warnings in stage3 of this bootstrap.
5c5
< 44 ../../egcs/gcc/toplev.c
---
> 45 ../../egcs/gcc/toplev.c
8,9c8,9
< 14 ../../../egcs/gcc/java/lex.c
< 12 ./parse.y
---
> 14 ./parse.y
> 12 ../../egcs/gcc/varasm.c
11a12,14
> 12 ../../../egcs/gcc/java/lex.c
> 12 ../../../egcs/gcc/java/jcf-reader.c
> 12 ../../../egcs/gcc/java/jcf-dump.c
12a16,18
> 12 ../../../egcs/gcc/java/expr.c
> 11 ../../../egcs/gcc/java/gjavah.c
> 10 ../../egcs/gcc/reload1.c
15,21c21,23
< 10 ../../../egcs/gcc/java/jcf-dump.c
< 10 ../../../egcs/gcc/java/expr.c
< 9 ../../egcs/gcc/reload1.c
< 9 ../../egcs/gcc/loop.c
< 9 ../../../egcs/gcc/java/jcf-reader.c
< 8 ../../egcs/gcc/varasm.c
< 7 ../../egcs/gcc/unroll.c
---
> 9 ../../egcs/gcc/unroll.c
> 9 ../../egcs/gcc/dwarf2out.c
> 8 ../../egcs/gcc/loop.c
23d24
< 7 ../../egcs/gcc/dwarf2out.c
26a28
> 6 ../../egcs/gcc/expr.c
28d29
< 6 ../../../egcs/gcc/java/gjavah.c
30a32
> 5 ../../egcs/gcc/reg-stack.c
32a35
> 5 ../../../egcs/gcc/java/verify.c
35,36c38
< 4 ../../egcs/gcc/reg-stack.c
< 4 ../../../egcs/gcc/java/verify.c
---
> 4 ../../../egcs/gcc/java/parse.h
39a42,44
> 3 gcj.c
> 3 g77.c
> 3 g++.c
44a50
> 3 ../../egcs/gcc/gcc.c
45a52,53
> 3 ../../egcs/gcc/config/i386/i386.c
> 3 ../../../egcs/gcc/cp/search.c
48,50d55
< 2 gcj.c
< 2 g77.c
< 2 g++.c
54,56c59
< 2 ../../egcs/gcc/gcc.c
< 2 ../../egcs/gcc/expr.c
< 2 ../../egcs/gcc/config/i386/i386.c
---
> 2 ../../../egcs/gcc/java/typeck.c
69a73
> 1 ../../egcs/gcc/expmed.c
70a75
> 1 ../../egcs/gcc/except.c
77a83
> 1 ../../../egcs/gcc/java/constants.c
84c90
< 1 ../../../egcs/gcc/cp/call.c
---
> 1 ../../../egcs/gcc/cp/pt.c
89,92c95,98
< 92 `???' might be used uninitialized in this function
< 57 implicit declaration of function `???'
< 54 unused parameter `???'
< 37 comparison between signed and unsigned
---
> 115 `???' might be used uninitialized in this function
> 58 implicit declaration of function `???'
> 57 unused parameter `???'
> 43 comparison between signed and unsigned
96a103
> 16 unused variable `???'
98d104
< 9 unused variable `???'
99a106
> 8 `???' declared `static' but never defined
101d107
< 4 `???' declared `static' but never defined
104d109
< 2 `???' within comment
105a111
> 1 value computed is not used
107a114
> 1 label `???' defined but not used
Changes in stage 3 no-subdir warnings since the last successful snapshot build (on Wed Mar 10 04:20:57 1999):
2c2
< there are 276 warnings in stage3 of this bootstrap.
---
> there are 297 warnings in stage3 of this bootstrap.
5c5
< 44 ../../egcs/gcc/toplev.c
---
> 45 ../../egcs/gcc/toplev.c
7a8
> 12 ../../egcs/gcc/varasm.c
9a11
> 10 ../../egcs/gcc/reload1.c
12,15c14,16
< 9 ../../egcs/gcc/reload1.c
< 9 ../../egcs/gcc/loop.c
< 8 ../../egcs/gcc/varasm.c
< 7 ../../egcs/gcc/unroll.c
---
> 9 ../../egcs/gcc/unroll.c
> 9 ../../egcs/gcc/dwarf2out.c
> 8 ../../egcs/gcc/loop.c
17d17
< 7 ../../egcs/gcc/dwarf2out.c
20a21
> 6 ../../egcs/gcc/expr.c
21a23
> 5 ../../egcs/gcc/reg-stack.c
26d27
< 4 ../../egcs/gcc/reg-stack.c
27a29,31
> 3 gcj.c
> 3 g77.c
> 3 g++.c
32a37
> 3 ../../egcs/gcc/gcc.c
33a39
> 3 ../../egcs/gcc/config/i386/i386.c
36,38d41
< 2 gcj.c
< 2 g77.c
< 2 g++.c
42,44d44
< 2 ../../egcs/gcc/gcc.c
< 2 ../../egcs/gcc/expr.c
< 2 ../../egcs/gcc/config/i386/i386.c
57a58
> 1 ../../egcs/gcc/expmed.c
58a60
> 1 ../../egcs/gcc/except.c
64,66c66,68
< 74 `???' might be used uninitialized in this function
< 41 unused parameter `???'
< 31 implicit declaration of function `???'
---
> 94 `???' might be used uninitialized in this function
> 42 unused parameter `???'
> 32 implicit declaration of function `???'
73d74
< 5 unused variable `???'
74a76
> 4 unused variable `???'
Changes in stage 0 warnings since the last successful snapshot build (on Wed Mar 10 04:20:56 1999):
2c2
< there are 714 warnings in stage0 of this bootstrap.
---
> there are 715 warnings in stage0 of this bootstrap.
7c7
< 54 ../../../egcs/libchill/format.c
---
> 55 ../../../egcs/libchill/format.c
121c121
< 34 `???' might be used uninitialized in this function
---
> 35 `???' might be used uninitialized in this function
Changes in testsuite results for g++ since the last successful build (on Sat Mar 13 03:42:12 1999):
New tests that PASS:
g++.martin/access1.C (test for excess errors)
g++.martin/sts_conv.C - should convert (test for bogus messages, line 17)
g++.martin/sts_conv.C - should convert Execution test
g++.ns/template8.C (test for excess errors)
Old tests that passed, that have disappeared: (Eeek!)
g++.martin/sts_conv.C - should convert - (test for bogus messages, line 17)
g++.martin/sts_conv.C - should convert - Execution test
Changes in testsuite results for g77 since the last successful build (on Sat Mar 13 03:42:12 1999):
New tests that PASS:
g77.f-torture/execute/19990313-0.f compilation, -O0
g77.f-torture/execute/19990313-0.f compilation, -O1
g77.f-torture/execute/19990313-0.f compilation, -O2
g77.f-torture/execute/19990313-0.f compilation, -O2 -fomit-frame-pointer -finline-functions
g77.f-torture/execute/19990313-0.f compilation, -Os
g77.f-torture/execute/19990313-0.f execution, -O0
g77.f-torture/execute/19990313-0.f execution, -O1
g77.f-torture/execute/19990313-0.f execution, -O2
g77.f-torture/execute/19990313-0.f execution, -O2 -fomit-frame-pointer -finline-functions
g77.f-torture/execute/19990313-0.f execution, -Os
g77.f-torture/execute/19990313-1.f compilation, -O0
g77.f-torture/execute/19990313-1.f compilation, -O1
g77.f-torture/execute/19990313-1.f compilation, -O2
g77.f-torture/execute/19990313-1.f compilation, -O2 -fomit-frame-pointer -finline-functions
g77.f-torture/execute/19990313-1.f compilation, -Os
g77.f-torture/execute/19990313-1.f execution, -O0
g77.f-torture/execute/19990313-1.f execution, -O1
g77.f-torture/execute/19990313-1.f execution, -O2
g77.f-torture/execute/19990313-1.f execution, -O2 -fomit-frame-pointer -finline-functions
g77.f-torture/execute/19990313-1.f execution, -Os
g77.f-torture/execute/19990313-2.f compilation, -O0
g77.f-torture/execute/19990313-2.f compilation, -O1
g77.f-torture/execute/19990313-2.f compilation, -O2
g77.f-torture/execute/19990313-2.f compilation, -O2 -fomit-frame-pointer -finline-functions
g77.f-torture/execute/19990313-2.f compilation, -Os
g77.f-torture/execute/19990313-2.f execution, -O0
g77.f-torture/execute/19990313-2.f execution, -O1
g77.f-torture/execute/19990313-2.f execution, -O2
g77.f-torture/execute/19990313-2.f execution, -O2 -fomit-frame-pointer -finline-functions
g77.f-torture/execute/19990313-2.f execution, -Os
g77.f-torture/execute/19990313-3.f compilation, -O0
g77.f-torture/execute/19990313-3.f compilation, -O1
g77.f-torture/execute/19990313-3.f compilation, -O2
g77.f-torture/execute/19990313-3.f compilation, -O2 -fomit-frame-pointer -finline-functions
g77.f-torture/execute/19990313-3.f compilation, -Os
g77.f-torture/execute/19990313-3.f execution, -O0
g77.f-torture/execute/19990313-3.f execution, -O1
g77.f-torture/execute/19990313-3.f execution, -O2
g77.f-torture/execute/19990313-3.f execution, -O2 -fomit-frame-pointer -finline-functions
g77.f-torture/execute/19990313-3.f execution, -Os
Changes in testsuite results for gcc since the last successful build (on Sat Mar 13 03:42:12 1999):
New tests that FAIL:
gcc.dg/uninit-1.c uninitialized variable warning (test for bogus messages, line 16)
gcc.dg/uninit-2.c uninitialized variable warning (test for bogus messages, line 28)
gcc.dg/uninit-3.c uninitialized variable warning (test for bogus messages, line 11)
gcc.dg/uninit-4.c uninitialized variable warning (test for bogus messages, line 24)
New tests that PASS:
gcc.dg/uninit-1.c (test for excess errors)
gcc.dg/uninit-2.c (test for excess errors)
gcc.dg/uninit-3.c (test for excess errors)
gcc.dg/uninit-4.c (test for excess errors)
Changes in testsuite results for libg++ since the last successful build (on Sat Mar 13 03:42:11 1999):
Changes in testsuite results for libio since the last successful build (on Sat Mar 13 03:42:11 1999):
Changes in testsuite results for libstdc++ since the last successful build (on Sat Mar 13 03:42:11 1999):
Changes in testsuite results for objc since the last successful build (on Sat Mar 13 03:42:12 1999):
Changes in stage 3 warnings since the last successful build (on Sat Mar 13 03:42:32 1999):
2c2
< there are 386 warnings in stage3 of this bootstrap.
---
> there are 406 warnings in stage3 of this bootstrap.
11a12,13
> 12 ../../../egcs/gcc/java/jcf-reader.c
> 12 ../../../egcs/gcc/java/jcf-dump.c
12a15,16
> 12 ../../../egcs/gcc/java/expr.c
> 11 ../../../egcs/gcc/java/gjavah.c
15,16d18
< 10 ../../../egcs/gcc/java/jcf-dump.c
< 10 ../../../egcs/gcc/java/expr.c
19d20
< 9 ../../../egcs/gcc/java/jcf-reader.c
28d28
< 6 ../../../egcs/gcc/java/gjavah.c
32a33
> 5 ../../../egcs/gcc/java/verify.c
36c37
< 4 ../../../egcs/gcc/java/verify.c
---
> 4 ../../../egcs/gcc/java/parse.h
56a58
> 2 ../../../egcs/gcc/java/typeck.c
77a80
> 1 ../../../egcs/gcc/java/constants.c
92c95
< 37 comparison between signed and unsigned
---
> 43 comparison between signed and unsigned
96a100
> 17 unused variable `???'
98d101
< 9 unused variable `???'
99a103
> 8 `???' declared `static' but never defined
101d104
< 4 `???' declared `static' but never defined
105a109
> 1 value computed is not used
107a112
> 1 label `???' defined but not used
Changes in stage 3 no-subdir warnings since the last successful build (on Sat Mar 13 03:42:36 1999):
Changes in stage 0 warnings since the last successful build (on Sat Mar 13 03:42:34 1999):
Native configuration is i586-pc-linux-gnu
=== libio tests ===
Running target unix
=== libio Summary ===
# of expected passes 40
=== libstdc++ tests ===
Running target unix
=== libstdc++ Summary ===
# of expected passes 30
=== libg++ tests ===
Running target unix
=== libg++ Summary ===
# of expected passes 72
=== gcc tests ===
Running target unix
FAIL: gcc.c-torture/execute/930603-1.c execution, -O0
FAIL: gcc.c-torture/execute/930603-1.c execution, -O1
FAIL: gcc.c-torture/execute/930603-1.c execution, -O2
FAIL: gcc.c-torture/execute/930603-1.c execution, -Os
FAIL: gcc.c-torture/execute/990130-1.c compilation, -O0
FAIL: gcc.c-torture/execute/990130-1.c compilation, -O1
FAIL: gcc.c-torture/execute/990130-1.c compilation, -O2
FAIL: gcc.c-torture/execute/990130-1.c compilation, -O3 -fomit-frame-pointer
FAIL: gcc.c-torture/execute/990130-1.c compilation, -O3 -g
FAIL: gcc.c-torture/execute/990130-1.c compilation, -Os
FAIL: gcc.c-torture/execute/loop-2b.c execution, -O2
FAIL: gcc.c-torture/execute/loop-2b.c execution, -O3 -fomit-frame-pointer
FAIL: gcc.c-torture/execute/loop-2b.c execution, -O3 -fomit-frame-pointer -funroll-loops
FAIL: gcc.c-torture/execute/loop-2b.c execution, -O3 -fomit-frame-pointer -funroll-all-loops -finline-functions
FAIL: gcc.c-torture/execute/loop-2b.c execution, -O3 -g
FAIL: gcc.c-torture/execute/ieee/980619-1.c execution, -O1
FAIL: gcc.c-torture/execute/ieee/980619-1.c execution, -O2
FAIL: gcc.c-torture/execute/ieee/980619-1.c execution, -O3 -fomit-frame-pointer
FAIL: gcc.c-torture/execute/ieee/980619-1.c execution, -O3 -fomit-frame-pointer -funroll-loops
FAIL: gcc.c-torture/execute/ieee/980619-1.c execution, -O3 -fomit-frame-pointer -funroll-all-loops -finline-functions
FAIL: gcc.c-torture/execute/ieee/980619-1.c execution, -O3 -g
FAIL: gcc.c-torture/execute/ieee/980619-1.c execution, -Os
FAIL: gcc.c-torture/noncompile/951227-1.c
FAIL: gcc.dg/990119-1.c execution test
FAIL: gcc.dg/cpp-if1.c invalid number (test for errors, line 12)
FAIL: gcc.dg/cpp-if1.c invalid number (test for errors, line 15)
FAIL: gcc.dg/cpp-if1.c invalid number (test for errors, line 18)
FAIL: gcc.dg/cpp-if1.c floating point in #if (test for errors, line 21)
FAIL: gcc.dg/cpp-if1.c too many suffixes (test for errors, line 24)
FAIL: gcc.dg/cpp-if1.c too many suffixes (test for errors, line 27)
FAIL: gcc.dg/cpp-if1.c (test for excess errors)
FAIL: gcc.dg/cpp-if3.c (test for excess errors)
FAIL: gcc.dg/special/weak-1.c execution test
FAIL: gcc.misc-tests/m-un-2.c warning regression (test for warnings, line 18)
FAIL: gcc.misc-tests/m-un-2.c warning regression (test for warnings, line 23)
FAIL: gcc.misc-tests/m-un-2.c (test for excess errors)
=== gcc Summary ===
# of expected passes 7990
# of unexpected failures 36
# of expected failures 23
# of unresolved testcases 6
# of unsupported tests 13
/usr/.egcs-snapshot/i586-pc-linux-gnu-haifa/gcc/xgcc version egcs-2.93.12 19990314 (gcc2 ss-980929 experimental)
=== g++ tests ===
Running target unix
FAIL: g++.dg/special/conpr-1.C execution test
FAIL: g++.dg/special/conpr-2.C execution test
FAIL: g++.dg/special/conpr-3.C execution test
FAIL: g++.dg/special/conpr-3.C execution test
=== g++ Summary ===
# of expected passes 4981
# of unexpected failures 4
# of expected failures 82
# of untested testcases 7
/usr/.egcs-snapshot/i586-pc-linux-gnu-haifa/gcc/testsuite/../xgcc version egcs-2.93.12 19990314 (gcc2 ss-980929 experimental)
=== g77 tests ===
Running target unix
FAIL: g77.f-torture/execute/970625-2.f compilation, -O1
=== g77 Summary ===
# of expected passes 549
# of unexpected failures 1
# of untested testcases 1
=== objc tests ===
Running target unix
FAIL: objc/execute/bf-1.m execution, -O
FAIL: objc/execute/bf-10.m execution, -O
FAIL: objc/execute/bf-11.m execution, -O
FAIL: objc/execute/bf-12.m execution, -O
FAIL: objc/execute/bf-13.m execution, -O
FAIL: objc/execute/bf-14.m execution, -O
FAIL: objc/execute/bf-15.m execution, -O
FAIL: objc/execute/bf-16.m execution, -O
FAIL: objc/execute/bf-17.m execution, -O
FAIL: objc/execute/bf-18.m execution, -O
FAIL: objc/execute/bf-19.m execution, -O
FAIL: objc/execute/bf-2.m execution, -O
FAIL: objc/execute/bf-3.m execution, -O
FAIL: objc/execute/bf-4.m execution, -O
FAIL: objc/execute/bf-5.m execution, -O
FAIL: objc/execute/bf-6.m execution, -O
FAIL: objc/execute/bf-7.m execution, -O
FAIL: objc/execute/bf-8.m execution, -O
FAIL: objc/execute/bf-9.m execution, -O
=== objc Summary ===
# of expected passes 19
# of unexpected failures 19
/usr/.egcs-snapshot/i586-pc-linux-gnu-haifa/gcc/xgcc version egcs-2.93.12 19990314 (gcc2 ss-980929 experimental)
Compiler version: haifa-enabled egcs-2.93.12 19990314 (gcc2 ss-980929 experimental)
Platform: i586-pc-linux-gnu
configure flags: --with-gcc-version-trigger=/usr/packages/egcs/egcs/snapshot/egcs/gcc/version.c --host=i586-pc-linux-gnu --with-gnu-ld --with-gnu-as --prefix=/usr/packages.bin/egcs/haifashot --enable-shared --enable-haifa --norecursion
BOOT_CFLAGS=-W -Wall -funroll-all-loops -g -march=pentium -mcpu=pentium -fomit-frame-pointer -O9
Counting all warnings,
there are 386 warnings in stage3 of this bootstrap.
Number of warnings per file:
44 ../../egcs/gcc/toplev.c
19 ../../egcs/gcc/cccp.c
15 ../../egcs/gcc/objc/objc-act.c
14 ../../../egcs/gcc/java/lex.c
12 ./parse.y
12 ../../egcs/gcc/integrate.c
12 ../../egcs/gcc/cse.c
12 ../../../egcs/gcc/java/javaop.def
10 ../../egcs/gcc/fold-const.c
10 ../../egcs/gcc/final.c
10 ../../../egcs/gcc/java/jcf-dump.c
10 ../../../egcs/gcc/java/expr.c
9 ../../egcs/gcc/reload1.c
9 ../../egcs/gcc/loop.c
9 ../../../egcs/gcc/java/jcf-reader.c
8 ../../egcs/gcc/varasm.c
7 ../../egcs/gcc/unroll.c
7 ../../egcs/gcc/reload.c
7 ../../egcs/gcc/dwarf2out.c
7 ../../egcs/gcc/combine.c
6 ../../egcs/gcc/protoize.c
6 ../../egcs/gcc/optabs.c
6 ../../egcs/gcc/c-lex.c
6 ../../../egcs/gcc/java/gjavah.c
6 ../../../egcs/gcc/java/class.c
6 ../../../egcs/gcc/cp/lex.c
5 ../../egcs/gcc/dbxout.c
5 ../../egcs/gcc/collect2.c
4 cexp.y
4 ../../egcs/gcc/regclass.c
4 ../../egcs/gcc/reg-stack.c
4 ../../../egcs/gcc/java/verify.c
4 ../../../egcs/gcc/java/lex.h
4 ../../../egcs/gcc/java/jcf-write.c
3 insn-emit.c
3 ../../egcs/gcc/stmt.c
3 ../../egcs/gcc/regmove.c
3 ../../egcs/gcc/local-alloc.c
3 ../../egcs/gcc/genopinit.c
3 ../../egcs/gcc/gcov.c
3 ../../egcs/gcc/function.c
2 insn-recog.c
2 insn-output.c
2 gcj.c
2 g77.c
2 g++.c
2 ../../egcs/gcc/print-rtl.c
2 ../../egcs/gcc/graph.c
2 ../../egcs/gcc/genattrtab.c
2 ../../egcs/gcc/gcc.c
2 ../../egcs/gcc/expr.c
2 ../../egcs/gcc/config/i386/i386.c
1 splay-tree.c
1 cxxmain.c
1 ../../egcs/gcc/tree.c
1 ../../egcs/gcc/tlink.c
1 ../../egcs/gcc/stupid.c
1 ../../egcs/gcc/recog.c
1 ../../egcs/gcc/print-tree.c
1 ../../egcs/gcc/java/jvspec.c
1 ../../egcs/gcc/hash.c
1 ../../egcs/gcc/haifa-sched.c
1 ../../egcs/gcc/gengenrtl.c
1 ../../egcs/gcc/flow.c
1 ../../egcs/gcc/f/g77spec.c
1 ../../egcs/gcc/explow.c
1 ../../egcs/gcc/dwarfout.c
1 ../../egcs/gcc/crtstuff.c
1 ../../egcs/gcc/bitmap.c
1 ../../../egcs/gcc/java/jvgenmain.c
1 ../../../egcs/gcc/java/jcf-io.c
1 ../../../egcs/gcc/java/jcf-depend.c
1 ../../../egcs/gcc/java/decl.c
1 ../../../egcs/gcc/f/target.c
1 ../../../egcs/gcc/f/stw.c
1 ../../../egcs/gcc/f/storag.c
1 ../../../egcs/gcc/f/fini.c
1 ../../../egcs/gcc/f/bad.c
1 ../../../egcs/gcc/cp/ptree.c
1 ../../../egcs/gcc/cp/call.c
1 ../../../egcs/gcc/ch/grant.c
1 ../../../egcs/gcc/ch/decl.c
Number of warning types:
92 `???' might be used uninitialized in this function
57 implicit declaration of function `???'
54 unused parameter `???'
37 comparison between signed and unsigned
29 variable `???' might be clobbered by `longjmp' or `vfork'
22 statement with no effect
22 missing initializer
22 (near initialization for `???')
14 ??? format, ??? arg (arg ???)
9 unused variable `???'
8 initialization from incompatible pointer type
5 argument `???' might be clobbered by `longjmp' or `vfork'
4 `???' declared `static' but never defined
3 control reaches end of non-void function
2 zero-length format string
2 `???' within comment
2 `???' defined but not used
1 suggest explicit braces to avoid ambiguous `else'
1 passing arg ??? of `???' from incompatible pointer type
Counting all warnings,
there are 714 warnings in stage0 of this bootstrap.
Number of warnings per file:
126 ../../../egcs/texinfo/makeinfo/makeinfo.c
114 ../../../../egcs/libg++/src/bitdo2.h
54 ../../../egcs/libchill/format.c
25 ../../../../egcs/libf2c/libI77/rsne.c
22 ../../../egcs/libio/stdstreams.cc
14 ../../../egcs/libobjc/thr-single.c
14 ../../../egcs/libiberty/pexecute.c
14 ../../../../egcs/libf2c/libI77/lread.c
14 ../../../../egcs/libf2c/libI77/inquire.c
13 ../../../egcs/texinfo/makeinfo/multi.c
13 ../../../egcs/libobjc/archive.c
12 ../../egcs/libiberty/pexecute.c
12 ../../../egcs/libio/stdstrbufs.cc
12 ../../../../egcs/libg++/src/bitblt.c
8 ../../egcs/libiberty/floatformat.c
8 ../../../egcs/libio/iostream.cc
8 ../../../egcs/libiberty/floatformat.c
8 ../../../egcs/libchill/basicio.c
8 ../../../../egcs/libf2c/libI77/rdfmt.c
6 ../../../egcs/libchill/chillstdio.c
6 ../../../../egcs/libf2c/libI77/wref.c
6 ../../../../egcs/libf2c/libI77/open.c
6 ../../../../egcs/libf2c/libI77/iio.c
6 ../../../../egcs/libf2c/libI77/fmt.c
6 ../../../../egcs/libf2c/libF77/qbitbits.c
6 ../../../../egcs/libf2c/libF77/lbitbits.c
5 ../../../egcs/texinfo/util/install-info.c
5 ../../../egcs/libchill/waitbuffer.c
5 ../../../egcs/libchill/setbits.c
5 ../../../../egcs/libf2c/libI77/rsfe.c
5 ../../../../egcs/libf2c/libI77/dfe.c
4 ../../../egcs/texinfo/util/texindex.c
4 ../../../egcs/libobjc/sarray.c
4 ../../../egcs/libobjc/gc.c
4 ../../../egcs/libobjc/encoding.c
4 ../../../egcs/libchill/sendbuffer.c
4 ../../../egcs/libchill/ffsetclrps.c
4 ../../../egcs/libchill/cause.c
4 ../../../../egcs/libg++/src/Fix16.cc
3 ../../../egcs/libobjc/Object.m
3 ../../../egcs/libchill/readrecord.c
3 ../../../egcs/libchill/delaycase.c
3 ../../../egcs/libchill/concatps.c
3 ../../../../egcs/libf2c/libI77/wrtfmt.c
3 ../../../../egcs/libf2c/libI77/uio.c
3 ../../../../egcs/libf2c/libI77/sue.c
3 ../../../../egcs/libf2c/libI77/lwrite.c
3 ../../../../egcs/libf2c/libI77/err.c
3 ../../../../egcs/libf2c/libI77/due.c
3 ../../../../egcs/libf2c/libF77/main.c
2 ../../egcs/libiberty/splay-tree.c
2 ../../egcs/libiberty/cplus-dem.c
2 ../../egcs/libiberty/choose-temp.c
2 ../../../egcs/libobjc/sendmsg.c
2 ../../../egcs/libobjc/selector.c
2 ../../../egcs/libobjc/init.c
2 ../../../egcs/libio/stream.cc
2 ../../../egcs/libiberty/splay-tree.c
2 ../../../egcs/libiberty/cplus-dem.c
2 ../../../egcs/libiberty/choose-temp.c
2 ../../../egcs/libchill/writerecord.c
2 ../../../egcs/libchill/unhex.c
2 ../../../egcs/libchill/rtsdummy.c
2 ../../../egcs/libchill/retmem.c
2 ../../../egcs/libchill/allgmem.c
2 ../../../../egcs/libf2c/libU77/unlink_.c
2 ../../../../egcs/libf2c/libU77/symlnk_.c
2 ../../../../egcs/libf2c/libU77/stat_.c
2 ../../../../egcs/libf2c/libU77/rename_.c
2 ../../../../egcs/libf2c/libU77/lstat_.c
2 ../../../../egcs/libf2c/libU77/link_.c
2 ../../../../egcs/libf2c/libU77/ctime_.c
2 ../../../../egcs/libf2c/libU77/chmod_.c
2 ../../../../egcs/libf2c/libU77/chdir_.c
2 ../../../../egcs/libf2c/libU77/access_.c
2 ../../../../egcs/libf2c/libI77/rsli.c
2 ../../../../egcs/libf2c/libI77/endfile.c
1 ../../../egcs/libobjc/nil_method.c
1 ../../../egcs/libf2c/f2cext.c
1 ../../../egcs/libchill/settextindex.c
1 ../../../egcs/libchill/setbitps.c
1 ../../../egcs/libchill/printevent.c
1 ../../../egcs/libchill/printbuffer.c
1 ../../../egcs/libchill/neps.c
1 ../../../egcs/libchill/inps.c
1 ../../../egcs/libchill/inbitstr.c
1 ../../../egcs/libchill/flsetps.c
1 ../../../egcs/libchill/ffsetps.c
1 ../../../egcs/libchill/continue.c
1 ../../../egcs/libchill/concatstr.c
1 ../../../egcs/libchill/chillrt0.c
1 ../../../../egcs/libf2c/libU77/vxttime_.c
1 ../../../../egcs/libf2c/libU77/fputc_.c
1 ../../../../egcs/libf2c/libU77/etime_.c
1 ../../../../egcs/libf2c/libU77/dtime_.c
1 ../../../../egcs/libf2c/libI77/wsne.c
1 ../../../../egcs/libf2c/libI77/wsle.c
1 ../../../../egcs/libf2c/libI77/wsfe.c
1 ../../../../egcs/libf2c/libI77/sfe.c
1 ../../../../egcs/libf2c/libF77/system_.c
1 ../../../../egcs/libf2c/libF77/s_rnge.c
1 ../../../../egcs/libf2c/libF77/i_len.c
1 ../../../../egcs/libf2c/libF77/h_len.c
1 ../../../../egcs/libf2c/libF77/getenv_.c
1 ../../../../egcs/libf2c/libF77/ef1asc_.c
1 ../../../../egcs/libf2c/libF77/abort_.c
Number of warning types:
101 enumeration value `???' not handled in switch
90 suggest parentheses around arithmetic in operand of ^
87 comparison between signed and unsigned
85 unused parameter `???'
50 suggest parentheses around assignment used as truth value
48 unused variable `???'
39 return-type defaults to `int'
36 implicit declaration of function `???'
34 `???' might be used uninitialized in this function
30 missing initializer for member `???'
21 array subscript has type `char'
18 variable `???' might be clobbered by `longjmp' or `vfork'
17 suggest explicit braces to avoid ambiguous `else'
10 suggest parentheses around + or - inside shift
10 `???' defined but not used
5 suggest parentheses around arithmetic in operand of |
5 control reaches end of non-void function
4 suggest parentheses around + or - in operand of &
4 label `???' defined but not used
4 integer overflow in expression
3 suggest parentheses around && within ||
3 missing initializer
3 (near initialization for `???')
2 type of `???' defaults to `int'
2 missing initializer for `???'
2 ??? format, ??? arg (arg ???)
1 type defaults to `int' in declaration of `???'
Counting non-subdirectory warnings,
there are 276 warnings in stage3 of this bootstrap.
Number of warnings per file:
44 ../../egcs/gcc/toplev.c
19 ../../egcs/gcc/cccp.c
15 ../../egcs/gcc/objc/objc-act.c
12 ../../egcs/gcc/integrate.c
12 ../../egcs/gcc/cse.c
10 ../../egcs/gcc/fold-const.c
10 ../../egcs/gcc/final.c
9 ../../egcs/gcc/reload1.c
9 ../../egcs/gcc/loop.c
8 ../../egcs/gcc/varasm.c
7 ../../egcs/gcc/unroll.c
7 ../../egcs/gcc/reload.c
7 ../../egcs/gcc/dwarf2out.c
7 ../../egcs/gcc/combine.c
6 ../../egcs/gcc/protoize.c
6 ../../egcs/gcc/optabs.c
6 ../../egcs/gcc/c-lex.c
5 ../../egcs/gcc/dbxout.c
5 ../../egcs/gcc/collect2.c
4 cexp.y
4 ../../egcs/gcc/regclass.c
4 ../../egcs/gcc/reg-stack.c
3 insn-emit.c
3 ../../egcs/gcc/stmt.c
3 ../../egcs/gcc/regmove.c
3 ../../egcs/gcc/local-alloc.c
3 ../../egcs/gcc/genopinit.c
3 ../../egcs/gcc/gcov.c
3 ../../egcs/gcc/function.c
2 insn-recog.c
2 insn-output.c
2 gcj.c
2 g77.c
2 g++.c
2 ../../egcs/gcc/print-rtl.c
2 ../../egcs/gcc/graph.c
2 ../../egcs/gcc/genattrtab.c
2 ../../egcs/gcc/gcc.c
2 ../../egcs/gcc/expr.c
2 ../../egcs/gcc/config/i386/i386.c
1 splay-tree.c
1 cxxmain.c
1 ../../egcs/gcc/tree.c
1 ../../egcs/gcc/tlink.c
1 ../../egcs/gcc/stupid.c
1 ../../egcs/gcc/recog.c
1 ../../egcs/gcc/print-tree.c
1 ../../egcs/gcc/java/jvspec.c
1 ../../egcs/gcc/hash.c
1 ../../egcs/gcc/haifa-sched.c
1 ../../egcs/gcc/gengenrtl.c
1 ../../egcs/gcc/flow.c
1 ../../egcs/gcc/f/g77spec.c
1 ../../egcs/gcc/explow.c
1 ../../egcs/gcc/dwarfout.c
1 ../../egcs/gcc/crtstuff.c
1 ../../egcs/gcc/bitmap.c
Number of warning types:
74 `???' might be used uninitialized in this function
41 unused parameter `???'
31 implicit declaration of function `???'
31 comparison between signed and unsigned
22 missing initializer
22 (near initialization for `???')
20 statement with no effect
11 variable `???' might be clobbered by `longjmp' or `vfork'
8 initialization from incompatible pointer type
5 unused variable `???'
5 argument `???' might be clobbered by `longjmp' or `vfork'
2 zero-length format string
2 `???' defined but not used
1 suggest explicit braces to avoid ambiguous `else'
1 passing arg ??? of `???' from incompatible pointer type
More information about the Gcc-testresults
mailing list