Results for egcs-2.91.62 19990224 (egcs-1.1.2 pre-release-2) testsuite on alpha-redhat-linux-gnu
Christian Iseli
chris@ludwig-alpha.unil.ch
Wed Mar 3 04:02:00 GMT 1999
Native configuration is alpha-redhat-linux-gnu
=== libio tests ===
Running target unix
=== libio Summary ===
# of expected passes 40
=== libstdc++ tests ===
Running target unix
=== libstdc++ Summary ===
# of expected passes 30
=== gcc tests ===
Running target unix
FAIL: gcc.c-torture/execute/921208-2.c compilation, -O2 -fomit-frame-pointer -finline-functions -funroll-loops
FAIL: gcc.c-torture/execute/921215-1.c compilation, -O1
FAIL: gcc.c-torture/execute/930630-1.c compilation, -O2 -fomit-frame-pointer -finline-functions
FAIL: gcc.c-torture/execute/931004-2.c compilation, -O2 -fomit-frame-pointer -finline-functions -funroll-all-loops
FAIL: gcc.c-torture/execute/931004-4.c compilation, -O2 -fomit-frame-pointer -finline-functions -funroll-all-loops
FAIL: gcc.c-torture/execute/931017-1.c compilation, -O2 -fomit-frame-pointer -finline-functions
FAIL: gcc.c-torture/execute/980205.c compilation, -O1
FAIL: gcc.c-torture/execute/980506-2.c execution, -O2
FAIL: gcc.c-torture/execute/980506-2.c execution, -O2 -g
FAIL: gcc.c-torture/execute/980506-2.c execution, -Os
FAIL: gcc.c-torture/execute/980526-1.c execution, -O2 -fomit-frame-pointer -finline-functions
FAIL: gcc.c-torture/execute/complex-5.c execution, -O0
FAIL: gcc.c-torture/execute/complex-5.c execution, -O1
FAIL: gcc.c-torture/execute/complex-5.c execution, -O2
FAIL: gcc.c-torture/execute/complex-5.c execution, -O2 -fomit-frame-pointer -finline-functions
FAIL: gcc.c-torture/execute/complex-5.c execution, -O2 -g
FAIL: gcc.c-torture/execute/complex-5.c execution, -Os
FAIL: gcc.c-torture/execute/loop-2b.c compilation, -O0
FAIL: gcc.c-torture/execute/ieee/mzero2.c compilation, -O0
FAIL: gcc.c-torture/execute/ieee/mzero2.c execution, -O1
FAIL: gcc.c-torture/execute/ieee/mzero2.c execution, -O2
FAIL: gcc.c-torture/execute/ieee/mzero2.c execution, -O2 -fomit-frame-pointer -finline-functions
FAIL: gcc.c-torture/execute/ieee/mzero2.c execution, -O2 -g
FAIL: gcc.c-torture/execute/ieee/mzero2.c execution, -Os
FAIL: gcc.dg/980626-1.c (test for excess errors)
=== gcc Summary ===
# of expected passes 7464
# of unexpected failures 25
# of expected failures 7
# of untested testcases 9
# of unsupported tests 18
/export/BUILD/egcs/obj-alpha-linux/gcc/xgcc version egcs-2.91.62 19990224 (egcs-1.1.2 pre-release-2)
=== g++ tests ===
Running target unix
XPASS: g++.benjamin/p12475.C (test for excess errors)
XPASS: g++.brendan/array1.C overflow in array dimension.* , (test for errors, line 6)
XPASS: g++.jason/thunk3.C (test for excess errors)
XPASS: g++.jason/thunk3.C Execution test
FAIL: g++.law/arm13.C (test for excess errors)
XPASS: g++.law/profile1.C (test for excess errors)
XPASS: g++.law/profile1.C Execution test
FAIL: g++.other/new.C (test for excess errors)
FAIL: g++.other/new2.C (test for excess errors)
XPASS: g++.robertl/eb132.C (test for excess errors)
FAIL: g++.robertl/eb15.C (test for excess errors)
FAIL: g++.robertl/eb2.C (test for excess errors)
FAIL: g++.robertl/eb71.C (test for excess errors)
=== g++ Summary ===
# of expected passes 4208
# of unexpected failures 6
# of unexpected successes 7
# of expected failures 86
# of untested testcases 7
/export/BUILD/egcs/obj-alpha-linux/gcc/testsuite/../xgcc version egcs-2.91.62 19990224 (egcs-1.1.2 pre-release-2)
=== g77 tests ===
Running target unix
FAIL: g77.f-torture/execute/auto0.f execution, -Os
=== g77 Summary ===
# of expected passes 414
# of unexpected failures 1
Compiler version: egcs-2.91.62 19990224 (egcs-1.1.2 pre-release-2)
Platform: alpha-redhat-linux-gnu
configure flags: --with-gcc-version-trigger=/export/BUILD/egcs/gcc/version.c --host=alpha-redhat-linux --prefix=/usr --enable-shared --enable-threads --norecursion
More information about the Gcc-testresults
mailing list