Results for gcc-2.95 19990629 (prerelease) testsuite on i386-pc-solaris2.7
Alexandre Oliva
oliva@dcc.unicamp.br
Wed Jun 30 07:56:00 GMT 1999
Native configuration is i386-pc-solaris2.7
=== g++ tests ===
Running target unix
FAIL: g++.dg/special/conpr-1.C execution test
FAIL: g++.dg/special/conpr-2.C execution test
FAIL: g++.dg/special/conpr-3.C execution test
FAIL: g++.dg/special/conpr-3.C execution test
FAIL: g++.mike/p6578.C (test for excess errors)
FAIL: g++.other/new3.C Execution test
XPASS: g++.pt/instantiate6.C (test for excess errors)
=== g++ Summary ===
# of expected passes 5174
# of unexpected failures 6
# of unexpected successes 1
# of expected failures 79
# of untested testcases 8
/tmp/egcs/gcc/testsuite/../xgcc version gcc-2.95 19990629 (prerelease)
=== g77 tests ===
Running target unix
=== g77 Summary ===
# of expected passes 602
=== gcc tests ===
Running target unix
FAIL: gcc.c-torture/execute/loop-2b.c execution, -O2
FAIL: gcc.c-torture/execute/loop-2b.c execution, -O3 -fomit-frame-pointer
FAIL: gcc.c-torture/execute/loop-2b.c execution, -O3 -fomit-frame-pointer -funroll-loops
FAIL: gcc.c-torture/execute/loop-2b.c execution, -O3 -fomit-frame-pointer -funroll-all-loops -finline-functions
FAIL: gcc.c-torture/execute/loop-2b.c execution, -O3 -g
FAIL: gcc.dg/990119-1.c execution test
FAIL: gcc.dg/cast-qual-1.c discarding `const' warning (test for bogus messages, line 11)
FAIL: gcc.dg/cast-qual-1.c discarding `const' warning (test for warnings, line 17)
FAIL: gcc.dg/compare1.c (test for excess errors)
FAIL: gcc.dg/special/weak-1.c execution test
=== gcc Summary ===
# of expected passes 8134
# of unexpected failures 10
# of expected failures 38
# of unsupported tests 12
/tmp/egcs/gcc/xgcc version gcc-2.95 19990629 (prerelease)
=== libg++ tests ===
Running target unix
=== libg++ Summary ===
# of expected passes 72
=== libio tests ===
Running target unix
=== libio Summary ===
# of expected passes 40
=== libstdc++ tests ===
Running target unix
=== libstdc++ Summary ===
# of expected passes 30
=== objc tests ===
Running target unix
=== objc Summary ===
# of expected passes 38
/tmp/egcs/gcc/xgcc version gcc-2.95 19990629 (prerelease)
Compiler version: gcc-2.95 19990629 (prerelease)
Platform: i386-pc-solaris2.7
BOOT_CFLAGS: standard
Counting all warnings,
there are 13 warnings in stage3 of this bootstrap.
Number of warnings per file:
9 /home/phd/oliva/src/egcs/gcc/toplev.c
2 cxxmain.c
1 /home/phd/oliva/src/egcs/gcc/reload1.c
1 /home/phd/oliva/src/egcs/gcc/f/com.c
Number of warning types:
9 initialization from incompatible pointer type
2 assignment discards qualifiers from pointer target type
1 unused parameter `???'
1 passing arg ??? of `???' from incompatible pointer type
More information about the Gcc-testresults
mailing list