Results for gcc-2.95 19990614 (prerelease) testsuite on i686-pc-linux-gnu
khan@xraylith.wisc.EDU
khan@xraylith.wisc.EDU
Mon Jun 14 15:09:00 GMT 1999
Native configuration is i686-pc-linux-gnu
=== libio tests ===
Running target unix
=== libio Summary ===
# of expected passes 40
=== libstdc++ tests ===
Running target unix
=== libstdc++ Summary ===
# of expected passes 30
=== gcc tests ===
Running target unix
FAIL: gcc.c-torture/execute/loop-2b.c execution, -O2
FAIL: gcc.c-torture/execute/loop-2b.c execution, -O3 -fomit-frame-pointer
FAIL: gcc.c-torture/execute/loop-2b.c execution, -O3 -fomit-frame-pointer -funroll-loops
FAIL: gcc.c-torture/execute/loop-2b.c execution, -O3 -fomit-frame-pointer -funroll-all-loops -finline-functions
FAIL: gcc.c-torture/execute/loop-2b.c execution, -O3 -g
FAIL: gcc.dg/990119-1.c execution test
FAIL: gcc.dg/cast-qual-1.c discarding `const' warning (test for bogus messages, line 11)
FAIL: gcc.dg/cast-qual-1.c discarding `const' warning (test for warnings, line 17)
FAIL: gcc.dg/compare1.c (test for excess errors)
FAIL: gcc.dg/special/weak-1.c execution test
=== gcc Summary ===
# of expected passes 8134
# of unexpected failures 10
# of expected failures 38
# of unsupported tests 13
/homes/khan/src/gcc-2.95/LINUX/gcc/xgcc version gcc-2.95 19990614 (prerelease)
=== g++ tests ===
Running target unix
FAIL: g++.dg/special/conpr-1.C execution test
FAIL: g++.dg/special/conpr-2.C execution test
FAIL: g++.dg/special/conpr-3.C execution test
FAIL: g++.dg/special/conpr-3.C execution test
FAIL: g++.robertl/eb131.C candidate (test for errors, line 13)
=== g++ Summary ===
# of expected passes 5175
# of unexpected failures 5
# of expected failures 81
# of untested testcases 7
/homes/khan/src/gcc-2.95/LINUX/gcc/testsuite/../xgcc version gcc-2.95 19990614 (prerelease)
=== g77 tests ===
Running target unix
FAIL: g77.f-torture/compile/19990502-0.f, -O2
FAIL: g77.f-torture/compile/19990502-0.f, -O2 -fomit-frame-pointer -finline-functions
FAIL: g77.f-torture/compile/19990502-0.f, -Os
=== g77 Summary ===
# of expected passes 599
# of unexpected failures 3
=== objc tests ===
Running target unix
=== objc Summary ===
# of expected passes 38
/homes/khan/src/gcc-2.95/LINUX/gcc/xgcc version gcc-2.95 19990614 (prerelease)
Compiler version: gcc-2.95 19990614 (prerelease)
Platform: i686-pc-linux-gnu
configure flags: --with-gcc-version-trigger=/homes/khan/src/gcc-2.95/gcc/version.c --host=i686-pc-linux-gnu --prefix=/usr/local/gcc-2.95 --enable-shared -v --norecursion
More information about the Gcc-testresults
mailing list