Results for gcc-2.96 19990606 (experimental) testsuite on i686-redhat6-linux-gnu
Manfred Hollstein
manfred-h@t-online.de
Tue Jun 8 10:29:00 GMT 1999
Compiler version: gcc-2.96 19990606 (experimental)
Platform: i686-redhat6-linux-gnu
Sources: - egcs from CVS last updated at 1999/06/07 06:51:12 +0200
- libg++-2.8.1.3
Patches: [1] `Re: objc runtime: cannot find class Object' from
John David Anglin <dave@hiauly1.hia.nrc.ca>
Environment: - autoconf-2.13
- automake-1.4a
- gas/binutils snapshot as of 1999/04/26
- dejagnu-19981026
+ look_for_dir_with_trigger patch
- RedHat Linux 6.0
+ recommended updates as of today
- Kernel 2.2.5 (compiled by
"gcc version egcs-2.91.66 19990314 (egcs-1.1.2 release)")
- glibc-2.1.1-6
- glibc-devel-2.1.1-6
Remarks: None.
configure flags: --with-gcc-version-trigger=/home/gnu/work/GNU/egcs-19990606/gcc/version.c --host=i686-redhat6-linux-gnu --srcdir=../egcs-19990606 --prefix=/opt/gnu --with-gnu-as --with-gnu-ld --enable-shared --enable-version-specific-runtime-libs --with-local-prefix=/opt/gnu --enable-nls --verbose --norecursion
BOOT_CC: gcc version gcc-2.95 19990606 (prerelease)
BOOT_CFLAGS: -O2 -g -W -Wall
CFLAGS: -O2 -g
CXXFLAGS: -O2 -g
Native configuration is i686-redhat6-linux-gnu
=== libio tests ===
Running target unix
=== libio Summary ===
# of expected passes 40
=== libstdc++ tests ===
Running target unix
=== libstdc++ Summary ===
# of expected passes 30
=== libg++ tests ===
Running target unix
=== libg++ Summary ===
# of expected passes 72
=== gcc tests ===
Running target unix
FAIL: gcc.dg/990119-1.c execution test
FAIL: gcc.dg/cast-qual-1.c discarding \`const' warning (test for bogus messages, line 11)
FAIL: gcc.dg/cast-qual-1.c discarding \`const' warning (test for warnings, line 17)
FAIL: gcc.dg/compare1.c (test for excess errors)
=== gcc Summary ===
# of expected passes 8247
# of unexpected failures 4
# of expected failures 38
# of unsupported tests 12
/opt/home/gnu/work/GNU/egcs-19990606-i686-redhat6-linux-gnu/gcc/xgcc version gcc-2.96 19990606 (experimental)
=== g++ tests ===
Running target unix
FAIL: g++.robertl/eh990323-2.C Execution test
FAIL: g++.robertl/eh990323-3.C Execution test
FAIL: g++.robertl/eh990323-4.C Execution test
=== g++ Summary ===
# of expected passes 5247
# of unexpected failures 3
# of expected failures 80
# of untested testcases 7
/opt/home/gnu/work/GNU/egcs-19990606-i686-redhat6-linux-gnu/gcc/testsuite/../xgcc version gcc-2.96 19990606 (experimental)
=== g77 tests ===
Running target unix
FAIL: g77.f-torture/compile/19990502-0.f, -O2
FAIL: g77.f-torture/compile/19990502-0.f, -O2 -fomit-frame-pointer -finline-functions
FAIL: g77.f-torture/compile/19990502-0.f, -Os
=== g77 Summary ===
# of expected passes 604
# of unexpected failures 3
=== objc tests ===
Running target unix
=== objc Summary ===
# of expected passes 38
/opt/home/gnu/work/GNU/egcs-19990606-i686-redhat6-linux-gnu/gcc/xgcc version gcc-2.96 19990606 (experimental)
Counting all warnings,
there are 200 warnings in stage3 of this bootstrap.
Number of warnings per file:
12 ../../../egcs-19990606/gcc/java/lex.c
10 ../../egcs-19990606/gcc/toplev.c
10 ../../egcs-19990606/gcc/integrate.c
9 ../../egcs-19990606/gcc/reload1.c
9 ../../egcs-19990606/gcc/cse.c
8 ../../egcs-19990606/gcc/final.c
7 ../../egcs-19990606/gcc/reload.c
7 ../../egcs-19990606/gcc/combine.c
6 cxxmain.c
6 ./parse.y
6 ../../egcs-19990606/gcc/varasm.c
6 ../../egcs-19990606/gcc/unroll.c
6 ../../egcs-19990606/gcc/reg-stack.c
6 ../../egcs-19990606/gcc/objc/objc-act.c
6 ../../egcs-19990606/gcc/loop.c
6 ../../egcs-19990606/gcc/dwarf2out.c
4 cexp.y
4 cc1plus
4 ../../egcs-19990606/gcc/tlink.c
4 ../../egcs-19990606/gcc/regclass.c
4 ../../../../egcs-19990606/libg++/src/Fix16.cc
4 ../../../../egcs-19990606/libg++/src/AllocRing.cc
3 insn-emit.c
3 ../../egcs-19990606/gcc/sched.c
3 ../../egcs-19990606/gcc/regmove.c
3 ../../egcs-19990606/gcc/genopinit.c
3 ../../egcs-19990606/gcc/cccp.c
2 insn-recog.c
2 insn-output.c
2 ../../egcs-19990606/gcc/protoize.c
2 ../../egcs-19990606/gcc/local-alloc.c
2 ../../egcs-19990606/gcc/fold-const.c
2 ../../egcs-19990606/gcc/expr.c
2 ../../egcs-19990606/gcc/dbxout.c
2 ../../egcs-19990606/gcc/collect2.c
2 ../../../egcs-19990606/libiberty/testsuite/../cplus-dem.c
2 ../../../egcs-19990606/gcc/java/verify.c
2 ../../../egcs-19990606/gcc/java/expr.c
1 splay-tree.c
1 ../../egcs-19990606/gcc/tree.c
1 ../../egcs-19990606/gcc/stupid.c
1 ../../egcs-19990606/gcc/stmt.c
1 ../../egcs-19990606/gcc/rtl.c
1 ../../egcs-19990606/gcc/recog.c
1 ../../egcs-19990606/gcc/print-rtl.c
1 ../../egcs-19990606/gcc/hash.c
1 ../../egcs-19990606/gcc/gcov-io.h
1 ../../egcs-19990606/gcc/f/g77spec.c
1 ../../egcs-19990606/gcc/crtstuff.c
1 ../../egcs-19990606/gcc/cppspec.c
1 ../../egcs-19990606/gcc/config/i386/i386.c
1 ../../../egcs-19990606/gcc/java/jcf-write.c
1 ../../../egcs-19990606/gcc/java/jcf-dump.c
1 ../../../egcs-19990606/gcc/java/class.c
1 ../../../egcs-19990606/gcc/f/com.c
1 ../../../egcs-19990606/gcc/cp/method.c
1 ../../../egcs-19990606/gcc/cp/class.c
Number of warning types:
61 `???' might be used uninitialized in this function
40 unused parameter `???'
33 comparison between signed and unsigned
14 variable `???' might be clobbered by `longjmp' or `vfork'
14 implicit declaration of function `???'
9 initialization from incompatible pointer type
4 integer overflow in expression
4 control reaches end of non-void function
4 assignment discards qualifiers from pointer target type
4 `???' is not a pointer-to-object type
3 unused variable `???'
3 `???' defined but not used
2 zero-length format string
2 Please see the documentation for details.
2 -fthis-is-variable is deprecated.
1 passing arg ??? of `???' from incompatible pointer type
More information about the Gcc-testresults
mailing list