Results for gcc-2.95 19990602 (prerelease) testsuite on powerpc-ibm-aix4.1.4.0
Kaveh R. Ghazi
ghazi@caip.rutgers.edu
Fri Jun 4 06:59:00 GMT 1999
Native configuration is powerpc-ibm-aix4.1.4.0
=== objc tests ===
Running target unix
FAIL: objc/execute/bf-1.m compilation, -O
FAIL: objc/execute/bf-10.m compilation, -O
FAIL: objc/execute/bf-11.m compilation, -O
FAIL: objc/execute/bf-12.m compilation, -O
FAIL: objc/execute/bf-13.m compilation, -O
FAIL: objc/execute/bf-14.m compilation, -O
FAIL: objc/execute/bf-15.m compilation, -O
FAIL: objc/execute/bf-16.m compilation, -O
FAIL: objc/execute/bf-17.m compilation, -O
FAIL: objc/execute/bf-18.m compilation, -O
FAIL: objc/execute/bf-19.m compilation, -O
FAIL: objc/execute/bf-2.m compilation, -O
FAIL: objc/execute/bf-3.m compilation, -O
FAIL: objc/execute/bf-4.m compilation, -O
FAIL: objc/execute/bf-5.m compilation, -O
FAIL: objc/execute/bf-6.m compilation, -O
FAIL: objc/execute/bf-7.m compilation, -O
FAIL: objc/execute/bf-8.m compilation, -O
FAIL: objc/execute/bf-9.m compilation, -O
=== objc Summary ===
# of unexpected failures 19
# of untested testcases 19
/a/caip/a47/u47/ghazi/gcc-testing/aix-test/build/gcc/xgcc version gcc-2.95 19990602 (prerelease)
=== gcc tests ===
Running target unix
FAIL: gcc.c-torture/execute/921208-2.c compilation, -O1
FAIL: gcc.c-torture/execute/921208-2.c compilation, -O2
FAIL: gcc.c-torture/execute/921208-2.c compilation, -Os
FAIL: gcc.c-torture/execute/931004-12.c execution, -O0
FAIL: gcc.c-torture/execute/931004-12.c execution, -O1
FAIL: gcc.c-torture/execute/931004-12.c execution, -O2
FAIL: gcc.c-torture/execute/931004-12.c execution, -O3 -fomit-frame-pointer
FAIL: gcc.c-torture/execute/931004-12.c execution, -O3 -fomit-frame-pointer -funroll-loops
FAIL: gcc.c-torture/execute/931004-12.c execution, -O3 -fomit-frame-pointer -funroll-all-loops -finline-functions
FAIL: gcc.c-torture/execute/931004-12.c execution, -O3 -g
FAIL: gcc.c-torture/execute/931004-12.c execution, -Os
FAIL: gcc.c-torture/execute/complex-5.c execution, -O3 -fomit-frame-pointer
FAIL: gcc.c-torture/execute/complex-5.c execution, -O3 -g
XPASS: gcc.c-torture/execute/memcheck/blkarg.c execution, -O0
XPASS: gcc.c-torture/execute/memcheck/blkarg.c execution, -O1
XPASS: gcc.c-torture/execute/memcheck/blkarg.c execution, -O2
XPASS: gcc.c-torture/execute/memcheck/blkarg.c execution, -O3 -fomit-frame-pointer
XPASS: gcc.c-torture/execute/memcheck/blkarg.c execution, -O3 -g
XPASS: gcc.c-torture/execute/memcheck/blkarg.c execution, -Os
FAIL: gcc.dg/990119-1.c execution test
FAIL: gcc.dg/cast-qual-1.c discarding `const' warning (test for bogus messages, line 11)
FAIL: gcc.dg/cast-qual-1.c discarding `const' warning (test for warnings, line 17)
FAIL: gcc.dg/compare1.c (test for excess errors)
=== gcc Summary ===
# of expected passes 8094
# of unexpected failures 17
# of unexpected successes 6
# of expected failures 25
# of unresolved testcases 3
# of unsupported tests 25
/a/caip/a47/u47/ghazi/gcc-testing/aix-test/build/gcc/xgcc version gcc-2.95 19990602 (prerelease)
=== g77 tests ===
Running target unix
=== g77 Summary ===
# of expected passes 604
=== g++ tests ===
Running target unix
FAIL: g++.brendan/crash18.C (test for excess errors)
FAIL: g++.brendan/crash7.C (test for excess errors)
FAIL: g++.brendan/operators4.C bad type conversion (test for errors, line 91)
FAIL: g++.brendan/prepost2.C .* (test for errors, line 9)
FAIL: g++.brendan/prepost2.C (test for excess errors)
FAIL: g++.bugs/900211_04.C missed (test for errors, line 24)
FAIL: g++.bugs/900211_04.C (test for excess errors)
FAIL: g++.bugs/900428_02.C (test for errors, line 24)
FAIL: g++.bugs/900428_02.C (test for errors, line 25)
FAIL: g++.bugs/900428_02.C (test for errors, line 26)
FAIL: g++.bugs/900428_02.C (test for excess errors)
FAIL: g++.ext/attrib5.C (test for excess errors)
FAIL: g++.jason/local.C no such type in scope (test for errors, line 20)
FAIL: g++.jason/local.C (test for excess errors)
FAIL: g++.jason/thunk2.C (test for excess errors)
FAIL: g++.jason/thunk3.C (test for excess errors)
FAIL: g++.law/access4.C can't access default ctor (test for errors, line 26)
FAIL: g++.law/access4.C (test for excess errors)
FAIL: g++.law/init1.C (test for excess errors)
FAIL: g++.mike/eh30.C (test for excess errors)
FAIL: g++.mike/for2.C (test for errors, line 17)
FAIL: g++.mike/net9.C bad (test for errors, line 14)
FAIL: g++.mike/net9.C (test for excess errors)
FAIL: g++.mike/p4750.C (test for excess errors)
FAIL: g++.mike/p6058.C (test for errors, line 15)
FAIL: g++.other/cast2.C function type in const_cast (test for errors, line 16)
FAIL: g++.other/cast2.C (test for excess errors)
FAIL: g++.other/dtor4.C destructors may not be const (test for errors, line 30)
FAIL: g++.other/dtor4.C (test for excess errors)
FAIL: g++.other/ptrmem2.C (test for excess errors)
FAIL: g++.other/typeck1.C passing wrong type (test for errors, line 16)
FAIL: g++.other/typeck1.C (test for excess errors)
FAIL: g++.pt/crash30.C (test for excess errors)
XPASS: g++.pt/decl2.C ICE - (test for errors, line 8)
FAIL: g++.pt/instantiate4.C (test for excess errors)
FAIL: g++.pt/static3.C (test for excess errors)
FAIL: g++.pt/static6.C (test for excess errors)
FAIL: g++.pt/typename8.C (test for excess errors)
FAIL: g++.robertl/eb106.C (test for excess errors)
=== g++ Summary ===
# of expected passes 5137
# of unexpected failures 38
# of unexpected successes 1
# of expected failures 81
# of untested testcases 11
/a/caip/a47/u47/ghazi/gcc-testing/aix-test/build/gcc/testsuite/../xgcc version gcc-2.95 19990602 (prerelease)
=== libstdc++ tests ===
Running target unix
=== libstdc++ Summary ===
# of expected passes 30
=== libio tests ===
Running target unix
=== libio Summary ===
# of expected passes 40
Compiler version: gcc-2.95 19990602 (prerelease)
Platform: powerpc-ibm-aix4.1.4.0
configure flags: --with-gcc-version-trigger=/caip/u47/ghazi/gcc-testing/aix-test/egcs-19990602/gcc/version.c --host=powerpc-ibm-aix4.1.4.0 --verbose --norecursion
BOOT_CFLAGS=-g -O2 -mminimal-toc
More information about the Gcc-testresults
mailing list