Results for gcc-2.95 19990602 (prerelease) testsuite on i386-unknown-openbsd2.5
Marc Espie
espie@tetto.liafa.jussieu.fr
Wed Jun 2 16:31:00 GMT 1999
Native configuration is i386-unknown-openbsd2.5
=== libio tests ===
Running target unix
FAIL: hounddog.cc execution
=== libio Summary ===
# of expected passes 38
# of unexpected failures 1
# of expected failures 1
=== libstdc++ tests ===
Running target unix
=== libstdc++ Summary ===
# of expected passes 30
=== gcc tests ===
Running target unix
FAIL: gcc.c-torture/execute/ieee/rbug.c execution, -O0
FAIL: gcc.c-torture/execute/ieee/rbug.c execution, -O1
FAIL: gcc.c-torture/execute/ieee/rbug.c execution, -O2
FAIL: gcc.c-torture/execute/ieee/rbug.c execution, -Os
FAIL: gcc.dg/980414-1.c (test for excess errors)
FAIL: gcc.dg/990119-1.c execution test
FAIL: gcc.dg/cast-qual-1.c discarding `const' warning (test for bogus messages, line 11)
FAIL: gcc.dg/cast-qual-1.c discarding `const' warning (test for warnings, line 17)
FAIL: gcc.dg/compare1.c (test for excess errors)
FAIL: gcc.dg/special/weak-1.c execution test
FAIL: gcc.dg/special/alias-1.c (test for excess errors)
FAIL: gcc.dg/special/wkali-1.c (test for excess errors)
FAIL: wkali-2a.o
=== gcc Summary ===
# of expected passes 8129
# of unexpected failures 13
# of expected failures 38
# of unsupported tests 12
/vbig/ports/lang/egcs-snapshot/work/build-i386/gcc/xgcc version gcc-2.95 19990602 (prerelease)
=== g++ tests ===
Running target unix
FAIL: g++.ext/attrib5.C (test for excess errors)
FAIL: g++.law/profile1.C (test for excess errors)
FAIL: g++.other/null1.C converting NULL to non-pointer type (test for warnings, line 22)
FAIL: g++.other/null1.C converting NULL to non-pointer type (test for warnings, line 23)
FAIL: g++.other/null1.C NULL used in arithmetic (test for warnings, line 26)
FAIL: g++.other/null1.C NULL used in arithmetic (test for warnings, line 27)
FAIL: g++.other/null1.C converting NULL to non-pointer type (test for warnings, line 30)
FAIL: g++.other/null1.C converting NULL to non-pointer type (test for warnings, line 31)
FAIL: g++.other/null1.C converting NULL to non-pointer type (test for warnings, line 32)
FAIL: g++.other/null1.C converting NULL to non-pointer-type (test for warnings, line 33)
FAIL: g++.other/null1.C converting NULL to non-pointer type (test for warnings, line 34)
FAIL: g++.other/null1.C converting NULL to non-pointer type (test for warnings, line 35)
FAIL: g++.other/null1.C converting NULL to int (test for warnings, line 36)
FAIL: g++.other/null1.C converting NULL to int (test for warnings, line 37)
FAIL: g++.other/null1.C NULL bound to integer template parameter (test for warnings, line 38)
FAIL: g++.other/null1.C converting NULL to int (test for warnings, line 39)
FAIL: g++.pt/instantiate4.C (test for excess errors)
=== g++ Summary ===
# of expected passes 5161
# of unexpected failures 17
# of expected failures 82
# of untested testcases 8
/vbig/ports/lang/egcs-snapshot/work/build-i386/gcc/testsuite/../xgcc version gcc-2.95 19990602 (prerelease)
=== g77 tests ===
Running target unix
FAIL: g77.f-torture/compile/19990502-0.f, -O2
FAIL: g77.f-torture/compile/19990502-0.f, -O2 -fomit-frame-pointer -finline-functions
FAIL: g77.f-torture/compile/19990502-0.f, -O2 -fomit-frame-pointer -finline-functions -funroll-loops
FAIL: g77.f-torture/compile/19990502-0.f, -O2 -fomit-frame-pointer -finline-functions -funroll-all-loops
=== g77 Summary ===
# of expected passes 600
# of unexpected failures 4
=== objc tests ===
Running target unix
=== objc Summary ===
# of expected passes 38
/vbig/ports/lang/egcs-snapshot/work/build-i386/gcc/xgcc version gcc-2.95 19990602 (prerelease)
Compiler version: gcc-2.95 19990602 (prerelease)
Platform: i386-unknown-openbsd2.5
configure flags: --with-gcc-version-trigger=/usr/ports/lang/egcs-snapshot/work/egcs-19990602/gcc/version.c --host=i386-unknown-openbsd2.5 --prefix=/usr/local --verbose --program-transform-name=s,^,e, --disable-subdir-texinfo --disable-nls --enable-cpp --with-gnu-as --with-gnu-ld --enable-shared --prefix=/usr/local --sysconfdir=/etc --norecursion
More information about the Gcc-testresults
mailing list