Results for 2.95 19990714 (prerelease) testsuite on hppa1.1-
rodneybrown@pmsc.com
rodneybrown@pmsc.com
Thu Jul 15 18:07:00 GMT 1999
Results for 2.95 19990714 (prerelease) testsuite on hppa1.1-hp-hpux9.04
Native configuration is hppa1.1-hp-hpux9.04
=== libio tests ===
Running target unix
=== libio Summary ===
# of expected passes 40
=== libstdc++ tests ===
Running target unix
=== libstdc++ Summary ===
# of expected passes 30
=== gcc tests ===
Running target unix
FAIL: gcc.c-torture/execute/980716-1.c execution, -O0
FAIL: gcc.c-torture/execute/strct-stdarg-1.c execution, -O0
FAIL: gcc.c-torture/execute/strct-stdarg-1.c execution, -O1
FAIL: gcc.c-torture/execute/strct-stdarg-1.c execution, -O2
FAIL: gcc.c-torture/execute/strct-stdarg-1.c execution, -O3
-fomit-frame-pointer
FAIL: gcc.c-torture/execute/strct-stdarg-1.c execution, -O3
-fomit-frame-pointer -funroll-loops
FAIL: gcc.c-torture/execute/strct-stdarg-1.c execution, -O3
-fomit-frame-pointer -funroll-all-loops -finline-functions
FAIL: gcc.c-torture/execute/strct-stdarg-1.c execution, -O3 -g
FAIL: gcc.c-torture/execute/strct-stdarg-1.c execution, -Os
FAIL: gcc.c-torture/execute/ieee/fp-cmp-1.c execution, -O0
FAIL: gcc.c-torture/execute/ieee/mzero2.c execution, -O1
FAIL: gcc.c-torture/execute/ieee/mzero2.c execution, -O2
FAIL: gcc.c-torture/execute/ieee/mzero2.c execution, -O3 -fomit-frame-pointer
FAIL: gcc.c-torture/execute/ieee/mzero2.c execution, -O3 -g
FAIL: gcc.c-torture/execute/ieee/mzero2.c execution, -Os
FAIL: gcc.dg/990119-1.c execution test
FAIL: gcc.dg/cast-qual-1.c discarding \`const' warning (test for bogus messages,
line 11)
FAIL: gcc.dg/cast-qual-1.c discarding \`const' warning (test for warnings, line
17)
FAIL: gcc.dg/compare1.c (test for excess errors)
=== gcc Summary ===
# of expected passes 8097
# of unexpected failures 19
# of expected failures 31
# of unsupported tests 24
/user4/vsb/rdb/egcs-19990714.obj/gcc/xgcc version 2.95 19990714 (prerelease)
=== g++ tests ===
Running target unix
FAIL: g++.ext/attrib5.C (test for excess errors)
XPASS: g++.mike/eh33.C (test for excess errors)
XPASS: g++.mike/eh33.C Execution test
XPASS: g++.mike/eh50.C (test for excess errors)
XPASS: g++.mike/eh50.C Execution test
XPASS: g++.pt/instantiate6.C (test for excess errors)
FAIL: g++.pt/static6.C (test for excess errors)
=== g++ Summary ===
# of expected passes 5166
# of unexpected failures 2
# of unexpected successes 5
# of expected failures 82
# of untested testcases 11
/user4/vsb/rdb/egcs-19990714.obj/gcc/testsuite/../xgcc version 2.95 19990714
(prerelease)
=== g77 tests ===
Running target unix
=== g77 Summary ===
# of expected passes 602
=== objc tests ===
Running target unix
=== objc Summary ===
# of expected passes 38
/user4/vsb/rdb/egcs-19990714.obj/gcc/xgcc version 2.95 19990714 (prerelease)
Compiler version: 2.95 19990714 (prerelease)
Platform: hppa1.1-hp-hpux9.04
configure flags:
--with-gcc-version-trigger=/user4/vsb/rdb/egcs-19990714/gcc/version.c
--host=hppa1.1-hp-hpux9.04 --with-gnu-as --norecursion
Counting all warnings,
there are 15 warnings in stage3 of this bootstrap.
Number of warnings per file:
11 ../../../egcs-19990714/gcc/f/com.c
2 cxxmain.c
2 ../../egcs-19990714/gcc/toplev.c
Number of warning types:
10 comparison between signed and unsigned
2 initialization from incompatible pointer type
2 assignment discards qualifiers from pointer target type
1 unused parameter \`???'
More information about the Gcc-testresults
mailing list