Results for 2.95 19990714 (prerelease) testsuite on mips-sgi-irix6.3
Alexandre Oliva
oliva@dcc.unicamp.br
Thu Jul 15 15:33:00 GMT 1999
Native configuration is mips-sgi-irix6.3
=== g++ tests ===
Running target unix
FAIL: g++.dg/special/conpr-1.C execution test
FAIL: g++.dg/special/conpr-2.C execution test
FAIL: g++.dg/special/conpr-3.C execution test
FAIL: g++.dg/special/conpr-3.C execution test
FAIL: g++.other/new3.C Execution test
XPASS: g++.pt/instantiate6.C (test for excess errors)
=== g++ Summary ===
# of expected passes 5166
# of unexpected failures 5
# of unexpected successes 1
# of expected failures 83
# of untested testcases 11
/tmp/egcs/gcc/testsuite/../xgcc version 2.95 19990714 (prerelease)
=== g77 tests ===
Running target unix
=== g77 Summary ===
# of expected passes 602
=== gcc tests ===
Running target unix
FAIL: gcc.c-torture/execute/complex-5.c execution, -O0
FAIL: gcc.c-torture/execute/complex-5.c execution, -O1
FAIL: gcc.c-torture/execute/complex-5.c execution, -O2
FAIL: gcc.c-torture/execute/complex-5.c execution, -O3 -fomit-frame-pointer
FAIL: gcc.c-torture/execute/complex-5.c execution, -O3 -g
FAIL: gcc.c-torture/execute/complex-5.c execution, -Os
XPASS: gcc.c-torture/execute/memcheck/blkarg.c execution, -O0
XPASS: gcc.c-torture/execute/memcheck/blkarg.c execution, -O1
XPASS: gcc.c-torture/execute/memcheck/blkarg.c execution, -O2
XPASS: gcc.c-torture/execute/memcheck/blkarg.c execution, -Os
FAIL: gcc.dg/990119-1.c execution test
FAIL: gcc.dg/cast-qual-1.c discarding `const' warning (test for bogus messages, line 11)
FAIL: gcc.dg/cast-qual-1.c discarding `const' warning (test for warnings, line 17)
FAIL: gcc.dg/compare1.c (test for excess errors)
FAIL: gcc.dg/special/alias-1.c (test for excess errors)
FAIL: wkali-2b.o
=== gcc Summary ===
# of expected passes 8109
# of unexpected failures 12
# of unexpected successes 4
# of expected failures 27
# of unsupported tests 25
/tmp/egcs/gcc/xgcc version 2.95 19990714 (prerelease)
=== libg++ tests ===
Running target unix
=== libg++ Summary ===
# of expected passes 72
=== libio tests ===
Running target unix
=== libio Summary ===
# of expected passes 40
=== libstdc++ tests ===
Running target unix
=== libstdc++ Summary ===
# of expected passes 30
=== objc tests ===
Running target unix
=== objc Summary ===
# of expected passes 38
/tmp/egcs/gcc/xgcc version 2.95 19990714 (prerelease)
Compiler version: 2.95 19990714 (prerelease)
Platform: mips-sgi-irix6.3
BOOT_CFLAGS: -g -O9 -W -Wall
Counting all warnings,
there are 178 warnings in stage3 of this bootstrap.
Number of warnings per file:
12 /home/msc/oliva/src/egcs/gcc/java/lex.c
10 /home/msc/oliva/src/egcs/gcc/integrate.c
10 /home/msc/oliva/src/egcs/gcc/cse.c
8 /home/msc/oliva/src/egcs/gcc/varasm.c
8 /home/msc/oliva/src/egcs/gcc/reload1.c
8 /home/msc/oliva/src/egcs/gcc/config/mips/mips.c
7 /home/msc/oliva/src/egcs/gcc/loop.c
7 /home/msc/oliva/src/egcs/gcc/combine.c
7 /home/msc/oliva/src/egcs/gcc/calls.c
7 ./parse.y
6 cxxmain.c
6 /home/msc/oliva/src/egcs/gcc/unroll.c
6 /home/msc/oliva/src/egcs/gcc/reload.c
6 /home/msc/oliva/src/egcs/gcc/objc/objc-act.c
6 /home/msc/oliva/src/egcs/gcc/dwarf2out.c
5 /home/msc/oliva/src/egcs/gcc/final.c
4 cexp.y
4 /home/msc/oliva/src/egcs/gcc/tlink.c
4 /home/msc/oliva/src/egcs/gcc/regmove.c
4 /home/msc/oliva/src/egcs/gcc/java/verify.c
3 /home/msc/oliva/src/egcs/gcc/genopinit.c
3 /home/msc/oliva/src/egcs/gcc/expr.c
2 insn-emit.c
2 insn-attrtab.c
2 /home/msc/oliva/src/egcs/gcc/sched.c
2 /home/msc/oliva/src/egcs/gcc/regclass.c
2 /home/msc/oliva/src/egcs/gcc/local-alloc.c
2 /home/msc/oliva/src/egcs/gcc/java/expr.c
2 /home/msc/oliva/src/egcs/gcc/fold-const.c
2 /home/msc/oliva/src/egcs/gcc/fix-header.c
2 /home/msc/oliva/src/egcs/gcc/alias.c
1 splay-tree.c
1 /home/msc/oliva/src/egcs/gcc/tree.c
1 /home/msc/oliva/src/egcs/gcc/stupid.c
1 /home/msc/oliva/src/egcs/gcc/stmt.c
1 /home/msc/oliva/src/egcs/gcc/scan-decls.c
1 /home/msc/oliva/src/egcs/gcc/rtl.c
1 /home/msc/oliva/src/egcs/gcc/java/jcf-write.c
1 /home/msc/oliva/src/egcs/gcc/java/jcf-dump.c
1 /home/msc/oliva/src/egcs/gcc/java/class.c
1 /home/msc/oliva/src/egcs/gcc/hash.c
1 /home/msc/oliva/src/egcs/gcc/f/g77spec.c
1 /home/msc/oliva/src/egcs/gcc/f/com.c
1 /home/msc/oliva/src/egcs/gcc/explow.c
1 /home/msc/oliva/src/egcs/gcc/emit-rtl.c
1 /home/msc/oliva/src/egcs/gcc/cppspec.c
1 /home/msc/oliva/src/egcs/gcc/cp/expr.c
1 /home/msc/oliva/src/egcs/gcc/cp/decl.c
1 /home/msc/oliva/src/egcs/gcc/collect2.c
1 /home/msc/oliva/src/egcs/gcc/ch/expr.c
Number of warning types:
69 `???' might be used uninitialized in this function
46 comparison between signed and unsigned
40 unused parameter `???'
13 variable `???' might be clobbered by `longjmp' or `vfork'
4 control reaches end of non-void function
3 unused variable `???'
2 assignment discards qualifiers from pointer target type
1 `???' defined but not used
More information about the Gcc-testresults
mailing list