Results for (patched) 2.95 19990714 (prerelease) testsuite on rs6000-ibm-aix4.1.4.0
Branko Cibej
branko.cibej@hermes.si
Thu Jul 15 04:34:00 GMT 1999
Native configuration is rs6000-ibm-aix4.1.4.0
=== libio tests ===
Running target unix
=== libio Summary ===
# of expected passes 40
=== libstdc++ tests ===
Running target unix
=== libstdc++ Summary ===
# of expected passes 30
=== gcc tests ===
Running target unix
FAIL: gcc.c-torture/execute/931004-12.c execution, -O0
FAIL: gcc.c-torture/execute/931004-12.c execution, -O1
FAIL: gcc.c-torture/execute/931004-12.c execution, -O2
FAIL: gcc.c-torture/execute/931004-12.c execution, -O3 -fomit-frame-pointer
FAIL: gcc.c-torture/execute/931004-12.c execution, -O3 -fomit-frame-pointer -funroll-loops
FAIL: gcc.c-torture/execute/931004-12.c execution, -O3 -fomit-frame-pointer -funroll-all-loops -finline-functions
FAIL: gcc.c-torture/execute/931004-12.c execution, -O3 -g
FAIL: gcc.c-torture/execute/931004-12.c execution, -Os
FAIL: gcc.c-torture/execute/complex-5.c execution, -O3 -fomit-frame-pointer
FAIL: gcc.c-torture/execute/complex-5.c execution, -O3 -g
XPASS: gcc.c-torture/execute/memcheck/blkarg.c execution, -O0
XPASS: gcc.c-torture/execute/memcheck/blkarg.c execution, -O1
XPASS: gcc.c-torture/execute/memcheck/blkarg.c execution, -O2
XPASS: gcc.c-torture/execute/memcheck/blkarg.c execution, -O3 -fomit-frame-pointer
XPASS: gcc.c-torture/execute/memcheck/blkarg.c execution, -O3 -g
XPASS: gcc.c-torture/execute/memcheck/blkarg.c execution, -Os
FAIL: gcc.dg/990119-1.c execution test
FAIL: gcc.dg/cast-qual-1.c discarding `const' warning (test for bogus messages, line 11)
FAIL: gcc.dg/cast-qual-1.c discarding `const' warning (test for warnings, line 17)
FAIL: gcc.dg/compare1.c (test for excess errors)
=== gcc Summary ===
# of expected passes 8100
# of unexpected failures 14
# of unexpected successes 6
# of expected failures 25
# of unsupported tests 25
/home2/brane/egcs/build/egcs/gcc/xgcc version 2.95 19990714 (prerelease)
=== g++ tests ===
Running target unix
FAIL: g++.brendan/crash11.C (test for excess errors)
FAIL: g++.bugs/900428_02.C (test for errors, line 26)
FAIL: g++.ext/attrib5.C (test for excess errors)
FAIL: g++.jason/thunk2.C (test for excess errors)
FAIL: g++.mike/eh30.C (test for excess errors)
FAIL: g++.mike/for2.C (test for errors, line 17)
FAIL: g++.mike/for2.C (test for excess errors)
FAIL: g++.mike/p4750.C (test for excess errors)
FAIL: g++.other/cast2.C function type in const_cast (test for errors, line 16)
FAIL: g++.other/cast2.C (test for excess errors)
FAIL: g++.other/friend1.C protected (test for errors, line 79)
FAIL: g++.other/friend1.C (test for excess errors)
FAIL: g++.other/friend4.C (test for excess errors)
FAIL: g++.other/new2.C (test for errors, line 21)
FAIL: g++.other/new2.C (test for excess errors)
XPASS: g++.pt/decl2.C ICE - (test for errors, line 8)
FAIL: g++.pt/instantiate4.C (test for excess errors)
FAIL: g++.pt/static3.C (test for excess errors)
FAIL: g++.pt/static6.C (test for excess errors)
FAIL: g++.pt/typename8.C (test for excess errors)
FAIL: g++.robertl/eb106.C (test for excess errors)
=== g++ Summary ===
# of expected passes 5154
# of unexpected failures 20
# of unexpected successes 1
# of expected failures 82
# of untested testcases 11
/home2/brane/egcs/build/egcs/gcc/testsuite/../xgcc version 2.95 19990714 (prerelease)
=== g77 tests ===
Running target unix
=== g77 Summary ===
# of expected passes 602
=== objc tests ===
Running target unix
FAIL: objc/execute/bf-1.m compilation, -O
FAIL: objc/execute/bf-10.m compilation, -O
FAIL: objc/execute/bf-11.m compilation, -O
FAIL: objc/execute/bf-12.m compilation, -O
FAIL: objc/execute/bf-13.m compilation, -O
FAIL: objc/execute/bf-14.m compilation, -O
FAIL: objc/execute/bf-15.m compilation, -O
FAIL: objc/execute/bf-16.m compilation, -O
FAIL: objc/execute/bf-17.m compilation, -O
FAIL: objc/execute/bf-18.m compilation, -O
FAIL: objc/execute/bf-19.m compilation, -O
FAIL: objc/execute/bf-2.m compilation, -O
FAIL: objc/execute/bf-3.m compilation, -O
FAIL: objc/execute/bf-4.m compilation, -O
FAIL: objc/execute/bf-5.m compilation, -O
FAIL: objc/execute/bf-6.m compilation, -O
FAIL: objc/execute/bf-7.m compilation, -O
FAIL: objc/execute/bf-8.m compilation, -O
FAIL: objc/execute/bf-9.m compilation, -O
=== objc Summary ===
# of unexpected failures 19
# of untested testcases 19
/home2/brane/egcs/build/egcs/gcc/xgcc version 2.95 19990714 (prerelease)
Compiler version: 2.95 19990714 (prerelease)
Platform: rs6000-ibm-aix4.1.4.0
configure flags: --with-gcc-version-trigger=/home2/brane/egcs/src/egcs/gcc/version.c --host=rs6000-ibm-aix4.1.4.0 --prefix=/home2/brane/egcs/inst --norecursion
=== Notes ===
The following patch was applied to gcc/fix-header.c to avoid
spurious warnings on rs6000-ibm-aix4.1.4.0:
1999-07-13 Branko Cibej <branko.cibej@hermes.si>
* gcc/fix-header.c (NONE, CONTINUED): Use pointer-to-char
instead of const array to avoid "optimisations".
Index: gcc/fix-header.c
===================================================================
RCS file: /cvs/egcs/egcs/gcc/fix-header.c,v
retrieving revision 1.27
diff -u -p -r1.27 fix-header.c
--- fix-header.c 1999/04/21 11:58:10 1.27
+++ fix-header.c 1999/07/13 18:50:29
@@ -206,10 +206,12 @@ struct std_include_entry {
namelist names;
};
-const char NONE[] = ""; /* The empty namelist. */
+char NONE_C = '\0'; /* The empty namelist. */
+#define NONE (&NONE_C)
/* Special name to indicate a continuation line in std_include_table. */
-const char CONTINUED[] = "";
+char CONTINUED_C = '\0';
+#define CONTINUED (&CONTINUED_C)
struct std_include_entry *include_entry;
More information about the Gcc-testresults
mailing list