Results for 2.95 19990713 (prerelease) testsuite on i586-pc-linux-gnu
sian@etranze.nekomimi.gr.jp
sian@etranze.nekomimi.gr.jp
Wed Jul 14 07:37:00 GMT 1999
Native configuration is i586-pc-linux-gnu
=== libio tests ===
Running target unix
=== libio Summary ===
# of expected passes 40
=== libstdc++ tests ===
Running target unix
=== libstdc++ Summary ===
# of expected passes 30
=== objc tests ===
Running target unix
FAIL: objc/execute/bf-1.m compilation, -O
FAIL: objc/execute/bf-10.m compilation, -O
FAIL: objc/execute/bf-11.m compilation, -O
FAIL: objc/execute/bf-12.m compilation, -O
FAIL: objc/execute/bf-13.m compilation, -O
FAIL: objc/execute/bf-14.m compilation, -O
FAIL: objc/execute/bf-15.m compilation, -O
FAIL: objc/execute/bf-16.m compilation, -O
FAIL: objc/execute/bf-17.m compilation, -O
FAIL: objc/execute/bf-18.m compilation, -O
FAIL: objc/execute/bf-19.m compilation, -O
FAIL: objc/execute/bf-2.m compilation, -O
FAIL: objc/execute/bf-3.m compilation, -O
FAIL: objc/execute/bf-4.m compilation, -O
FAIL: objc/execute/bf-5.m compilation, -O
FAIL: objc/execute/bf-6.m compilation, -O
FAIL: objc/execute/bf-7.m compilation, -O
FAIL: objc/execute/bf-8.m compilation, -O
FAIL: objc/execute/bf-9.m compilation, -O
=== objc Summary ===
# of unexpected failures 19
# of untested testcases 19
/var/gcc-2.95/egcs/obj/gcc/xgcc version 2.95 19990713 (prerelease)
=== gcc tests ===
Running target unix
FAIL: gcc.c-torture/execute/loop-2b.c execution, -O2
FAIL: gcc.c-torture/execute/loop-2b.c execution, -O3 -fomit-frame-pointer
FAIL: gcc.c-torture/execute/loop-2b.c execution, -O3 -fomit-frame-pointer -funroll-loops
FAIL: gcc.c-torture/execute/loop-2b.c execution, -O3 -fomit-frame-pointer -funroll-all-loops -finline-functions
FAIL: gcc.c-torture/execute/loop-2b.c execution, -O3 -g
FAIL: gcc.dg/990119-1.c execution test
FAIL: gcc.dg/cast-qual-1.c discarding `const' warning (test for bogus messages, line 11)
FAIL: gcc.dg/cast-qual-1.c discarding `const' warning (test for warnings, line 17)
FAIL: gcc.dg/compare1.c (test for excess errors)
FAIL: gcc.dg/special/weak-1.c execution test
FAIL: gcc.dg/special/gcsec-1.c (test for excess errors)
=== gcc Summary ===
# of expected passes 8134
# of unexpected failures 11
# of expected failures 38
# of unsupported tests 12
/var/gcc-2.95/egcs/obj/gcc/xgcc version 2.95 19990713 (prerelease)
=== g++ tests ===
Running target unix
FAIL: g++.dg/special/conpr-1.C execution test
FAIL: g++.dg/special/conpr-2.C execution test
FAIL: g++.dg/special/conpr-3.C execution test
FAIL: g++.dg/special/conpr-3.C execution test
=== g++ Summary ===
# of expected passes 5176
# of unexpected failures 4
# of expected failures 81
# of untested testcases 7
/var/gcc-2.95/egcs/obj/gcc/testsuite/../xgcc version 2.95 19990713 (prerelease)
=== g77 tests ===
Running target unix
FAIL: g77.f-torture/execute/19990313-0.f execution, -O0
FAIL: g77.f-torture/execute/19990313-0.f execution, -O1
FAIL: g77.f-torture/execute/19990313-0.f execution, -O2
FAIL: g77.f-torture/execute/19990313-0.f execution, -O2 -fomit-frame-pointer -finline-functions
FAIL: g77.f-torture/execute/19990313-0.f execution, -Os
FAIL: g77.f-torture/execute/19990313-1.f execution, -O0
FAIL: g77.f-torture/execute/19990313-1.f execution, -O1
FAIL: g77.f-torture/execute/19990313-1.f execution, -O2
FAIL: g77.f-torture/execute/19990313-1.f execution, -O2 -fomit-frame-pointer -finline-functions
FAIL: g77.f-torture/execute/19990313-1.f execution, -Os
FAIL: g77.f-torture/execute/19990313-2.f execution, -O0
FAIL: g77.f-torture/execute/19990313-2.f execution, -O1
FAIL: g77.f-torture/execute/19990313-2.f execution, -O2
FAIL: g77.f-torture/execute/19990313-2.f execution, -O2 -fomit-frame-pointer -finline-functions
FAIL: g77.f-torture/execute/19990313-2.f execution, -Os
FAIL: g77.f-torture/execute/19990313-3.f execution, -O0
FAIL: g77.f-torture/execute/19990313-3.f execution, -O1
FAIL: g77.f-torture/execute/19990313-3.f execution, -O2
FAIL: g77.f-torture/execute/19990313-3.f execution, -O2 -fomit-frame-pointer -finline-functions
FAIL: g77.f-torture/execute/19990313-3.f execution, -Os
FAIL: g77.f-torture/execute/19990325-1.f execution, -O0
FAIL: g77.f-torture/execute/19990325-1.f execution, -O1
FAIL: g77.f-torture/execute/19990325-1.f execution, -O2
FAIL: g77.f-torture/execute/19990325-1.f execution, -O2 -fomit-frame-pointer -finline-functions
FAIL: g77.f-torture/execute/19990325-1.f execution, -Os
FAIL: g77.f-torture/execute/u77-test.f compilation, -O0
FAIL: g77.f-torture/execute/u77-test.f compilation, -O1
FAIL: g77.f-torture/execute/u77-test.f compilation, -O2
FAIL: g77.f-torture/execute/u77-test.f compilation, -O2 -fomit-frame-pointer -finline-functions
FAIL: g77.f-torture/execute/u77-test.f compilation, -O2 -fomit-frame-pointer -finline-functions -funroll-loops
FAIL: g77.f-torture/execute/u77-test.f compilation, -O2 -fomit-frame-pointer -finline-functions -funroll-all-loops
FAIL: g77.f-torture/execute/u77-test.f compilation, -Os
=== g77 Summary ===
# of expected passes 563
# of unexpected failures 32
# of untested testcases 7
Compiler version: 2.95 19990713 (prerelease)
Platform: i586-pc-linux-gnu
configure flags: --with-gcc-version-trigger=/var/gcc-2.95/egcs/gcc/version.c --host=i586-pc-linux-gnu --enable-shared --enable-languages=c++,java --norecursion
More information about the Gcc-testresults
mailing list