Results for 2.95 19990712 (prerelease) testsuite on alphaev5-dec-osf4.0b
Kaveh R. Ghazi
ghazi@caip.rutgers.edu
Tue Jul 13 06:30:00 GMT 1999
Native configuration is alphaev5-dec-osf4.0b
=== libio tests ===
Running target unix/-fPIC
=== libio Summary for unix/-fPIC ===
# of expected passes 40
Running target unix/-fpic
=== libio Summary for unix/-fpic ===
# of expected passes 40
Running target unix
=== libio Summary for unix ===
# of expected passes 40
=== libio Summary ===
# of expected passes 120
=== libstdc++ tests ===
Running target unix/-fPIC
=== libstdc++ Summary for unix/-fPIC ===
# of expected passes 30
Running target unix/-fpic
=== libstdc++ Summary for unix/-fpic ===
# of expected passes 30
Running target unix
=== libstdc++ Summary for unix ===
# of expected passes 30
=== libstdc++ Summary ===
# of expected passes 90
=== gcc tests ===
Running target unix/-fPIC
FAIL: gcc.c-torture/execute/complex-5.c execution, -O0
FAIL: gcc.c-torture/execute/complex-5.c execution, -O1
FAIL: gcc.c-torture/execute/complex-5.c execution, -O2
FAIL: gcc.c-torture/execute/complex-5.c execution, -O3 -fomit-frame-pointer
FAIL: gcc.c-torture/execute/complex-5.c execution, -O3 -g
FAIL: gcc.c-torture/execute/complex-5.c execution, -Os
FAIL: gcc.c-torture/execute/ieee/mzero2.c execution, -O0
FAIL: gcc.c-torture/execute/ieee/mzero2.c execution, -O1
FAIL: gcc.c-torture/execute/ieee/mzero2.c execution, -O2
FAIL: gcc.c-torture/execute/ieee/mzero2.c execution, -O3 -fomit-frame-pointer
FAIL: gcc.c-torture/execute/ieee/mzero2.c execution, -O3 -g
FAIL: gcc.c-torture/execute/ieee/mzero2.c execution, -Os
XPASS: gcc.c-torture/execute/memcheck/blkarg.c execution, -O0
XPASS: gcc.c-torture/execute/memcheck/blkarg.c execution, -O1
XPASS: gcc.c-torture/execute/memcheck/blkarg.c execution, -O2
XPASS: gcc.c-torture/execute/memcheck/blkarg.c execution, -Os
FAIL: gcc.dg/990119-1.c execution test
FAIL: gcc.dg/cast-qual-1.c discarding `const' warning (test for bogus messages, line 11)
FAIL: gcc.dg/cast-qual-1.c discarding `const' warning (test for warnings, line 17)
FAIL: gcc.dg/compare1.c (test for excess errors)
=== gcc Summary for unix/-fPIC ===
# of expected passes 8100
# of unexpected failures 16
# of unexpected successes 4
# of expected failures 27
# of unsupported tests 24
Running target unix/-fpic
FAIL: gcc.c-torture/execute/complex-5.c execution, -O0
FAIL: gcc.c-torture/execute/complex-5.c execution, -O1
FAIL: gcc.c-torture/execute/complex-5.c execution, -O2
FAIL: gcc.c-torture/execute/complex-5.c execution, -O3 -fomit-frame-pointer
FAIL: gcc.c-torture/execute/complex-5.c execution, -O3 -g
FAIL: gcc.c-torture/execute/complex-5.c execution, -Os
FAIL: gcc.c-torture/execute/ieee/mzero2.c execution, -O0
FAIL: gcc.c-torture/execute/ieee/mzero2.c execution, -O1
FAIL: gcc.c-torture/execute/ieee/mzero2.c execution, -O2
FAIL: gcc.c-torture/execute/ieee/mzero2.c execution, -O3 -fomit-frame-pointer
FAIL: gcc.c-torture/execute/ieee/mzero2.c execution, -O3 -g
FAIL: gcc.c-torture/execute/ieee/mzero2.c execution, -Os
XPASS: gcc.c-torture/execute/memcheck/blkarg.c execution, -O0
XPASS: gcc.c-torture/execute/memcheck/blkarg.c execution, -O1
XPASS: gcc.c-torture/execute/memcheck/blkarg.c execution, -O2
XPASS: gcc.c-torture/execute/memcheck/blkarg.c execution, -Os
FAIL: gcc.dg/990119-1.c execution test
FAIL: gcc.dg/cast-qual-1.c discarding `const' warning (test for bogus messages, line 11)
FAIL: gcc.dg/cast-qual-1.c discarding `const' warning (test for warnings, line 17)
FAIL: gcc.dg/compare1.c (test for excess errors)
=== gcc Summary for unix/-fpic ===
# of expected passes 8100
# of unexpected failures 16
# of unexpected successes 4
# of expected failures 27
# of unsupported tests 24
Running target unix
FAIL: gcc.c-torture/execute/complex-5.c execution, -O0
FAIL: gcc.c-torture/execute/complex-5.c execution, -O1
FAIL: gcc.c-torture/execute/complex-5.c execution, -O2
FAIL: gcc.c-torture/execute/complex-5.c execution, -O3 -fomit-frame-pointer
FAIL: gcc.c-torture/execute/complex-5.c execution, -O3 -g
FAIL: gcc.c-torture/execute/complex-5.c execution, -Os
FAIL: gcc.c-torture/execute/ieee/mzero2.c execution, -O0
FAIL: gcc.c-torture/execute/ieee/mzero2.c execution, -O1
FAIL: gcc.c-torture/execute/ieee/mzero2.c execution, -O2
FAIL: gcc.c-torture/execute/ieee/mzero2.c execution, -O3 -fomit-frame-pointer
FAIL: gcc.c-torture/execute/ieee/mzero2.c execution, -O3 -g
FAIL: gcc.c-torture/execute/ieee/mzero2.c execution, -Os
XPASS: gcc.c-torture/execute/memcheck/blkarg.c execution, -O0
XPASS: gcc.c-torture/execute/memcheck/blkarg.c execution, -O1
XPASS: gcc.c-torture/execute/memcheck/blkarg.c execution, -O2
XPASS: gcc.c-torture/execute/memcheck/blkarg.c execution, -Os
FAIL: gcc.dg/990119-1.c execution test
FAIL: gcc.dg/cast-qual-1.c discarding `const' warning (test for bogus messages, line 11)
FAIL: gcc.dg/cast-qual-1.c discarding `const' warning (test for warnings, line 17)
FAIL: gcc.dg/compare1.c (test for excess errors)
=== gcc Summary for unix ===
# of expected passes 8100
# of unexpected failures 16
# of unexpected successes 4
# of expected failures 27
# of unsupported tests 24
=== gcc Summary ===
# of expected passes 24300
# of unexpected failures 48
# of unexpected successes 12
# of expected failures 81
# of unsupported tests 72
/usr/var/tmp/gcc-testing/build/gcc/xgcc version 2.95 19990712 (prerelease)
=== g++ tests ===
Running target unix/-fPIC
FAIL: g++.ext/attrib5.C (test for excess errors)
FAIL: g++.jason/thunk1.C (test for excess errors)
FAIL: g++.jason/thunk2.C (test for excess errors)
FAIL: g++.jason/thunk3.C (test for excess errors)
FAIL: g++.law/vtable2.C (test for excess errors)
FAIL: g++.mike/thunk1.C (test for excess errors)
FAIL: g++.oliva/template2.C - C<T> not a class (test for bogus messages, line 14)
FAIL: g++.oliva/template3.C caused compiler crash
FAIL: g++.oliva/typename1.C caused compiler crash
FAIL: g++.oliva/typename2.C (test for excess errors)
FAIL: g++.other/null1.C (test for excess errors)
XPASS: g++.pt/instantiate6.C (test for excess errors)
FAIL: g++.pt/static3.C (test for excess errors)
FAIL: g++.pt/static6.C (test for excess errors)
=== g++ Summary for unix/-fPIC ===
# of expected passes 5174
# of unexpected failures 13
# of unexpected successes 1
# of expected failures 88
# of untested testcases 11
Running target unix/-fpic
FAIL: g++.ext/attrib5.C (test for excess errors)
FAIL: g++.jason/thunk1.C (test for excess errors)
FAIL: g++.jason/thunk2.C (test for excess errors)
FAIL: g++.jason/thunk3.C (test for excess errors)
FAIL: g++.law/vtable2.C (test for excess errors)
FAIL: g++.mike/thunk1.C (test for excess errors)
FAIL: g++.oliva/template2.C - C<T> not a class (test for bogus messages, line 14)
FAIL: g++.oliva/template3.C caused compiler crash
FAIL: g++.oliva/typename1.C caused compiler crash
FAIL: g++.oliva/typename2.C (test for excess errors)
FAIL: g++.other/null1.C (test for excess errors)
XPASS: g++.pt/instantiate6.C (test for excess errors)
FAIL: g++.pt/static3.C (test for excess errors)
FAIL: g++.pt/static6.C (test for excess errors)
=== g++ Summary for unix/-fpic ===
# of expected passes 5174
# of unexpected failures 13
# of unexpected successes 1
# of expected failures 88
# of untested testcases 11
Running target unix
FAIL: g++.ext/attrib5.C (test for excess errors)
FAIL: g++.jason/thunk2.C (test for excess errors)
FAIL: g++.oliva/template2.C - C<T> not a class (test for bogus messages, line 14)
FAIL: g++.oliva/template3.C caused compiler crash
FAIL: g++.oliva/typename1.C caused compiler crash
FAIL: g++.oliva/typename2.C (test for excess errors)
FAIL: g++.other/null1.C (test for excess errors)
XPASS: g++.pt/instantiate6.C (test for excess errors)
FAIL: g++.pt/static3.C (test for excess errors)
FAIL: g++.pt/static6.C (test for excess errors)
=== g++ Summary for unix ===
# of expected passes 5178
# of unexpected failures 9
# of unexpected successes 1
# of expected failures 88
# of untested testcases 11
=== g++ Summary ===
# of expected passes 15526
# of unexpected failures 35
# of unexpected successes 3
# of expected failures 264
# of untested testcases 33
/usr/var/tmp/gcc-testing/build/gcc/testsuite/../xgcc version 2.95 19990712 (prerelease)
=== g77 tests ===
Running target unix/-fPIC
=== g77 Summary for unix/-fPIC ===
# of expected passes 602
Running target unix/-fpic
=== g77 Summary for unix/-fpic ===
# of expected passes 602
Running target unix
=== g77 Summary for unix ===
# of expected passes 602
=== g77 Summary ===
# of expected passes 1806
=== objc tests ===
Running target unix/-fPIC
FAIL: objc/execute/bf-10.m execution, -O
FAIL: objc/execute/bf-16.m execution, -O
FAIL: objc/execute/bf-17.m execution, -O
=== objc Summary for unix/-fPIC ===
# of expected passes 35
# of unexpected failures 3
Running target unix/-fpic
FAIL: objc/execute/bf-10.m execution, -O
FAIL: objc/execute/bf-16.m execution, -O
FAIL: objc/execute/bf-17.m execution, -O
=== objc Summary for unix/-fpic ===
# of expected passes 35
# of unexpected failures 3
Running target unix
FAIL: objc/execute/bf-10.m execution, -O
FAIL: objc/execute/bf-16.m execution, -O
FAIL: objc/execute/bf-17.m execution, -O
=== objc Summary for unix ===
# of expected passes 35
# of unexpected failures 3
=== objc Summary ===
# of expected passes 105
# of unexpected failures 9
/usr/var/tmp/gcc-testing/build/gcc/xgcc version 2.95 19990712 (prerelease)
Compiler version: 2.95 19990712 (prerelease)
Platform: alphaev5-dec-osf4.0b
configure flags: --with-gcc-version-trigger=/usr/var/tmp/gcc-testing/egcs-2.95-CVS19990712/gcc/version.c --host=alphaev5-dec-osf4.0b --verbose --norecursion
BOOT_CFLAGS=-g -O3 -funroll-all-loops
More information about the Gcc-testresults
mailing list