Results for gcc-2.95 19990706 (prerelease) testsuite on i586-redhat-linux-gnu
Manfred Hollstein
mhollstein@cygnus.com
Sun Jul 11 07:32:00 GMT 1999
Compiler version: gcc-2.95 19990706 (prerelease)
Platform: i586-redhat-linux-gnu
Sources: - "gcc-2_95-branch" from CVS last updated at 1999/07/06 11:57:31 +0200
- libg++-2.8.1.3
Patches: [1] `Some more K&R vs ANSI-C'
from <mhollstein@cygnus.com>
[2] `Re: PATCH for a rather bad cpplib related bug'
from <brolley@cygnus.com>
[3] `Re: Another incompatibility of a CPPLIB based cpp?'
from <zack@rabi.columbia.edu>
Environment: - autoconf-2.13
- automake-1.4
- binutils-2.9.1
+ Ian Lance Taylor's patch to gas/ehopt.c
+ my patch to make GNU ld work on i386-pc-solaris2.7
- dejagnu-19981026
+ look_for_dir_with_trigger patch
- gperf-2.7
+ gperf-2.7-19981006.pat
- RedHat Linux 5.2
+ recommended updates as of today
- Kernel 2.2.10 (compiled by
"gcc version egcs-2.91.66 19990314 (egcs-1.1.2 release)")
- glibc-2.0.7-29
- glibc-devel-2.0.7-29
Remarks: None.
configure flags: --with-gcc-version-trigger=/home/gnu/work/GNU/gcc-2.95/gcc/version.c --host=i586-redhat-linux-gnu --srcdir=../gcc-2.95 --prefix=/tools/gnu --with-gnu-as --with-gnu-ld --enable-shared --enable-version-specific-runtime-libs --enable-c-cpplib --with-local-prefix=/tools/gnu --enable-nls --verbose --norecursion
BOOT_CC: gcc version egcs-2.91.66 19990314 (egcs-1.1.2 release)
BOOT_CFLAGS: -O9 -funroll-all-loops -mcpu=pentium -fomit-frame-pointer
CFLAGS: -O9 -mcpu=pentium -fomit-frame-pointer
CXXFLAGS: -O9 -mcpu=pentium -fomit-frame-pointer -g
Native configuration is i586-redhat-linux-gnu
=== libio tests ===
Running target unix
=== libio Summary ===
# of expected passes 40
=== libstdc++ tests ===
Running target unix
=== libstdc++ Summary ===
# of expected passes 30
=== libg++ tests ===
Running target unix
=== libg++ Summary ===
# of expected passes 72
=== gcc tests ===
Running target unix
FAIL: gcc.c-torture/execute/loop-2b.c execution, -O2
FAIL: gcc.c-torture/execute/loop-2b.c execution, -O3 -fomit-frame-pointer
FAIL: gcc.c-torture/execute/loop-2b.c execution, -O3 -fomit-frame-pointer -funroll-loops
FAIL: gcc.c-torture/execute/loop-2b.c execution, -O3 -fomit-frame-pointer -funroll-all-loops -finline-functions
FAIL: gcc.c-torture/execute/loop-2b.c execution, -O3 -g
FAIL: gcc.dg/cast-qual-1.c discarding \`const' warning (test for bogus messages, line 11)
FAIL: gcc.dg/cast-qual-1.c discarding \`const' warning (test for warnings, line 17)
FAIL: gcc.dg/compare1.c (test for excess errors)
FAIL: gcc.dg/special/weak-1.c execution test
=== gcc Summary ===
# of expected passes 8135
# of unexpected failures 9
# of expected failures 38
# of unsupported tests 13
/opt/home/gnu/work/GNU/gcc-2.95-i586-redhat-linux-gnu/gcc/xgcc version gcc-2.95 19990706 (prerelease)
=== g++ tests ===
Running target unix
FAIL: g++.dg/special/conpr-1.C execution test
FAIL: g++.dg/special/conpr-2.C execution test
FAIL: g++.dg/special/conpr-3.C execution test
FAIL: g++.dg/special/conpr-3.C execution test
=== g++ Summary ===
# of expected passes 5176
# of unexpected failures 4
# of expected failures 81
# of untested testcases 7
/opt/home/gnu/work/GNU/gcc-2.95-i586-redhat-linux-gnu/gcc/testsuite/../xgcc version gcc-2.95 19990706 (prerelease)
=== g77 tests ===
Running target unix
=== g77 Summary ===
# of expected passes 602
=== objc tests ===
Running target unix
=== objc Summary ===
# of expected passes 38
/opt/home/gnu/work/GNU/gcc-2.95-i586-redhat-linux-gnu/gcc/xgcc version gcc-2.95 19990706 (prerelease)
Counting all warnings,
there are 27 warnings in stage3 of this bootstrap.
Number of warnings per file:
9 ../../gcc-2.95/gcc/toplev.c
4 cc1plus
4 ../../../../gcc-2.95/libg++/src/Fix16.cc
4 ../../../../gcc-2.95/libg++/src/AllocRing.cc
2 cxxmain.c
2 ../../../gcc-2.95/libiberty/testsuite/../cplus-dem.c
1 ../../gcc-2.95/gcc/reload1.c
1 ../../../gcc-2.95/gcc/f/com.c
Number of warning types:
9 initialization from incompatible pointer type
4 integer overflow in expression
4 `???' is not a pointer-to-object type
2 assignment discards qualifiers from pointer target type
2 assignment discards `const' from pointer target type
2 Please see the documentation for details.
2 -fthis-is-variable is deprecated.
1 unused parameter `???'
1 passing arg ??? of `???' from incompatible pointer type
More information about the Gcc-testresults
mailing list