Results for egcs-2.91.66 19990314 (egcs-1.1.2 release) testsuite on alpha-dec-osf4.0e
Art Werschulz
agw@dsm.fordham.edu
Fri Jul 9 07:17:00 GMT 1999
Native configuration is alpha-dec-osf4.0e
=== libio tests ===
Running target unix
=== libio Summary ===
# of expected passes 40
=== libstdc++ tests ===
Running target unix
=== libstdc++ Summary ===
# of expected passes 30
=== gcc tests ===
Running target unix
FAIL: gcc.c-torture/execute/980526-1.c execution, -O2 -fomit-frame-pointer -finline-functions
FAIL: gcc.c-torture/execute/complex-5.c execution, -O0
FAIL: gcc.c-torture/execute/complex-5.c execution, -O1
FAIL: gcc.c-torture/execute/complex-5.c execution, -O2
FAIL: gcc.c-torture/execute/complex-5.c execution, -O2 -fomit-frame-pointer -finline-functions
FAIL: gcc.c-torture/execute/complex-5.c execution, -O2 -g
FAIL: gcc.c-torture/execute/complex-5.c execution, -Os
FAIL: gcc.c-torture/execute/ieee/mzero2.c execution, -O0
FAIL: gcc.c-torture/execute/ieee/mzero2.c execution, -O1
FAIL: gcc.c-torture/execute/ieee/mzero2.c execution, -O2
FAIL: gcc.c-torture/execute/ieee/mzero2.c execution, -O2 -fomit-frame-pointer -finline-functions
FAIL: gcc.c-torture/execute/ieee/mzero2.c execution, -O2 -g
FAIL: gcc.c-torture/execute/ieee/mzero2.c execution, -Os
FAIL: gcc.dg/980626-1.c (test for excess errors)
=== gcc Summary ===
# of expected passes 7484
# of unexpected failures 14
# of expected failures 7
# of unsupported tests 18
/u/sobolev/agw/egcs/ccobjdir/gcc/xgcc version egcs-2.91.66 19990314 (egcs-1.1.2 release)
=== g++ tests ===
Running target unix
XPASS: g++.benjamin/p12475.C (test for excess errors)
XPASS: g++.brendan/array1.C overflow in array dimension.* , (test for errors, line 6)
FAIL: g++.jason/thunk2.C (test for excess errors)
XPASS: g++.jason/thunk3.C (test for excess errors)
XPASS: g++.jason/thunk3.C Execution test
XPASS: g++.law/profile1.C (test for excess errors)
XPASS: g++.law/profile1.C Execution test
FAIL: g++.other/new.C (test for excess errors)
FAIL: g++.other/new2.C (test for excess errors)
FAIL: g++.pt/static3.C (test for excess errors)
XPASS: g++.robertl/eb132.C (test for excess errors)
FAIL: g++.robertl/eb15.C (test for excess errors)
FAIL: g++.robertl/eb2.C (test for excess errors)
FAIL: g++.robertl/eb71.C (test for excess errors)
FAIL: g++.robertl/eb91.C (test for excess errors)
=== g++ Summary ===
# of expected passes 4206
# of unexpected failures 8
# of unexpected successes 7
# of expected failures 86
# of untested testcases 7
/u/sobolev/agw/egcs/ccobjdir/gcc/testsuite/../xgcc version egcs-2.91.66 19990314 (egcs-1.1.2 release)
=== g77 tests ===
Running target unix
FAIL: g77.f-torture/execute/auto0.f execution, -Os
=== g77 Summary ===
# of expected passes 414
# of unexpected failures 1
Compiler version: egcs-2.91.66 19990314 (egcs-1.1.2 release)
Platform: alpha-dec-osf4.0e
configure flags: --with-gcc-version-trigger=/u/sobolev/agw/egcs/egcs-1.1.2/gcc/version.c --host=alpha-dec-osf4.0e --norecursion
More information about the Gcc-testresults
mailing list