Results for gcc-2.95 19990630 (prerelease) testsuite on i586-pc-cygwin32
Mumit Khan
khan@xraylith.wisc.EDU
Sat Jul 3 10:26:00 GMT 1999
Patches used:
- (C++) Jason Merrill's "tidy", COM, anon-struct + my tweak to COM patch.
These are from the mainline. Needed for x86-win32.
- archived at:
ftp://ftp.xraylith.wisc.edu/pub/khan/gnu-win32/cygwin/snapshots/gcc-2.95-19990626/patches/
I'm using an older DejaGNU, and so get the 3 unresolved cases in GCC tests.
Native configuration is i586-pc-cygwin32
=== gcc tests ===
Running target unix
XPASS: gcc.c-torture/execute/memcheck/blkarg.c execution, -O0
XPASS: gcc.c-torture/execute/memcheck/blkarg.c execution, -O1
XPASS: gcc.c-torture/execute/memcheck/blkarg.c execution, -O2
XPASS: gcc.c-torture/execute/memcheck/blkarg.c execution, -O3 -fomit-frame-pointer
XPASS: gcc.c-torture/execute/memcheck/blkarg.c execution, -O3 -g
XPASS: gcc.c-torture/execute/memcheck/blkarg.c execution, -Os
FAIL: gcc.dg/cast-qual-1.c discarding `const' warning (test for bogus messages, line 11)
FAIL: gcc.dg/cast-qual-1.c discarding `const' warning (test for warnings, line 17)
FAIL: gcc.dg/compare1.c (test for excess errors)
ERROR: (DejaGnu) proc "find_ld" does not exist.
The error code is NONE
=== gcc Summary ===
# of expected passes 8129
# of unexpected failures 3
# of unexpected successes 6
# of expected failures 19
# of unresolved testcases 3
# of unsupported tests 12
d:/gcc-2.95-cygb20/H-i586-cygwin32/bin/gcc.exe version gcc-2.95 19990630 (prerelease)
=== g++ tests ===
Running target unix
XPASS: g++.pt/instantiate6.C (test for excess errors)
FAIL: g++.robertl/eb131.C candidate (test for errors, line 13)
=== g++ Summary ===
# of expected passes 4444
# of unexpected failures 1
# of unexpected successes 1
# of expected failures 815
# of untested testcases 8
d:/gcc-2.95-cygb20/H-i586-cygwin32/bin/g++.exe version gcc-2.95 19990630 (prerelease)
=== g77 tests ===
Running target unix
=== g77 Summary ===
# of expected passes 1203
d:/gcc-2.95-cygb20/H-i586-cygwin32/bin/g77.exe g77 version gcc-2.95 19990630 (prerelease) (from FSF-g77 version 0.5.25 19990628 (prerelease))
Compiler version: gcc-2.95 19990630 (prerelease)
Platform: i586-pc-cygwin32
configure flags: --with-gcc-version-trigger=/home/khan/src/gcc-2.95/gcc/version.c --host=i586-cygwin32 --prefix=/usr/local/gcc-2.95 -v --norecursion
Regards,
Mumit
More information about the Gcc-testresults
mailing list