Results for gcc-2.95 19990629 (prerelease) testsuite on sparc-sun-solaris2.7
Alexandre Oliva
oliva@dcc.unicamp.br
Thu Jul 1 15:00:00 GMT 1999
Native configuration is sparc-sun-solaris2.7
=== g++ tests ===
Running target unix
FAIL: g++.dg/special/conpr-1.C execution test
FAIL: g++.dg/special/conpr-2.C execution test
FAIL: g++.dg/special/conpr-3.C execution test
FAIL: g++.dg/special/conpr-3.C execution test
=== g++ Summary ===
# of expected passes 5172
# of unexpected failures 4
# of expected failures 80
# of untested testcases 10
/tmp/egcs/gcc/testsuite/../xgcc version gcc-2.95 19990629 (prerelease)
=== g77 tests ===
Running target unix
=== g77 Summary ===
# of expected passes 602
=== gcc tests ===
Running target unix
FAIL: gcc.dg/990119-1.c execution test
FAIL: gcc.dg/cast-qual-1.c discarding `const' warning (test for bogus messages, line 11)
FAIL: gcc.dg/cast-qual-1.c discarding `const' warning (test for warnings, line 17)
FAIL: gcc.dg/compare1.c (test for excess errors)
=== gcc Summary ===
# of expected passes 8120
# of unexpected failures 4
# of expected failures 31
# of unsupported tests 25
/tmp/egcs/gcc/xgcc version gcc-2.95 19990629 (prerelease)
=== libg++ tests ===
Running target unix
=== libg++ Summary ===
# of expected passes 72
=== libio tests ===
Running target unix
=== libio Summary ===
# of expected passes 40
=== libstdc++ tests ===
Running target unix
=== libstdc++ Summary ===
# of expected passes 30
=== objc tests ===
Running target unix
FAIL: objc/execute/bf-1.m compilation, -O
FAIL: objc/execute/bf-10.m compilation, -O
FAIL: objc/execute/bf-11.m compilation, -O
FAIL: objc/execute/bf-12.m compilation, -O
FAIL: objc/execute/bf-13.m compilation, -O
FAIL: objc/execute/bf-14.m compilation, -O
FAIL: objc/execute/bf-15.m compilation, -O
FAIL: objc/execute/bf-16.m compilation, -O
FAIL: objc/execute/bf-17.m compilation, -O
FAIL: objc/execute/bf-18.m compilation, -O
FAIL: objc/execute/bf-19.m compilation, -O
FAIL: objc/execute/bf-2.m compilation, -O
FAIL: objc/execute/bf-3.m compilation, -O
FAIL: objc/execute/bf-4.m compilation, -O
FAIL: objc/execute/bf-5.m compilation, -O
FAIL: objc/execute/bf-6.m compilation, -O
FAIL: objc/execute/bf-7.m compilation, -O
FAIL: objc/execute/bf-8.m compilation, -O
FAIL: objc/execute/bf-9.m compilation, -O
=== objc Summary ===
# of unexpected failures 19
# of untested testcases 19
/tmp/egcs/gcc/xgcc version gcc-2.95 19990629 (prerelease)
Compiler version: gcc-2.95 19990629 (prerelease)
Platform: sparc-sun-solaris2.7
BOOT_CFLAGS: standard
Counting all warnings,
there are 3 warnings in stage3 of this bootstrap.
Number of warnings per file:
2 cxxmain.c
1 /home/phd/oliva/src/egcs/gcc/f/com.c
Number of warning types:
2 assignment discards qualifiers from pointer target type
1 unused parameter `???'
More information about the Gcc-testresults
mailing list