Results for egcs-2.93.04 19990131 (gcc2 ss-980929 experimental) testsuite on i586-pc-linux-gnu
Alexandre Oliva
oliva@dcc.unicamp.br
Sun Jan 31 22:57:00 GMT 1999
Native configuration is i586-pc-linux-gnu
=== g++ tests ===
Running target unix
FAIL: g++.ns/template6.C (test for excess errors)
FAIL: g++.robertl/eb83.C caused compiler crash
=== g++ Summary ===
# of expected passes 4835
# of unexpected failures 2
# of expected failures 90
# of untested testcases 7
/tmp/egcs/gcc/testsuite/../xgcc version egcs-2.93.04 19990131 (gcc2 ss-980929 experimental)
=== g77 tests ===
Running target unix
FAIL: g77.f-torture/execute/auto0.f execution, -O2 -fomit-frame-pointer -finline-functions -funroll-loops
FAIL: g77.f-torture/execute/auto0.f execution, -O2 -fomit-frame-pointer -finline-functions -funroll-all-loops
FAIL: g77.f-torture/execute/auto1.f execution, -O2 -fomit-frame-pointer -finline-functions -funroll-loops
FAIL: g77.f-torture/execute/auto1.f execution, -O2 -fomit-frame-pointer -finline-functions -funroll-all-loops
=== g77 Summary ===
# of expected passes 468
# of unexpected failures 4
=== gcc tests ===
Running target unix
FAIL: gcc.c-torture/execute/930603-1.c execution, -O0
FAIL: gcc.c-torture/execute/930603-1.c execution, -O1
FAIL: gcc.c-torture/execute/930603-1.c execution, -O2
FAIL: gcc.c-torture/execute/930603-1.c execution, -O2 -g
FAIL: gcc.c-torture/execute/930603-1.c execution, -Os
FAIL: gcc.c-torture/execute/990119-1.c execution, -O0
FAIL: gcc.c-torture/execute/990119-1.c execution, -O1
FAIL: gcc.c-torture/execute/990119-1.c execution, -O2
FAIL: gcc.c-torture/execute/990119-1.c execution, -O2 -fomit-frame-pointer -finline-functions
FAIL: gcc.c-torture/execute/990119-1.c execution, -O2 -g
FAIL: gcc.c-torture/execute/990119-1.c execution, -Os
FAIL: gcc.c-torture/execute/990128-1.c execution, -O2
FAIL: gcc.c-torture/execute/990128-1.c execution, -O2 -fomit-frame-pointer -finline-functions
FAIL: gcc.c-torture/execute/990128-1.c execution, -O2 -fomit-frame-pointer -finline-functions -funroll-loops
FAIL: gcc.c-torture/execute/990128-1.c execution, -O2 -fomit-frame-pointer -finline-functions -funroll-all-loops
FAIL: gcc.c-torture/execute/990128-1.c execution, -O2 -g
FAIL: gcc.c-torture/execute/990128-1.c execution, -Os
FAIL: gcc.c-torture/execute/loop-2f.c execution, -O2
FAIL: gcc.c-torture/execute/loop-2f.c execution, -O2 -fomit-frame-pointer -finline-functions
FAIL: gcc.c-torture/execute/loop-2f.c execution, -O2 -fomit-frame-pointer -finline-functions -funroll-loops
FAIL: gcc.c-torture/execute/loop-2f.c execution, -O2 -fomit-frame-pointer -finline-functions -funroll-all-loops
FAIL: gcc.c-torture/execute/loop-2f.c execution, -O2 -g
FAIL: gcc.c-torture/execute/loop-2f.c execution, -Os
FAIL: gcc.c-torture/execute/loop-2g.c execution, -O2
FAIL: gcc.c-torture/execute/loop-2g.c execution, -O2 -fomit-frame-pointer -finline-functions
FAIL: gcc.c-torture/execute/loop-2g.c execution, -O2 -fomit-frame-pointer -finline-functions -funroll-loops
FAIL: gcc.c-torture/execute/loop-2g.c execution, -O2 -fomit-frame-pointer -finline-functions -funroll-all-loops
FAIL: gcc.c-torture/execute/loop-2g.c execution, -O2 -g
FAIL: gcc.c-torture/execute/loop-2g.c execution, -Os
FAIL: gcc.c-torture/execute/ieee/980619-1.c execution, -O1
FAIL: gcc.c-torture/execute/ieee/980619-1.c execution, -O2
FAIL: gcc.c-torture/execute/ieee/980619-1.c execution, -O2 -fomit-frame-pointer -finline-functions
FAIL: gcc.c-torture/execute/ieee/980619-1.c execution, -O2 -fomit-frame-pointer -finline-functions -funroll-loops
FAIL: gcc.c-torture/execute/ieee/980619-1.c execution, -O2 -fomit-frame-pointer -finline-functions -funroll-all-loops
FAIL: gcc.c-torture/execute/ieee/980619-1.c execution, -O2 -g
FAIL: gcc.c-torture/execute/ieee/980619-1.c execution, -Os
FAIL: gcc.c-torture/execute/memcheck/blkarg.c execution, -O0
FAIL: gcc.c-torture/execute/memcheck/blkarg.c execution, -O1
FAIL: gcc.c-torture/execute/memcheck/blkarg.c execution, -O2
FAIL: gcc.c-torture/execute/memcheck/blkarg.c execution, -O2 -fomit-frame-pointer -finline-functions
FAIL: gcc.c-torture/execute/memcheck/blkarg.c execution, -O2 -g
FAIL: gcc.c-torture/execute/memcheck/blkarg.c execution, -Os
FAIL: gcc.c-torture/noncompile/951227-1.c
FAIL: gcc.c-torture/special/981006-1.c (test for bogus messages, line 11)
FAIL: gcc.c-torture/special/981006-1.c (test for bogus messages, line 12)
FAIL: gcc.dg/990117-1.c (test for excess errors)
FAIL: gcc.dg/990130-1.c (test for excess errors)
FAIL: gcc.dg/cpp-if1.c invalid number (test for errors, line 12)
FAIL: gcc.dg/cpp-if1.c invalid number (test for errors, line 15)
FAIL: gcc.dg/cpp-if1.c invalid number (test for errors, line 18)
FAIL: gcc.dg/cpp-if1.c floating point in #if (test for errors, line 21)
FAIL: gcc.dg/cpp-if1.c too many suffixes (test for errors, line 24)
FAIL: gcc.dg/cpp-if1.c too many suffixes (test for errors, line 27)
FAIL: gcc.dg/cpp-if1.c (test for excess errors)
FAIL: gcc.misc-tests/m-un-2.c warning regression (test for warnings, line 18)
FAIL: gcc.misc-tests/m-un-2.c warning regression (test for warnings, line 23)
FAIL: gcc.misc-tests/m-un-2.c (test for excess errors)
=== gcc Summary ===
# of expected passes 7923
# of unexpected failures 57
# of expected failures 13
# of unsupported tests 12
/tmp/egcs/gcc/xgcc version egcs-2.93.04 19990131 (gcc2 ss-980929 experimental)
=== libg++ tests ===
Running target unix
=== libg++ Summary ===
# of expected passes 72
=== libio tests ===
Running target unix
=== libio Summary ===
# of expected passes 40
=== libstdc++ tests ===
Running target unix
=== libstdc++ Summary ===
# of expected passes 30
=== objc tests ===
Running target unix
FAIL: objc/execute/bf-1.m compilation, -O
FAIL: objc/execute/bf-10.m compilation, -O
FAIL: objc/execute/bf-11.m compilation, -O
FAIL: objc/execute/bf-12.m compilation, -O
FAIL: objc/execute/bf-13.m compilation, -O
FAIL: objc/execute/bf-14.m compilation, -O
FAIL: objc/execute/bf-15.m compilation, -O
FAIL: objc/execute/bf-16.m compilation, -O
FAIL: objc/execute/bf-17.m compilation, -O
FAIL: objc/execute/bf-18.m compilation, -O
FAIL: objc/execute/bf-19.m compilation, -O
FAIL: objc/execute/bf-2.m compilation, -O
FAIL: objc/execute/bf-3.m compilation, -O
FAIL: objc/execute/bf-4.m compilation, -O
FAIL: objc/execute/bf-5.m compilation, -O
FAIL: objc/execute/bf-6.m compilation, -O
FAIL: objc/execute/bf-7.m compilation, -O
FAIL: objc/execute/bf-8.m compilation, -O
FAIL: objc/execute/bf-9.m compilation, -O
=== objc Summary ===
# of unexpected failures 19
# of untested testcases 19
/tmp/egcs/gcc/xgcc version egcs-2.93.04 19990131 (gcc2 ss-980929 experimental)
Compiler version: egcs-2.93.04 19990131 (gcc2 ss-980929 experimental)
Platform: i586-pc-linux-gnu
BOOT_CFLAGS: -g -O9 -W -Wall
Counting all warnings,
there are 451 warnings in stage3 of this bootstrap.
Number of warnings per file:
43 /home/phd/oliva/src/egcs/gcc/toplev.c
22 /home/phd/oliva/src/egcs/gcc/java/lex.c
20 /home/phd/oliva/src/egcs/gcc/java/jcf-parse.c
16 /home/phd/oliva/src/egcs/gcc/java/jcf-reader.c
15 /home/phd/oliva/src/egcs/gcc/objc/objc-act.c
14 ./parse.y
13 /home/phd/oliva/src/egcs/gcc/varasm.c
13 /home/phd/oliva/src/egcs/gcc/java/jcf-write.c
12 /home/phd/oliva/src/egcs/gcc/java/jcf-dump.c
12 /home/phd/oliva/src/egcs/gcc/java/javaop.def
12 /home/phd/oliva/src/egcs/gcc/cse.c
11 /home/phd/oliva/src/egcs/gcc/java/expr.c
10 /home/phd/oliva/src/egcs/gcc/reload1.c
10 /home/phd/oliva/src/egcs/gcc/fold-const.c
9 /home/phd/oliva/src/egcs/gcc/final.c
8 /home/phd/oliva/src/egcs/gcc/loop.c
8 /home/phd/oliva/src/egcs/gcc/java/gjavah.c
8 /home/phd/oliva/src/egcs/gcc/java/class.c
8 /home/phd/oliva/src/egcs/gcc/integrate.c
8 /home/phd/oliva/src/egcs/gcc/dwarf2out.c
8 /home/phd/oliva/src/egcs/gcc/combine.c
7 pexecute.c
7 /home/phd/oliva/src/egcs/gcc/cccp.c
7 /home/phd/oliva/src/egcs/gcc/c-lex.c
6 /home/phd/oliva/src/egcs/gcc/reload.c
6 /home/phd/oliva/src/egcs/gcc/protoize.c
6 /home/phd/oliva/src/egcs/gcc/optabs.c
6 /home/phd/oliva/src/egcs/gcc/expr.c
6 /home/phd/oliva/src/egcs/gcc/cp/lex.c
5 /home/phd/oliva/src/egcs/gcc/unroll.c
5 /home/phd/oliva/src/egcs/gcc/reg-stack.c
5 /home/phd/oliva/src/egcs/gcc/java/verify.c
5 /home/phd/oliva/src/egcs/gcc/collect2.c
4 cexp.y
4 /home/phd/oliva/src/egcs/gcc/system.h
4 /home/phd/oliva/src/egcs/gcc/sched.c
4 /home/phd/oliva/src/egcs/gcc/intl.h
4 /home/phd/oliva/src/egcs/gcc/expmed.c
4 /home/phd/oliva/src/egcs/gcc/dbxout.c
3 insn-emit.c
3 gcj.c
3 g77.c
3 g++.c
3 /home/phd/oliva/src/egcs/gcc/stmt.c
3 /home/phd/oliva/src/egcs/gcc/rtl.c
3 /home/phd/oliva/src/egcs/gcc/regmove.c
3 /home/phd/oliva/src/egcs/gcc/regclass.c
3 /home/phd/oliva/src/egcs/gcc/local-alloc.c
3 /home/phd/oliva/src/egcs/gcc/java/parse.h
3 /home/phd/oliva/src/egcs/gcc/java/lex.h
3 /home/phd/oliva/src/egcs/gcc/genopinit.c
3 /home/phd/oliva/src/egcs/gcc/gcc.c
3 /home/phd/oliva/src/egcs/gcc/config/i386/i386.c
2 insn-recog.c
2 insn-output.c
2 /home/phd/oliva/src/egcs/gcc/gcov.c
2 /home/phd/oliva/src/egcs/gcc/function.c
2 /home/phd/oliva/src/egcs/gcc/flow.c
2 /home/phd/oliva/src/egcs/gcc/c-decl.c
1 splay-tree.c
1 cxxmain.c
1 cplus-dem.c
1 choose-temp.c
1 /home/phd/oliva/src/egcs/gcc/tree.c
1 /home/phd/oliva/src/egcs/gcc/tlink.c
1 /home/phd/oliva/src/egcs/gcc/stupid.c
1 /home/phd/oliva/src/egcs/gcc/print-rtl.c
1 /home/phd/oliva/src/egcs/gcc/java/typeck.c
1 /home/phd/oliva/src/egcs/gcc/java/jvspec.c
1 /home/phd/oliva/src/egcs/gcc/java/jvgenmain.c
1 /home/phd/oliva/src/egcs/gcc/java/jcf-io.c
1 /home/phd/oliva/src/egcs/gcc/java/decl.c
1 /home/phd/oliva/src/egcs/gcc/java/constants.c
1 /home/phd/oliva/src/egcs/gcc/hash.c
1 /home/phd/oliva/src/egcs/gcc/graph.c
1 /home/phd/oliva/src/egcs/gcc/f/g77spec.c
1 /home/phd/oliva/src/egcs/gcc/explow.c
1 /home/phd/oliva/src/egcs/gcc/except.c
1 /home/phd/oliva/src/egcs/gcc/crtstuff.c
1 /home/phd/oliva/src/egcs/gcc/calls.c
1 ./parse-scan.y
Number of warning types:
136 `???' might be used uninitialized in this function
72 unused parameter `???'
52 implicit declaration of function `???'
33 variable `???' might be clobbered by `longjmp' or `vfork'
30 comparison between signed and unsigned
22 statement with no effect
21 unused variable `???'
16 missing initializer
16 (near initialization for `???')
14 ??? format, ??? arg (arg ???)
8 initialization from incompatible pointer type
6 `???' declared `static' but never defined
5 argument `???' might be clobbered by `longjmp' or `vfork'
4 this is the location of the previous definition
4 `???' redefined
3 control reaches end of non-void function
2 zero-length format string
2 `???' defined but not used
1 value computed is not used
1 suggest explicit braces to avoid ambiguous `else'
1 passing arg ??? of `???' from incompatible pointer type
1 passing arg ??? of `???' discards qualifiers from pointer target type
1 label `???' defined but not used
More information about the Gcc-testresults
mailing list