Results for egcs-2.93.03 19990124 on i686-pc-cygwin32
tprince@cat.e-mail.com
tprince@cat.e-mail.com
Thu Jan 28 11:56:00 GMT 1999
results for NT4/SP3 cygwinb20.1
Reported g++ failures appear to be caused by the "multiple
definition" problem.
Cygnus dejagnu never sees success on execute tests on NT.
Dr. Timothy C. Prince
Consulting Engineer
Solar Turbines, a Caterpillar Company
alternate e-mail: tprince@computer.org
Native configuration is i686-pc-cygwin32
=== libstdc++ tests ===
Running target unix
FAIL: tcomplex.cc compilation
FAIL: tcomplex.cc -O compilation
FAIL: tlist.cc compilation
FAIL: tlist.cc -O compilation
FAIL: tmap.cc compilation
FAIL: tmap.cc -O compilation
FAIL: tstring.cc compilation
FAIL: tstring.cc -O compilation
FAIL: tvector.cc compilation
=== libstdc++ Summary ===
# of unexpected failures 9
# of expected failures 18
=== objc tests ===
Running target unix
=== objc Summary ===
d:/gnu/egcs-19990117/cw/gcc/xgcc version egcs-2.93.03 19990124 (gcc2 ss-980609 experimental)
Host is couldn't execute "\\\\d\\cygnus\\CYGWIN~1\\share\\dejagnu\\config.guess": no such file or directory
=== g++ tests ===
Running target unix
FAIL: g++.benjamin/14687.C (test for excess errors)
FAIL: g++.benjamin/14687.C Execution test
FAIL: g++.benjamin/15071.C (test for excess errors)
FAIL: g++.benjamin/15071.C Execution test
=== g++ Summary ===
# of expected passes 16
# of unexpected failures 5
Host is couldn't execute "\\\\d\\cygnus\\CYGWIN~1\\share\\dejagnu\\config.guess": no such file or directory
=== g77 tests ===
Running target unix
=== g77 Summary ===
# of expected passes 199
Host is couldn't execute "\\\\d\\cygnus\\CYGWIN~1\\share\\dejagnu\\config.guess": no such file or directory
=== gcc tests ===
Running target unix
FAIL: gcc.c-torture/compile/961203-1.c
FAIL: gcc.c-torture/compile/981022-1.c, -O0
FAIL: gcc.c-torture/compile/981022-1.c, -O1
FAIL: gcc.c-torture/compile/981022-1.c, -O2
FAIL: gcc.c-torture/compile/981022-1.c, -O2 -fomit-frame-pointer -finline-functions
FAIL: gcc.c-torture/compile/981022-1.c, -O2 -g
FAIL: gcc.c-torture/compile/981022-1.c, -Os
Compiler version: egcs-2.93.03 19990124 (gcc2 ss-980609 experimental)
Platform: i686-pc-cygwin32
configure flags: --with-gcc-version-trigger=//d/gnu/egcs-19990117/gcc/version.c --host=i686-pc-cygwin32 --norecursion
EOF
Mail -s "Results for egcs-2.93.03 19990124 (gcc2 ss-980609 experimental) testsuite on i686-pc-cygwin32" egcs-testresults@egcs.cygnus.com
&&
To: INTERNET - IBMMAIL
More information about the Gcc-testresults
mailing list