Results for egcs-2.93.03 19990128 (gcc2 ss-980929 experimental) testsuite on i686-pc-sco3.2v5.0.5

Robert Lipe robertl@dgii.com
Thu Jan 28 09:09:00 GMT 1999


Native configuration is i686-pc-sco3.2v5.0.5

		=== libio tests ===


Running target unix/-mcoff

		=== libio Summary for unix/-mcoff ===

# of expected passes		40

Running target unix/-fPIC

		=== libio Summary for unix/-fPIC ===

# of expected passes		40

Running target unix/-melf

		=== libio Summary for unix/-melf ===

# of expected passes		40

		=== libio Summary ===

# of expected passes		120
		=== libstdc++ tests ===


Running target unix/-mcoff

		=== libstdc++ Summary for unix/-mcoff ===

# of expected passes		30

Running target unix/-fPIC
FAIL: tcomplex.cc compilation
FAIL: tcomplex.cc -O compilation
FAIL: tlist.cc compilation
FAIL: tlist.cc -O compilation
FAIL: tmap.cc compilation
FAIL: tmap.cc -O compilation
FAIL: tstring.cc compilation
FAIL: tvector.cc compilation
FAIL: tvector.cc -O compilation

		=== libstdc++ Summary for unix/-fPIC ===

# of expected passes		3
# of unexpected failures	9
# of expected failures		18

Running target unix/-melf
FAIL: tcomplex.cc compilation
FAIL: tcomplex.cc -O compilation
FAIL: tlist.cc compilation
FAIL: tlist.cc -O compilation
FAIL: tmap.cc compilation
FAIL: tmap.cc -O compilation
FAIL: tstring.cc compilation
FAIL: tvector.cc compilation
FAIL: tvector.cc -O compilation

		=== libstdc++ Summary for unix/-melf ===

# of expected passes		3
# of unexpected failures	9
# of expected failures		18

		=== libstdc++ Summary ===

# of expected passes		36
# of unexpected failures	18
# of expected failures		36
		=== gcc tests ===


Running target unix/-mcoff
FAIL: gcc.c-torture/execute/930603-1.c execution,  -O0 
FAIL: gcc.c-torture/execute/930603-1.c execution,  -O1 
FAIL: gcc.c-torture/execute/930603-1.c execution,  -O2 
FAIL: gcc.c-torture/execute/930603-1.c execution,  -O2 -g 
FAIL: gcc.c-torture/execute/930603-1.c execution,  -Os 
FAIL: gcc.c-torture/execute/990119-1.c execution,  -O0 
FAIL: gcc.c-torture/execute/990119-1.c execution,  -O1 
FAIL: gcc.c-torture/execute/990119-1.c execution,  -O2 
FAIL: gcc.c-torture/execute/990119-1.c execution,  -O2 -fomit-frame-pointer -finline-functions 
FAIL: gcc.c-torture/execute/990119-1.c execution,  -O2 -g 
FAIL: gcc.c-torture/execute/990119-1.c execution,  -Os 
FAIL: gcc.c-torture/execute/ieee/980619-1.c execution,  -O1 
FAIL: gcc.c-torture/execute/ieee/980619-1.c execution,  -O2 
FAIL: gcc.c-torture/execute/ieee/980619-1.c execution,  -O2 -fomit-frame-pointer -finline-functions 
FAIL: gcc.c-torture/execute/ieee/980619-1.c execution,  -O2 -fomit-frame-pointer -finline-functions -funroll-loops 
FAIL: gcc.c-torture/execute/ieee/980619-1.c execution,  -O2 -fomit-frame-pointer -finline-functions -funroll-all-loops 
FAIL: gcc.c-torture/execute/ieee/980619-1.c execution,  -O2 -g 
FAIL: gcc.c-torture/execute/ieee/980619-1.c execution,  -Os 
FAIL: gcc.c-torture/execute/memcheck/blkarg.c execution,  -O0 
FAIL: gcc.c-torture/execute/memcheck/blkarg.c execution,  -O1 
FAIL: gcc.c-torture/execute/memcheck/blkarg.c execution,  -O2 
FAIL: gcc.c-torture/execute/memcheck/blkarg.c execution,  -O2 -fomit-frame-pointer -finline-functions 
FAIL: gcc.c-torture/execute/memcheck/blkarg.c execution,  -O2 -g 
FAIL: gcc.c-torture/execute/memcheck/blkarg.c execution,  -Os 
FAIL: gcc.c-torture/noncompile/951227-1.c
FAIL: gcc.dg/990117-1.c (test for excess errors)
FAIL: gcc.dg/cpp-if1.c invalid number (test for errors, line 12)
FAIL: gcc.dg/cpp-if1.c invalid number (test for errors, line 15)
FAIL: gcc.dg/cpp-if1.c invalid number (test for errors, line 18)
FAIL: gcc.dg/cpp-if1.c floating point in #if (test for errors, line 21)
FAIL: gcc.dg/cpp-if1.c too many suffixes (test for errors, line 24)
FAIL: gcc.dg/cpp-if1.c too many suffixes (test for errors, line 27)
FAIL: gcc.dg/cpp-if1.c (test for excess errors)
FAIL: gcc.misc-tests/m-un-2.c warning regression (test for warnings, line 18)
FAIL: gcc.misc-tests/m-un-2.c warning regression (test for warnings, line 23)
FAIL: gcc.misc-tests/m-un-2.c (test for excess errors)

		=== gcc Summary for unix/-mcoff ===

# of expected passes		7915
# of unexpected failures	36
# of expected failures		13
# of unsupported tests		13

Running target unix/-fPIC
FAIL: gcc.c-torture/execute/930111-1.c compilation,  -O0 
FAIL: gcc.c-torture/execute/930111-1.c compilation,  -O1 
FAIL: gcc.c-torture/execute/930111-1.c compilation,  -O2 
FAIL: gcc.c-torture/execute/930111-1.c compilation,  -O2 -fomit-frame-pointer -finline-functions 
FAIL: gcc.c-torture/execute/930111-1.c compilation,  -O2 -g 
FAIL: gcc.c-torture/execute/930111-1.c compilation,  -Os 
FAIL: gcc.c-torture/execute/930603-1.c execution,  -O0 
FAIL: gcc.c-torture/execute/930603-1.c execution,  -O1 
FAIL: gcc.c-torture/execute/930603-1.c execution,  -O2 
FAIL: gcc.c-torture/execute/930603-1.c execution,  -O2 -g 
FAIL: gcc.c-torture/execute/930603-1.c execution,  -Os 
FAIL: gcc.c-torture/execute/990119-1.c execution,  -O0 
FAIL: gcc.c-torture/execute/990119-1.c execution,  -O1 
FAIL: gcc.c-torture/execute/990119-1.c execution,  -O2 
FAIL: gcc.c-torture/execute/990119-1.c execution,  -O2 -fomit-frame-pointer -finline-functions 
FAIL: gcc.c-torture/execute/990119-1.c execution,  -O2 -g 
FAIL: gcc.c-torture/execute/990119-1.c execution,  -Os 
FAIL: gcc.c-torture/execute/990127-2.c execution,  -O2 -fomit-frame-pointer -finline-functions 
FAIL: gcc.c-torture/execute/conversion.c execution,  -O2 -fomit-frame-pointer -finline-functions 
FAIL: gcc.c-torture/execute/ieee/980619-1.c execution,  -O1 
FAIL: gcc.c-torture/execute/ieee/980619-1.c execution,  -O2 
FAIL: gcc.c-torture/execute/ieee/980619-1.c execution,  -O2 -fomit-frame-pointer -finline-functions 
FAIL: gcc.c-torture/execute/ieee/980619-1.c execution,  -O2 -fomit-frame-pointer -finline-functions -funroll-loops 
FAIL: gcc.c-torture/execute/ieee/980619-1.c execution,  -O2 -fomit-frame-pointer -finline-functions -funroll-all-loops 
FAIL: gcc.c-torture/execute/ieee/980619-1.c execution,  -O2 -g 
FAIL: gcc.c-torture/execute/ieee/980619-1.c execution,  -Os 
FAIL: gcc.c-torture/execute/memcheck/blkarg.c execution,  -O0 
FAIL: gcc.c-torture/execute/memcheck/blkarg.c execution,  -O1 
FAIL: gcc.c-torture/execute/memcheck/blkarg.c execution,  -O2 
FAIL: gcc.c-torture/execute/memcheck/blkarg.c execution,  -O2 -fomit-frame-pointer -finline-functions 
FAIL: gcc.c-torture/execute/memcheck/blkarg.c execution,  -O2 -g 
FAIL: gcc.c-torture/execute/memcheck/blkarg.c execution,  -Os 
FAIL: gcc.c-torture/noncompile/951227-1.c
FAIL: gcc.c-torture/special/981006-1.c  (test for bogus messages, line 11)
FAIL: gcc.c-torture/special/981006-1.c  (test for bogus messages, line 12)
FAIL: gcc.dg/990117-1.c (test for excess errors)
FAIL: gcc.dg/cpp-if1.c invalid number (test for errors, line 12)
FAIL: gcc.dg/cpp-if1.c invalid number (test for errors, line 15)
FAIL: gcc.dg/cpp-if1.c invalid number (test for errors, line 18)
FAIL: gcc.dg/cpp-if1.c floating point in #if (test for errors, line 21)
FAIL: gcc.dg/cpp-if1.c too many suffixes (test for errors, line 24)
FAIL: gcc.dg/cpp-if1.c too many suffixes (test for errors, line 27)
FAIL: gcc.dg/cpp-if1.c (test for excess errors)
FAIL: gcc.misc-tests/m-un-2.c warning regression (test for warnings, line 18)
FAIL: gcc.misc-tests/m-un-2.c warning regression (test for warnings, line 23)
FAIL: gcc.misc-tests/m-un-2.c (test for excess errors)

		=== gcc Summary for unix/-fPIC ===

# of expected passes		7899
# of unexpected failures	46
# of expected failures		13
# of untested testcases		6
# of unsupported tests		12

Running target unix/-melf
FAIL: gcc.c-torture/execute/930603-1.c execution,  -O0 
FAIL: gcc.c-torture/execute/930603-1.c execution,  -O1 
FAIL: gcc.c-torture/execute/930603-1.c execution,  -O2 
FAIL: gcc.c-torture/execute/930603-1.c execution,  -O2 -g 
FAIL: gcc.c-torture/execute/930603-1.c execution,  -Os 
FAIL: gcc.c-torture/execute/990119-1.c execution,  -O0 
FAIL: gcc.c-torture/execute/990119-1.c execution,  -O1 
FAIL: gcc.c-torture/execute/990119-1.c execution,  -O2 
FAIL: gcc.c-torture/execute/990119-1.c execution,  -O2 -fomit-frame-pointer -finline-functions 
FAIL: gcc.c-torture/execute/990119-1.c execution,  -O2 -g 
FAIL: gcc.c-torture/execute/990119-1.c execution,  -Os 
FAIL: gcc.c-torture/execute/ieee/980619-1.c execution,  -O1 
FAIL: gcc.c-torture/execute/ieee/980619-1.c execution,  -O2 
FAIL: gcc.c-torture/execute/ieee/980619-1.c execution,  -O2 -fomit-frame-pointer -finline-functions 
FAIL: gcc.c-torture/execute/ieee/980619-1.c execution,  -O2 -fomit-frame-pointer -finline-functions -funroll-loops 
FAIL: gcc.c-torture/execute/ieee/980619-1.c execution,  -O2 -fomit-frame-pointer -finline-functions -funroll-all-loops 
FAIL: gcc.c-torture/execute/ieee/980619-1.c execution,  -O2 -g 
FAIL: gcc.c-torture/execute/ieee/980619-1.c execution,  -Os 
FAIL: gcc.c-torture/execute/memcheck/blkarg.c execution,  -O0 
FAIL: gcc.c-torture/execute/memcheck/blkarg.c execution,  -O1 
FAIL: gcc.c-torture/execute/memcheck/blkarg.c execution,  -O2 
FAIL: gcc.c-torture/execute/memcheck/blkarg.c execution,  -O2 -fomit-frame-pointer -finline-functions 
FAIL: gcc.c-torture/execute/memcheck/blkarg.c execution,  -O2 -g 
FAIL: gcc.c-torture/execute/memcheck/blkarg.c execution,  -Os 
FAIL: gcc.c-torture/noncompile/951227-1.c
FAIL: gcc.c-torture/special/981006-1.c  (test for bogus messages, line 11)
FAIL: gcc.c-torture/special/981006-1.c  (test for bogus messages, line 12)
FAIL: gcc.dg/990117-1.c (test for excess errors)
FAIL: gcc.dg/cpp-if1.c invalid number (test for errors, line 12)
FAIL: gcc.dg/cpp-if1.c invalid number (test for errors, line 15)
FAIL: gcc.dg/cpp-if1.c invalid number (test for errors, line 18)
FAIL: gcc.dg/cpp-if1.c floating point in #if (test for errors, line 21)
FAIL: gcc.dg/cpp-if1.c too many suffixes (test for errors, line 24)
FAIL: gcc.dg/cpp-if1.c too many suffixes (test for errors, line 27)
FAIL: gcc.dg/cpp-if1.c (test for excess errors)
FAIL: gcc.misc-tests/m-un-2.c warning regression (test for warnings, line 18)
FAIL: gcc.misc-tests/m-un-2.c warning regression (test for warnings, line 23)
FAIL: gcc.misc-tests/m-un-2.c (test for excess errors)

		=== gcc Summary for unix/-melf ===

# of expected passes		7913
# of unexpected failures	38
# of expected failures		13
# of unsupported tests		12

		=== gcc Summary ===

# of expected passes		23727
# of unexpected failures	120
# of expected failures		39
# of untested testcases		6
# of unsupported tests		37
/play/negcs/gcc/xgcc version egcs-2.93.03 19990128 (gcc2 ss-980929 experimental)

		=== g++ tests ===


Running target unix/-mcoff
FAIL: g++.law/profile1.C (test for excess errors)
FAIL: g++.mike/init1.C  Execution test
FAIL: g++.mike/p2736.C  Execution test
FAIL: g++.ns/template6.C (test for excess errors)
FAIL: g++.pt/decl2.C currently an ICE (test for errors, line 9)
FAIL: g++.pt/decl2.C (test for excess errors)
FAIL: g++.pt/friend37.C undeclared (test for errors, line 7)
FAIL: g++.pt/friend38.C template parameters cannot be friends (test for errors, line 9)
XPASS: g++.pt/instantiate6.C (test for excess errors)
FAIL: g++.pt/static3.C (test for excess errors)

		=== g++ Summary for unix/-mcoff ===

# of expected passes		4835
# of unexpected failures	9
# of unexpected successes	1
# of expected failures		87
# of untested testcases		7
# of unsupported tests		4

Running target unix/-fPIC
FAIL: g++.law/profile1.C (test for excess errors)
FAIL: g++.mike/dyncast7.C (test for excess errors)
FAIL: g++.ns/template6.C (test for excess errors)
FAIL: g++.other/crash3.C (test for excess errors)
FAIL: g++.pt/decl2.C currently an ICE (test for errors, line 9)
FAIL: g++.pt/decl2.C (test for excess errors)
FAIL: g++.pt/friend37.C undeclared (test for errors, line 7)
FAIL: g++.pt/friend38.C template parameters cannot be friends (test for errors, line 9)
XPASS: g++.pt/instantiate6.C (test for excess errors)
FAIL: g++.robertl/eb41.C (test for excess errors)

		=== g++ Summary for unix/-fPIC ===

# of expected passes		4835
# of unexpected failures	9
# of unexpected successes	1
# of expected failures		87
# of untested testcases		7

Running target unix/-melf
FAIL: g++.law/profile1.C (test for excess errors)
FAIL: g++.mike/dyncast7.C (test for excess errors)
FAIL: g++.ns/template6.C (test for excess errors)
FAIL: g++.other/crash3.C (test for excess errors)
FAIL: g++.pt/decl2.C currently an ICE (test for errors, line 9)
FAIL: g++.pt/decl2.C (test for excess errors)
FAIL: g++.pt/friend37.C undeclared (test for errors, line 7)
FAIL: g++.pt/friend38.C template parameters cannot be friends (test for errors, line 9)
XPASS: g++.pt/instantiate6.C (test for excess errors)
FAIL: g++.robertl/eb41.C (test for excess errors)

		=== g++ Summary for unix/-melf ===

# of expected passes		4835
# of unexpected failures	9
# of unexpected successes	1
# of expected failures		87
# of untested testcases		7

		=== g++ Summary ===

# of expected passes		14505
# of unexpected failures	27
# of unexpected successes	3
# of expected failures		261
# of untested testcases		21
# of unsupported tests		4
/play/negcs/gcc/testsuite/../xgcc version egcs-2.93.03 19990128 (gcc2 ss-980929 experimental)

		=== g77 tests ===


Running target unix/-mcoff
FAIL: g77.f-torture/execute/auto0.f execution,  -O2 -fomit-frame-pointer -finline-functions -funroll-loops 
FAIL: g77.f-torture/execute/auto0.f execution,  -O2 -fomit-frame-pointer -finline-functions -funroll-all-loops 
FAIL: g77.f-torture/execute/auto1.f execution,  -O2 -fomit-frame-pointer -finline-functions -funroll-loops 
FAIL: g77.f-torture/execute/auto1.f execution,  -O2 -fomit-frame-pointer -finline-functions -funroll-all-loops 

		=== g77 Summary for unix/-mcoff ===

# of expected passes		468
# of unexpected failures	4

Running target unix/-fPIC
FAIL: g77.f-torture/execute/auto0.f execution,  -O2 -fomit-frame-pointer -finline-functions -funroll-loops 
FAIL: g77.f-torture/execute/auto0.f execution,  -O2 -fomit-frame-pointer -finline-functions -funroll-all-loops 
FAIL: g77.f-torture/execute/auto1.f execution,  -O2 -fomit-frame-pointer -finline-functions -funroll-loops 
FAIL: g77.f-torture/execute/auto1.f execution,  -O2 -fomit-frame-pointer -finline-functions -funroll-all-loops 

		=== g77 Summary for unix/-fPIC ===

# of expected passes		468
# of unexpected failures	4

Running target unix/-melf
FAIL: g77.f-torture/execute/auto0.f execution,  -O2 -fomit-frame-pointer -finline-functions -funroll-loops 
FAIL: g77.f-torture/execute/auto0.f execution,  -O2 -fomit-frame-pointer -finline-functions -funroll-all-loops 
FAIL: g77.f-torture/execute/auto1.f execution,  -O2 -fomit-frame-pointer -finline-functions -funroll-loops 
FAIL: g77.f-torture/execute/auto1.f execution,  -O2 -fomit-frame-pointer -finline-functions -funroll-all-loops 

		=== g77 Summary for unix/-melf ===

# of expected passes		468
# of unexpected failures	4

		=== g77 Summary ===

# of expected passes		1404
# of unexpected failures	12
		=== objc tests ===


Running target unix/-mcoff

		=== objc Summary for unix/-mcoff ===

# of expected passes		38

Running target unix/-fPIC

		=== objc Summary for unix/-fPIC ===

# of expected passes		38

Running target unix/-melf

		=== objc Summary for unix/-melf ===

# of expected passes		38

		=== objc Summary ===

# of expected passes		114
/play/negcs/gcc/xgcc version egcs-2.93.03 19990128 (gcc2 ss-980929 experimental)


Compiler version: egcs-2.93.03 19990128 (gcc2 ss-980929 experimental) 
Platform: i686-pc-sco3.2v5.0.5
configure flags: --with-gcc-version-trigger=/play/egcs/gcc/version.c --host=i686-pc-sco3.2v5.0.5 --norecursion


More information about the Gcc-testresults mailing list