Results for egcs-2.91.59 19981124 on hppa1.1-hp-hpux10.20
tprince@cat.e-mail.com
tprince@cat.e-mail.com
Thu Jan 28 08:20:00 GMT 1999
resubmitting, hoping to pass the gate into the summary web
page
Dr. Timothy C. Prince
Consulting Engineer
Solar Turbines, a Caterpillar Company
alternate e-mail: tprince@computer.org
Native configuration is hppa1.1-hp-hpux10.20
=== libio tests ===
Running target unix
=== libio Summary ===
# of expected passes 40
=== libstdc++ tests ===
Running target unix
=== libstdc++ Summary ===
# of expected passes 30
=== gcc tests ===
Running target unix
FAIL: gcc.c-torture/execute/980506-2.c execution, -O2
FAIL: gcc.c-torture/execute/980506-2.c execution, -O2 -g
FAIL: gcc.c-torture/execute/980506-2.c execution, -Os
FAIL: gcc.c-torture/execute/980526-1.c execution, -O2 -fomit-frame-pointer -finline-functions
FAIL: gcc.c-torture/execute/strct-stdarg-1.c execution, -O0
FAIL: gcc.c-torture/execute/strct-stdarg-1.c execution, -O1
FAIL: gcc.c-torture/execute/strct-stdarg-1.c execution, -O2
FAIL: gcc.c-torture/execute/strct-stdarg-1.c execution, -O2 -fomit-frame-pointer -finline-functions
FAIL: gcc.c-torture/execute/strct-stdarg-1.c execution, -O2 -fomit-frame-pointer -finline-functions -funroll-loops
FAIL: gcc.c-torture/execute/strct-stdarg-1.c execution, -O2 -fomit-frame-pointer -finline-functions -funroll-all-loops
FAIL: gcc.c-torture/execute/strct-stdarg-1.c execution, -O2 -g
FAIL: gcc.c-torture/execute/strct-stdarg-1.c execution, -Os
FAIL: gcc.c-torture/execute/ieee/fp-cmp-1.c execution, -O0
FAIL: gcc.c-torture/execute/ieee/mzero2.c execution, -O1
FAIL: gcc.c-torture/execute/ieee/mzero2.c execution, -O2
FAIL: gcc.c-torture/execute/ieee/mzero2.c execution, -O2 -fomit-frame-pointer -finline-functions
FAIL: gcc.c-torture/execute/ieee/mzero2.c execution, -O2 -g
FAIL: gcc.c-torture/execute/ieee/mzero2.c execution, -Os
FAIL: gcc.dg/980626-1.c (test for excess errors)
=== gcc Summary ===
# of expected passes 7479
# of unexpected failures 19
# of expected failures 7
# of unsupported tests 18
/usr2/users/tim/src/gnu/egcs-1.1.1-prerelease/hp/gcc/xgcc version egcs-2.91.59 19981124 (egcs-1.1.1 pre-release #3)
=== g++ tests ===
Running target unix
XPASS: g++.mike/eh33.C (test for excess errors)
XPASS: g++.mike/eh33.C Execution test
XPASS: g++.mike/eh50.C (test for excess errors)
XPASS: g++.mike/eh50.C Execution test
FAIL: g++.pt/static3.C (test for excess errors)
XPASS: g++.robertl/eb132.C (test for excess errors)
FAIL: g++.robertl/eb91.C (test for excess errors)
=== g++ Summary ===
# of expected passes 4215
# of unexpected failures 2
# of unexpected successes 5
# of expected failures 85
# of untested testcases 7
/usr2/users/tim/src/gnu/egcs-1.1.1-prerelease/hp/gcc/testsuite/../xgcc version egcs-2.91.59 19981124 (egcs-1.1.1 pre-release #3)
=== g77 tests ===
Running target unix
=== g77 Summary ===
# of expected passes 415
configure flags: --with-gcc-version-trigger=/usr2/users/tim/src/gnu/egcs-1.1.1-prerelease/gcc/version.c --host=hppa1.1-hp-hpux10.20 --pr
efix=/usr2/users/tim/src/gnu/914 --with-gnu-as --norecursion
EOF
Mtest{s}uitee@nlhppa1.1{e}hp{sh}pux10.20"9egcs@cygnus.{c}om1&& pre-release #3)
mv /usr2/users/tim/src/gnu/egcs-1.1.1-prerelease/hp/./hppa1.1-hp-hpux10.20/libio/testsuite/libio.sum /usr2/users/tim/src/gnu/egcs-1.1.1-
prerelease/hp/./hppa1.1-hp-hpux10.20/libio/testsuite/libio.sum.sent &&
To: INTERNET - IBMMAIL
More information about the Gcc-testresults
mailing list