Results for egcs-2.93.03 19990124 on hppa1.1-hp-hpux10.20
tprince@cat.e-mail.com
tprince@cat.e-mail.com
Tue Jan 26 08:52:00 GMT 1999
A new loop-length dependent failure has showed up in
Livermore Fortran Kernels. I'll try to submit a test case.
Dr. Timothy C. Prince
Consulting Engineer
Solar Turbines, a Caterpillar Company
alternate e-mail: tprince@computer.org
Native configuration is hppa1.1-hp-hpux10.20
=== libio tests ===
Running target unix
FAIL: tFile.cc compilation
FAIL: tFile.cc compilation -b0
FAIL: tFile.cc compilation -b3
=== libio Summary ===
# of expected passes 31
# of unexpected failures 3
# of expected failures 6
=== libstdc++ tests ===
Running target unix
=== libstdc++ Summary ===
# of expected passes 30
=== gcc tests ===
Running target unix
FAIL: gcc.c-torture/execute/980526-1.c execution, -O2 -fomit-frame-pointer -finline-functions
FAIL: gcc.c-torture/execute/980716-1.c execution, -O0
FAIL: gcc.c-torture/execute/990119-1.c execution, -O0
FAIL: gcc.c-torture/execute/990119-1.c execution, -O1
FAIL: gcc.c-torture/execute/990119-1.c execution, -O2
FAIL: gcc.c-torture/execute/990119-1.c execution, -O2 -fomit-frame-pointer -finline-functions
FAIL: gcc.c-torture/execute/990119-1.c execution, -O2 -g
FAIL: gcc.c-torture/execute/990119-1.c execution, -Os
FAIL: gcc.c-torture/execute/strct-stdarg-1.c execution, -O0
FAIL: gcc.c-torture/execute/strct-stdarg-1.c execution, -O1
FAIL: gcc.c-torture/execute/strct-stdarg-1.c execution, -O2
FAIL: gcc.c-torture/execute/strct-stdarg-1.c execution, -O2 -fomit-frame-pointer -finline-functions
FAIL: gcc.c-torture/execute/strct-stdarg-1.c execution, -O2 -fomit-frame-pointer -finline-functions -funroll-loops
FAIL: gcc.c-torture/execute/strct-stdarg-1.c execution, -O2 -fomit-frame-pointer -finline-functions -funroll-all-loops
FAIL: gcc.c-torture/execute/strct-stdarg-1.c execution, -O2 -g
FAIL: gcc.c-torture/execute/strct-stdarg-1.c execution, -Os
FAIL: gcc.c-torture/execute/ieee/fp-cmp-1.c execution, -O0
FAIL: gcc.c-torture/execute/ieee/mzero2.c execution, -O1
FAIL: gcc.c-torture/execute/ieee/mzero2.c execution, -O2
FAIL: gcc.c-torture/execute/ieee/mzero2.c execution, -O2 -fomit-frame-pointer -finline-functions
FAIL: gcc.c-torture/execute/ieee/mzero2.c execution, -O2 -g
FAIL: gcc.c-torture/execute/ieee/mzero2.c execution, -Os
FAIL: gcc.c-torture/execute/memcheck/blkarg.c execution, -O0
FAIL: gcc.c-torture/execute/memcheck/blkarg.c execution, -O1
FAIL: gcc.c-torture/execute/memcheck/blkarg.c execution, -O2
FAIL: gcc.c-torture/execute/memcheck/blkarg.c execution, -O2 -fomit-frame-pointer -finline-functions
FAIL: gcc.c-torture/execute/memcheck/blkarg.c execution, -O2 -g
FAIL: gcc.c-torture/execute/memcheck/blkarg.c execution, -Os
FAIL: gcc.c-torture/special/981006-1.c (test for bogus messages, line 11)
FAIL: gcc.c-torture/special/981006-1.c (test for bogus messages, line 12)
FAIL: gcc.dg/cpp-if1.c invalid number (test for errors, line 12)
FAIL: gcc.dg/cpp-if1.c invalid number (test for errors, line 15)
FAIL: gcc.dg/cpp-if1.c invalid number (test for errors, line 18)
FAIL: gcc.dg/cpp-if1.c floating point in #if (test for errors, line 21)
FAIL: gcc.dg/cpp-if1.c too many suffixes (test for errors, line 24)
FAIL: gcc.dg/cpp-if1.c too many suffixes (test for errors, line 27)
FAIL: gcc.dg/cpp-if1.c (test for excess errors)
=== gcc Summary ===
# of expected passes 7876
# of unexpected failures 37
# of expected failures 13
# of unsupported tests 20
/usr2/users/tim/src/gnu/egcs-19990112/hp/gcc/xgcc version egcs-2.93.03 19990124 (gcc2 ss-980609 experimental)
=== g++ tests ===
Running target unix
XPASS: g++.mike/eh33.C (test for excess errors)
XPASS: g++.mike/eh33.C Execution test
XPASS: g++.mike/eh50.C (test for excess errors)
XPASS: g++.mike/eh50.C Execution test
FAIL: g++.ns/using12.C candidates (test for errors, line 6)
FAIL: g++.ns/using12.C candidates (test for errors, line 7)
FAIL: g++.ns/using12.C candidates (test for errors, line 8)
FAIL: g++.ns/using12.C candidates (test for errors, line 9)
FAIL: g++.ns/using12.C candidates (test for errors, line 12)
FAIL: g++.ns/using12.C ambiguous (test for errors, line 18)
FAIL: g++.ns/using12.C (test for excess errors)
XPASS: g++.pt/instantiate6.C (test for excess errors)
FAIL: g++.pt/static3.C (test for excess errors)
=== g++ Summary ===
# of expected passes 4824
# of unexpected failures 8
# of unexpected successes 5
# of expected failures 89
# of untested testcases 7
/usr2/users/tim/src/gnu/egcs-19990112/hp/gcc/testsuite/../xgcc version egcs-2.93.03 19990124 (gcc2 ss-980609 experimental)
=== g77 tests ===
Running target unix
=== g77 Summary ===
# of expected passes 472
=== objc tests ===
Running target unix
=== objc Summary ===
# of expected passes 38
/usr2/users/tim/src/gnu/egcs-19990112/hp/gcc/xgcc version egcs-2.93.03 19990124 (gcc2 ss-980609 experimental)
Compiler version: egcs-2.93.03 19990124 (gcc2 ss-980609 experimental)
Platform: hppa1.1-hp-hpux10.20
configure flags: --with-gcc-version-trigger=/usr2/users/tim/src/gnu/egcs-19990112/gcc/version.c --host=hppa1.1-hp-hpux10.20 --prefix=/us
r2/users/tim/src/gnu/914 --with-gnu-as --norecursion
EOF
Mail -s "Results for egcs-2.93.03 19990124 (gcc2 ss-980609 experimental) testsuite on hppa1.1-hp-hpux10.20" egcs-testresults@egcs.cygnus
.com &&
To: INTERNET - IBMMAIL
More information about the Gcc-testresults
mailing list