Results for egcs-2.93.03 19990124 (gcc2 ss-980609 experimental) testsuite on mips-sgi-irix6.3
Alexandre Oliva
oliva@dcc.unicamp.br
Mon Jan 25 12:56:00 GMT 1999
Native configuration is mips-sgi-irix6.3
=== g++ tests ===
Running target unix
FAIL: g++.ns/using12.C candidates (test for errors, line 6)
FAIL: g++.ns/using12.C candidates (test for errors, line 7)
FAIL: g++.ns/using12.C candidates (test for errors, line 8)
FAIL: g++.ns/using12.C candidates (test for errors, line 9)
FAIL: g++.ns/using12.C candidates (test for errors, line 12)
FAIL: g++.ns/using12.C ambiguous (test for errors, line 18)
FAIL: g++.ns/using12.C (test for excess errors)
XPASS: g++.pt/instantiate6.C (test for excess errors)
=== g++ Summary ===
# of expected passes 4826
# of unexpected failures 7
# of unexpected successes 1
# of expected failures 92
# of untested testcases 7
/tmp/egcs/gcc/testsuite/../xgcc version egcs-2.93.03 19990124 (gcc2 ss-980609 experimental)
=== g77 tests ===
Running target unix
=== g77 Summary ===
# of expected passes 472
=== gcc tests ===
Running target unix
FAIL: gcc.c-torture/execute/980526-1.c execution, -O2 -fomit-frame-pointer -finline-functions
FAIL: gcc.c-torture/execute/990119-1.c execution, -O0
FAIL: gcc.c-torture/execute/990119-1.c execution, -O1
FAIL: gcc.c-torture/execute/990119-1.c execution, -O2
FAIL: gcc.c-torture/execute/990119-1.c execution, -O2 -fomit-frame-pointer -finline-functions
FAIL: gcc.c-torture/execute/990119-1.c execution, -O2 -g
FAIL: gcc.c-torture/execute/990119-1.c execution, -Os
FAIL: gcc.c-torture/execute/complex-5.c execution, -O0
FAIL: gcc.c-torture/execute/complex-5.c execution, -O1
FAIL: gcc.c-torture/execute/complex-5.c execution, -O2
FAIL: gcc.c-torture/execute/complex-5.c execution, -O2 -fomit-frame-pointer -finline-functions
FAIL: gcc.c-torture/execute/complex-5.c execution, -O2 -g
FAIL: gcc.c-torture/execute/complex-5.c execution, -Os
FAIL: gcc.c-torture/execute/memcheck/blkarg.c execution, -O0
FAIL: gcc.c-torture/execute/memcheck/blkarg.c execution, -O1
FAIL: gcc.c-torture/execute/memcheck/blkarg.c execution, -O2
FAIL: gcc.c-torture/execute/memcheck/blkarg.c execution, -O2 -fomit-frame-pointer -finline-functions
FAIL: gcc.c-torture/execute/memcheck/blkarg.c execution, -O2 -g
FAIL: gcc.c-torture/execute/memcheck/blkarg.c execution, -Os
FAIL: gcc.dg/cpp-if1.c invalid number (test for errors, line 12)
FAIL: gcc.dg/cpp-if1.c invalid number (test for errors, line 15)
FAIL: gcc.dg/cpp-if1.c invalid number (test for errors, line 18)
FAIL: gcc.dg/cpp-if1.c floating point in #if (test for errors, line 21)
FAIL: gcc.dg/cpp-if1.c too many suffixes (test for errors, line 24)
FAIL: gcc.dg/cpp-if1.c too many suffixes (test for errors, line 27)
FAIL: gcc.dg/cpp-if1.c (test for excess errors)
=== gcc Summary ===
# of expected passes 7885
# of unexpected failures 26
# of expected failures 13
# of unsupported tests 21
/tmp/egcs/gcc/xgcc version egcs-2.93.03 19990124 (gcc2 ss-980609 experimental)
=== libg++ tests ===
Running target unix
=== libg++ Summary ===
# of expected passes 72
=== libio tests ===
Running target unix
=== libio Summary ===
# of expected passes 40
=== libstdc++ tests ===
Running target unix
=== libstdc++ Summary ===
# of expected passes 30
=== objc tests ===
Running target unix
=== objc Summary ===
# of expected passes 38
/tmp/egcs/gcc/xgcc version egcs-2.93.03 19990124 (gcc2 ss-980609 experimental)
Compiler version: egcs-2.93.03 19990124 (gcc2 ss-980609 experimental)
Platform: mips-sgi-irix6.3
BOOT_CFLAGS: -g -O9 -W -Wall
Counting all warnings,
there are 450 warnings in stage3 of this bootstrap.
Number of warnings per file:
69 /home/msc/oliva/src/egcs/gcc/toplev.c
22 /home/msc/oliva/src/egcs/gcc/java/lex.c
20 /home/msc/oliva/src/egcs/gcc/java/jcf-parse.c
16 /home/msc/oliva/src/egcs/gcc/java/jcf-reader.c
14 /home/msc/oliva/src/egcs/gcc/objc/objc-act.c
13 /home/msc/oliva/src/egcs/gcc/java/jcf-write.c
13 ./parse.y
12 insn-emit.c
12 /home/msc/oliva/src/egcs/gcc/java/jcf-dump.c
12 /home/msc/oliva/src/egcs/gcc/java/javaop.def
12 /home/msc/oliva/src/egcs/gcc/cse.c
11 /home/msc/oliva/src/egcs/gcc/reload1.c
10 /home/msc/oliva/src/egcs/gcc/varasm.c
10 /home/msc/oliva/src/egcs/gcc/java/expr.c
10 /home/msc/oliva/src/egcs/gcc/fold-const.c
8 /home/msc/oliva/src/egcs/gcc/java/gjavah.c
8 /home/msc/oliva/src/egcs/gcc/java/class.c
8 /home/msc/oliva/src/egcs/gcc/dwarf2out.c
8 /home/msc/oliva/src/egcs/gcc/combine.c
7 /home/msc/oliva/src/egcs/gcc/optabs.c
7 /home/msc/oliva/src/egcs/gcc/java/lex.h
7 /home/msc/oliva/src/egcs/gcc/integrate.c
6 /home/msc/oliva/src/egcs/gcc/reload.c
6 /home/msc/oliva/src/egcs/gcc/cp/lex.c
6 /home/msc/oliva/src/egcs/gcc/calls.c
6 /home/msc/oliva/src/egcs/gcc/c-lex.c
5 /home/msc/oliva/src/egcs/gcc/unroll.c
5 /home/msc/oliva/src/egcs/gcc/java/verify.c
5 /home/msc/oliva/src/egcs/gcc/final.c
4 cexp.y
4 /home/msc/oliva/src/egcs/gcc/regmove.c
4 /home/msc/oliva/src/egcs/gcc/java/../config/mips/mips.h
4 /home/msc/oliva/src/egcs/gcc/expr.c
4 /home/msc/oliva/src/egcs/gcc/expmed.c
4 /home/msc/oliva/src/egcs/gcc/cpplib.c
3 pexecute.c
3 /home/msc/oliva/src/egcs/gcc/stmt.c
3 /home/msc/oliva/src/egcs/gcc/sched.c
3 /home/msc/oliva/src/egcs/gcc/rtl.c
3 /home/msc/oliva/src/egcs/gcc/loop.c
3 /home/msc/oliva/src/egcs/gcc/local-alloc.c
3 /home/msc/oliva/src/egcs/gcc/jump.c
3 /home/msc/oliva/src/egcs/gcc/java/parse.h
3 /home/msc/oliva/src/egcs/gcc/genopinit.c
3 /home/msc/oliva/src/egcs/gcc/config/mips/mips.c
3 /home/msc/oliva/src/egcs/gcc/cccp.c
2 insn-attrtab.c
2 getopt.c
2 /home/msc/oliva/src/egcs/gcc/reorg.c
2 /home/msc/oliva/src/egcs/gcc/function.c
2 /home/msc/oliva/src/egcs/gcc/flow.c
2 /home/msc/oliva/src/egcs/gcc/fix-header.c
2 /home/msc/oliva/src/egcs/gcc/f/intrin.c
2 /home/msc/oliva/src/egcs/gcc/collect2.c
2 /home/msc/oliva/src/egcs/gcc/c-decl.c
1 splay-tree.c
1 gcj.c
1 g77.c
1 g++.c
1 cxxmain.c
1 cplus-dem.c
1 /home/msc/oliva/src/egcs/gcc/tree.c
1 /home/msc/oliva/src/egcs/gcc/tlink.c
1 /home/msc/oliva/src/egcs/gcc/stupid.c
1 /home/msc/oliva/src/egcs/gcc/scan-decls.c
1 /home/msc/oliva/src/egcs/gcc/regclass.c
1 /home/msc/oliva/src/egcs/gcc/java/typeck.c
1 /home/msc/oliva/src/egcs/gcc/java/jvspec.c
1 /home/msc/oliva/src/egcs/gcc/java/jvgenmain.c
1 /home/msc/oliva/src/egcs/gcc/java/jcf-io.c
1 /home/msc/oliva/src/egcs/gcc/java/decl.c
1 /home/msc/oliva/src/egcs/gcc/java/constants.c
1 /home/msc/oliva/src/egcs/gcc/hash.c
1 /home/msc/oliva/src/egcs/gcc/graph.c
1 /home/msc/oliva/src/egcs/gcc/gengenrtl.c
1 /home/msc/oliva/src/egcs/gcc/genattrtab.c
1 /home/msc/oliva/src/egcs/gcc/gcc.c
1 /home/msc/oliva/src/egcs/gcc/f/g77spec.c
1 /home/msc/oliva/src/egcs/gcc/except.c
1 /home/msc/oliva/src/egcs/gcc/cppexp.c
1 /home/msc/oliva/src/egcs/gcc/cp/decl.c
1 ./parse-scan.y
Number of warning types:
147 `???' might be used uninitialized in this function
67 unused parameter `???'
64 missing initializer for `???'
42 implicit declaration of function `???'
29 unused variable `???'
28 variable `???' might be clobbered by `longjmp' or `vfork'
27 comparison between signed and unsigned
14 ??? format, ??? arg (arg ???)
6 `???' declared `static' but never defined
5 initialization from incompatible pointer type
5 argument `???' might be clobbered by `longjmp' or `vfork'
4 this is the location of the previous definition
4 `???' redefined
3 control reaches end of non-void function
2 statement with no effect
1 value computed is not used
1 passing arg ??? of `???' discards qualifiers from pointer target type
1 label `???' defined but not used
More information about the Gcc-testresults
mailing list