Results for egcs-2.93.03 19990124 (gcc2 ss-980609 experimental) testsuite on i686-pc-linux-gnulibc1
Peter Schmid
schmid@ltoi.iap.physik.tu-darmstadt.de
Mon Jan 25 11:04:00 GMT 1999
Native configuration is i686-pc-linux-gnulibc1
=== gcc tests ===
Running target unix
FAIL: gcc.c-torture/execute/980526-1.c execution, -O2 -fomit-frame-pointer -finline-functions
FAIL: gcc.c-torture/execute/990119-1.c execution, -O0
FAIL: gcc.c-torture/execute/990119-1.c execution, -O1
FAIL: gcc.c-torture/execute/990119-1.c execution, -O2
FAIL: gcc.c-torture/execute/990119-1.c execution, -O2 -fomit-frame-pointer -finline-functions
FAIL: gcc.c-torture/execute/990119-1.c execution, -O2 -g
FAIL: gcc.c-torture/execute/990119-1.c execution, -Os
FAIL: gcc.c-torture/execute/loop-2f.c execution, -O2
FAIL: gcc.c-torture/execute/loop-2f.c execution, -O2 -fomit-frame-pointer -finline-functions
FAIL: gcc.c-torture/execute/loop-2f.c execution, -O2 -fomit-frame-pointer -finline-functions -funroll-loops
FAIL: gcc.c-torture/execute/loop-2f.c execution, -O2 -fomit-frame-pointer -finline-functions -funroll-all-loops
FAIL: gcc.c-torture/execute/loop-2f.c execution, -O2 -g
FAIL: gcc.c-torture/execute/loop-2f.c execution, -Os
FAIL: gcc.c-torture/execute/loop-2g.c execution, -O2
FAIL: gcc.c-torture/execute/loop-2g.c execution, -O2 -fomit-frame-pointer -finline-functions
FAIL: gcc.c-torture/execute/loop-2g.c execution, -O2 -fomit-frame-pointer -finline-functions -funroll-loops
FAIL: gcc.c-torture/execute/loop-2g.c execution, -O2 -fomit-frame-pointer -finline-functions -funroll-all-loops
FAIL: gcc.c-torture/execute/loop-2g.c execution, -O2 -g
FAIL: gcc.c-torture/execute/loop-2g.c execution, -Os
FAIL: gcc.c-torture/execute/ieee/980619-1.c execution, -O1
FAIL: gcc.c-torture/execute/ieee/980619-1.c execution, -O2
FAIL: gcc.c-torture/execute/ieee/980619-1.c execution, -O2 -fomit-frame-pointer -finline-functions
FAIL: gcc.c-torture/execute/ieee/980619-1.c execution, -O2 -fomit-frame-pointer -finline-functions -funroll-loops
FAIL: gcc.c-torture/execute/ieee/980619-1.c execution, -O2 -fomit-frame-pointer -finline-functions -funroll-all-loops
FAIL: gcc.c-torture/execute/ieee/980619-1.c execution, -O2 -g
FAIL: gcc.c-torture/execute/ieee/980619-1.c execution, -Os
FAIL: gcc.c-torture/execute/memcheck/blkarg.c execution, -O0
FAIL: gcc.c-torture/execute/memcheck/blkarg.c execution, -O1
FAIL: gcc.c-torture/execute/memcheck/blkarg.c execution, -O2
FAIL: gcc.c-torture/execute/memcheck/blkarg.c execution, -O2 -fomit-frame-pointer -finline-functions
FAIL: gcc.c-torture/execute/memcheck/blkarg.c execution, -O2 -g
FAIL: gcc.c-torture/execute/memcheck/blkarg.c execution, -Os
FAIL: gcc.c-torture/special/981006-1.c (test for bogus messages, line 11)
FAIL: gcc.c-torture/special/981006-1.c (test for bogus messages, line 12)
FAIL: gcc.dg/990117-1.c (test for excess errors)
FAIL: gcc.dg/cpp-if1.c invalid number (test for errors, line 12)
FAIL: gcc.dg/cpp-if1.c invalid number (test for errors, line 15)
FAIL: gcc.dg/cpp-if1.c invalid number (test for errors, line 18)
FAIL: gcc.dg/cpp-if1.c floating point in #if (test for errors, line 21)
FAIL: gcc.dg/cpp-if1.c too many suffixes (test for errors, line 24)
FAIL: gcc.dg/cpp-if1.c too many suffixes (test for errors, line 27)
FAIL: gcc.dg/cpp-if1.c (test for excess errors)
=== gcc Summary ===
# of expected passes 7881
# of unexpected failures 42
# of expected failures 13
# of unsupported tests 12
/home/schmid/trans/egcs-19990124/gcc/xgcc version egcs-2.93.03 19990124 (gcc2 ss-980609 experimental)
=== g++ tests ===
Running target unix
FAIL: g++.ns/using12.C candidates (test for errors, line 6)
FAIL: g++.ns/using12.C candidates (test for errors, line 7)
FAIL: g++.ns/using12.C candidates (test for errors, line 8)
FAIL: g++.ns/using12.C candidates (test for errors, line 9)
FAIL: g++.ns/using12.C candidates (test for errors, line 12)
FAIL: g++.ns/using12.C ambiguous (test for errors, line 18)
FAIL: g++.ns/using12.C (test for excess errors)
=== g++ Summary ===
# of expected passes 4830
# of unexpected failures 7
# of expected failures 89
# of untested testcases 7
/home/schmid/trans/egcs-19990124/gcc/testsuite/../xgcc version egcs-2.93.03 19990124 (gcc2 ss-980609 experimental)
=== g77 tests ===
Running target unix
=== g77 Summary ===
# of expected passes 472
=== objc tests ===
Running target unix
=== objc Summary ===
# of expected passes 38
/home/schmid/trans/egcs-19990124/gcc/xgcc version egcs-2.93.03 19990124 (gcc2 ss-980609 experimental)
=== libio tests ===
Running target unix
=== libio Summary ===
# of expected passes 40
=== libstdc++ tests ===
Running target unix
=== libstdc++ Summary ===
# of expected passes 30
Compiler version: egcs-2.93.03 19990124 (gcc2 ss-980609 experimental)
Platform: i686-pc-linux-gnulibc1
configure flags: --with-gcc-version-trigger=/home/schmid/trans/egcs-19990124/gcc/version.c --host=i686-pc-linux-gnulibc1 --enable-shared --norecursion
More information about the Gcc-testresults
mailing list