Results for egcs-2.93.03 19990124 (gcc2 ss-980609 experiment
rodneybrown@pmsc.com
rodneybrown@pmsc.com
Sun Jan 24 22:58:00 GMT 1999
Results for egcs-2.93.03 19990124 (gcc2 ss-980609 experimental) testsuite on
hppa2.0-hp-hpux10.20
Native configuration is hppa2.0-hp-hpux10.20
=== libio tests ===
Running target unix
FAIL: tFile.cc compilation
FAIL: tFile.cc compilation -b0
FAIL: tFile.cc compilation -b3
=== libio Summary ===
# of expected passes 31
# of unexpected failures 3
# of expected failures 6
=== libstdc++ tests ===
Running target unix
=== libstdc++ Summary ===
# of expected passes 30
=== gcc tests ===
Running target unix
FAIL: gcc.c-torture/execute/980526-1.c execution, -O2 -fomit-frame-pointer
-finline-functions
FAIL: gcc.c-torture/execute/980716-1.c execution, -O0
FAIL: gcc.c-torture/execute/990119-1.c execution, -O0
FAIL: gcc.c-torture/execute/990119-1.c execution, -O1
FAIL: gcc.c-torture/execute/990119-1.c execution, -O2
FAIL: gcc.c-torture/execute/990119-1.c execution, -O2 -fomit-frame-pointer
-finline-functions
FAIL: gcc.c-torture/execute/990119-1.c execution, -O2 -g
FAIL: gcc.c-torture/execute/990119-1.c execution, -Os
FAIL: gcc.c-torture/execute/strct-stdarg-1.c execution, -O0
FAIL: gcc.c-torture/execute/strct-stdarg-1.c execution, -O1
FAIL: gcc.c-torture/execute/strct-stdarg-1.c execution, -O2
FAIL: gcc.c-torture/execute/strct-stdarg-1.c execution, -O2
-fomit-frame-pointer -finline-functions
FAIL: gcc.c-torture/execute/strct-stdarg-1.c execution, -O2
-fomit-frame-pointer -finline-functions -funroll-loops
FAIL: gcc.c-torture/execute/strct-stdarg-1.c execution, -O2
-fomit-frame-pointer -finline-functions -funroll-all-loops
FAIL: gcc.c-torture/execute/strct-stdarg-1.c execution, -O2 -g
FAIL: gcc.c-torture/execute/strct-stdarg-1.c execution, -Os
FAIL: gcc.c-torture/execute/ieee/fp-cmp-1.c execution, -O0
FAIL: gcc.c-torture/execute/ieee/mzero2.c execution, -O1
FAIL: gcc.c-torture/execute/ieee/mzero2.c execution, -O2
FAIL: gcc.c-torture/execute/ieee/mzero2.c execution, -O2 -fomit-frame-pointer
-finline-functions
FAIL: gcc.c-torture/execute/ieee/mzero2.c execution, -O2 -g
FAIL: gcc.c-torture/execute/ieee/mzero2.c execution, -Os
FAIL: gcc.c-torture/execute/memcheck/blkarg.c execution, -O0
FAIL: gcc.c-torture/execute/memcheck/blkarg.c execution, -O1
FAIL: gcc.c-torture/execute/memcheck/blkarg.c execution, -O2
FAIL: gcc.c-torture/execute/memcheck/blkarg.c execution, -O2
-fomit-frame-pointer -finline-functions
FAIL: gcc.c-torture/execute/memcheck/blkarg.c execution, -O2 -g
FAIL: gcc.c-torture/execute/memcheck/blkarg.c execution, -Os
FAIL: gcc.c-torture/special/981006-1.c (test for bogus messages, line 11)
FAIL: gcc.c-torture/special/981006-1.c (test for bogus messages, line 12)
FAIL: gcc.dg/cpp-if1.c invalid number (test for errors, line 12)
FAIL: gcc.dg/cpp-if1.c invalid number (test for errors, line 15)
FAIL: gcc.dg/cpp-if1.c invalid number (test for errors, line 18)
FAIL: gcc.dg/cpp-if1.c floating point in #if (test for errors, line 21)
FAIL: gcc.dg/cpp-if1.c too many suffixes (test for errors, line 24)
FAIL: gcc.dg/cpp-if1.c too many suffixes (test for errors, line 27)
FAIL: gcc.dg/cpp-if1.c (test for excess errors)
=== gcc Summary ===
# of expected passes 7876
# of unexpected failures 37
# of expected failures 13
# of unsupported tests 20
/devel/span/rdb/src/egcs-19990124.obj/gcc/xgcc version egcs-2.93.03 19990124
(gcc2 ss-980609 experimental)
=== g++ tests ===
Running target unix
XPASS: g++.mike/eh33.C (test for excess errors)
XPASS: g++.mike/eh33.C Execution test
XPASS: g++.mike/eh50.C (test for excess errors)
XPASS: g++.mike/eh50.C Execution test
FAIL: g++.ns/using12.C candidates (test for errors, line 6)
FAIL: g++.ns/using12.C candidates (test for errors, line 7)
FAIL: g++.ns/using12.C candidates (test for errors, line 8)
FAIL: g++.ns/using12.C candidates (test for errors, line 9)
FAIL: g++.ns/using12.C candidates (test for errors, line 12)
FAIL: g++.ns/using12.C ambiguous (test for errors, line 18)
FAIL: g++.ns/using12.C (test for excess errors)
XPASS: g++.pt/instantiate6.C (test for excess errors)
FAIL: g++.pt/static3.C (test for excess errors)
=== g++ Summary ===
# of expected passes 4824
# of unexpected failures 8
# of unexpected successes 5
# of expected failures 89
# of untested testcases 7
/devel/span/rdb/src/egcs-19990124.obj/gcc/testsuite/../xgcc version egcs-2.93.03
19990124 (gcc2 ss-980609 experimental)
=== g77 tests ===
Running target unix
=== g77 Summary ===
# of expected passes 472
=== objc tests ===
Running target unix
=== objc Summary ===
# of expected passes 38
/devel/span/rdb/src/egcs-19990124.obj/gcc/xgcc version egcs-2.93.03 19990124
(gcc2 ss-980609 experimental)
Compiler version: egcs-2.93.03 19990124 (gcc2 ss-980609 experimental)
Platform: hppa2.0-hp-hpux10.20
configure flags:
--with-gcc-version-trigger=/devel/span/rdb/src/egcs-19990124/gcc/version.c
--host=hppa2.0-hp-hpux10.20 --with-gnu-as --norecursion
Counting all warnings,
there are 674 warnings in stage3 of this bootstrap.
Number of warnings per file:
37 ../../egcs-19990124/gcc/cse.c
37 ../../egcs-19990124/gcc/combine.c
35 ../../egcs-19990124/gcc/toplev.c
31 ../../egcs-19990124/gcc/expmed.c
30 ../../../egcs-19990124/gcc/java/javaop.h
29 ../../egcs-19990124/gcc/optabs.c
24 ../../egcs-19990124/gcc/expr.c
23 ../../../egcs-19990124/gcc/java/lex.c
20 ../../egcs-19990124/gcc/reload1.c
20 ../../../egcs-19990124/gcc/java/jcf-parse.c
19 ../../egcs-19990124/gcc/config/pa/pa.c
18 ../../egcs-19990124/gcc/calls.c
16 ../../../egcs-19990124/gcc/java/jcf-reader.c
15 ../../egcs-19990124/gcc/objc/objc-act.c
14 ../../egcs-19990124/gcc/c-common.c
13 ./parse.y
13 ../../egcs-19990124/gcc/recog.c
12 ../../egcs-19990124/gcc/function.c
12 ../../../egcs-19990124/gcc/java/jcf-write.c
12 ../../../egcs-19990124/gcc/java/javaop.def
11 ../../egcs-19990124/gcc/unroll.c
11 ../../../egcs-19990124/gcc/java/jcf-dump.c
10 ../../egcs-19990124/gcc/varasm.c
10 ../../egcs-19990124/gcc/fold-const.c
10 ../../../egcs-19990124/gcc/f/com.c
9 ../../egcs-19990124/gcc/reload.c
9 ../../../egcs-19990124/gcc/java/expr.c
8 ../../../egcs-19990124/gcc/java/gjavah.c
8 ../../../egcs-19990124/gcc/java/class.c
7 pexecute.c
7 ../../egcs-19990124/gcc/integrate.c
7 ../../../egcs-19990124/gcc/java/typeck.c
6 ../../egcs-19990124/gcc/stmt.c
6 ../../egcs-19990124/gcc/final.c
6 ../../egcs-19990124/gcc/emit-rtl.c
6 ../../egcs-19990124/gcc/dbxout.c
6 ../../egcs-19990124/gcc/c-lex.c
6 ../../../egcs-19990124/gcc/cp/lex.c
5 ../../egcs-19990124/gcc/loop.c
5 ../../egcs-19990124/gcc/collect2.c
5 ../../egcs-19990124/gcc/cccp.c
5 ../../../egcs-19990124/gcc/java/verify.c
4 cexp.y
4 ../../egcs-19990124/gcc/regmove.c
3 ../../egcs-19990124/gcc/local-alloc.c
3 ../../egcs-19990124/gcc/genopinit.c
3 ../../egcs-19990124/gcc/flow.c
3 ../../egcs-19990124/gcc/fix-header.c
3 ../../egcs-19990124/gcc/explow.c
3 ../../egcs-19990124/gcc/cpplib.c
3 ../../../egcs-19990124/gcc/java/parse.h
3 ../../../egcs-19990124/gcc/java/lex.h
2 insn-recog.c
2 getopt.c
2 gcj.c
2 g77.c
2 g++.c
2 ../../egcs-19990124/gcc/tree.c
2 ../../egcs-19990124/gcc/genattrtab.c
2 ../../egcs-19990124/gcc/gcc.c
2 ../../egcs-19990124/gcc/c-decl.c
2 ../../../egcs-19990124/gcc/java/jcf-io.c
1 splay-tree.c
1 insn-attrtab.c
1 cxxmain.c
1 cplus-dem.c
1 choose-temp.c
1 ./parse-scan.y
1 ../../egcs-19990124/gcc/tlink.c
1 ../../egcs-19990124/gcc/stupid.c
1 ../../egcs-19990124/gcc/scan-decls.c
1 ../../egcs-19990124/gcc/rtl.c
1 ../../egcs-19990124/gcc/regclass.c
1 ../../egcs-19990124/gcc/print-rtl.c
1 ../../egcs-19990124/gcc/java/jvspec.c
1 ../../egcs-19990124/gcc/hash.c
1 ../../egcs-19990124/gcc/graph.c
1 ../../egcs-19990124/gcc/genrecog.c
1 ../../egcs-19990124/gcc/genpeep.c
1 ../../egcs-19990124/gcc/genoutput.c
1 ../../egcs-19990124/gcc/genemit.c
1 ../../egcs-19990124/gcc/gcov-io.h
1 ../../egcs-19990124/gcc/f/g77spec.c
1 ../../egcs-19990124/gcc/except.c
1 ../../egcs-19990124/gcc/cppfiles.c
1 ../../egcs-19990124/gcc/cppexp.c
1 ../../../egcs-19990124/gcc/java/jvgenmain.c
1 ../../../egcs-19990124/gcc/java/decl.c
1 ../../../egcs-19990124/gcc/java/constants.c
1 ../../../egcs-19990124/gcc/cp/pt.c
1 ../../../egcs-19990124/gcc/cp/decl.c
Number of warning types:
257 comparison between signed and unsigned
117 \`???' might be used uninitialized in this function
75 implicit declaration of function \`???'
73 unused parameter \`???'
32 \`???' defined but not used
31 variable \`???' might be clobbered by \`longjmp' or \`vfork'
29 missing initializer for \`???'
21 unused variable \`???'
14 ??? format, ??? arg (arg ???)
6 value computed is not used
6 \`???' declared \`static' but never defined
5 argument \`???' might be clobbered by \`longjmp' or \`vfork'
3 left-hand operand of comma expression has no effect
2 statement with no effect
1 passing arg ??? of \`???' discards qualifiers from pointer target type
1 label \`???' defined but not used
1 initialization from incompatible pointer type
More information about the Gcc-testresults
mailing list